000
CXUS51 KCAR 310600
CF6FVE
PRELIMINARY LOCAL CLIMATOLOGICAL DATA (WS FORM: F-6)

                                          STATION:   FRENCHVILLE ME
                                          MONTH:     AUGUST
                                          YEAR:      2015
                                          LATITUDE:   47 16 N
                                          LONGITUDE:  68 19 W

  TEMPERATURE IN F:       :PCPN:    SNOW:  WIND      :SUNSHINE: SKY     :PK WND
================================================================================
1   2   3   4   5  6A  6B    7    8   9   10  11  12  13   14  15   16   17  18
                                     12Z  AVG MX 2MIN
DY MAX MIN AVG DEP HDD CDD  WTR  SNW DPTH SPD SPD DIR MIN PSBL S-S WX    SPD DR
================================================================================

 1  73  56  65   1   0   0 0.25    M    M  7.4 21 300   M    M   4 13     26 300
 2  76  53  65   1   0   0 0.00    M    M  6.7 17 260   M    M   1 1      24 280
 3  82  57  70   6   0   5 0.56    M    M 11.8 26 280   M    M   3 13     37 270
 4  78  59  69   5   0   4 0.01    M    M  6.5 16 220   M    M   7 12     21 220
 5  72  54  63  -1   2   0 0.01    M    M  7.1 15 280   M    M   3 3      21 240
 6  70  52  61  -3   4   0    T    M    M 10.8 20 300   M    M   2        25 290
 7  70  52  61  -3   4   0 0.00    M    M  6.0 14 340   M    M   7        18 360
 8  74  56  65   1   0   0 0.22    M    M  6.0 18  40   M    M   9 13     23  40
 9  68  51  60  -4   5   0 0.00    M    M  4.9 10  90   M    M   7        13  90
10  74  48  61  -3   4   0 0.00    M    M  4.6 12 300   M    M   2 12     15 300
11  68  54  61  -3   4   0 0.21  0.0    0  9.8 22 160   M    M   7 1      33 200
12  68  54  61  -2   4   0 0.09    M    M  4.1  9 290   M    M   9 1      13 110
13  72  56  64   1   1   0 0.00    M    M  6.3 16 250   M    M   7 1      21 210
14  78  53  66   3   0   1 0.00    M    M  8.1 17 240   M    M   4        21 240
15  82  59  71   8   0   6 0.00    M    M  4.0 10 290   M    M   4 12     13 250
16  84  59  72   9   0   7 0.00    M    M  7.3 15 260   M    M   0 1      21 200
17  86  64  75  12   0  10 0.00    M    M  9.2 20 250   M    M   2        28 240
18  84  68  76  14   0  11 0.00    M    M  4.8 10 350   M    M   4 1      18 350
19  85  65  75  13   0  10 0.00    M    M  7.8 13 160   M    M   4        17 160
20  82   8  45 -17  20   0 0.00    M    M 12.1 21 160   M    M   5 1      30 170
21  77  64  71   9   0   6 1.08    M    M  9.5 20 180   M    M   9 1      26 170
22  79  58  69   7   0   4    T    M    M  5.1 14 330   M    M   4 12     17 360
23  79  52  66   5   0   1 0.00    M    M  4.2 12 150   M    M   1 1      14 130
24  76  62  69   8   0   4 0.17    M    M  5.0 10 130   M    M   8 1      13 130
25  77  63  70   9   0   5 0.04    M    M  9.5 17 150   M    M   9 1      22 150
26  70  64  67   6   0   2 1.43    M    M  9.2 23 150   M    M  10 123    32 140
27  73  55  64   4   1   0 0.13    M    M  7.6 17 320   M    M   5 12     22 310
28  73  51  62   2   3   0 0.00    M    M  8.9 16 270   M    M   1        21 270
29  73  54  64   4   1   0 0.00    M    M  7.2 18 250   M    M   5        23 250
30  78  58  68   8   0   3    T    M    M  7.0 16 250   M    M   5 1      20 260
================================================================================
SM 2281 1659        53  79  4.20     0.0 218.5          M      148
================================================================================
AV 76.0 55.3                               7.3 FASTST   M    M   5    MAX(MPH)
                                 MISC ---->  # 26 280               # 37  270
================================================================================
NOTES:
# LAST OF SEVERAL OCCURRENCES

COLUMN 17 PEAK WIND IN M.P.H.

PRELIMINARY LOCAL CLIMATOLOGICAL DATA (WS FORM: F-6) , PAGE 2

                                          STATION:  FRENCHVILLE ME
                                          MONTH:    AUGUST
                                          YEAR:     2015
                                          LATITUDE:   47 16 N
                                          LONGITUDE:  68 19 W

[TEMPERATURE DATA]      [PRECIPITATION DATA]       SYMBOLS USED IN COLUMN 16

AVERAGE MONTHLY: 65.7   TOTAL FOR MONTH:   4.20    1 = FOG OR MIST
DPTR FM NORMAL:   3.1   DPTR FM NORMAL:    0.35    2 = FOG REDUCING VISIBILITY
HIGHEST:    86 ON 17    GRTST 24HR  1.46 ON 25-26      TO 1/4 MILE OR LESS
LOWEST:      8 ON 20                               3 = THUNDER
                        SNOW, ICE PELLETS, HAIL    4 = ICE PELLETS
                        TOTAL MONTH:   0.0 INCH    5 = HAIL
                        GRTST 24HR     0.0         6 = FREEZING RAIN OR DRIZZLE
                        GRTST DEPTH:   0           7 = DUSTSTORM OR SANDSTORM:
                                                       VSBY 1/2 MILE OR LESS
                                                   8 = SMOKE OR HAZE
[NO. OF DAYS WITH]      [WEATHER - DAYS WITH]      9 = BLOWING SNOW
                                                   X = TORNADO
MAX 32 OR BELOW:   0    0.01 INCH OR MORE:  12
MAX 90 OR ABOVE:   0    0.10 INCH OR MORE:   8
MIN 32 OR BELOW:   1    0.50 INCH OR MORE:   3
MIN  0 OR BELOW:   0    1.00 INCH OR MORE:   2

[HDD (BASE 65) ]
TOTAL THIS MO.    53    CLEAR  (SCALE 0-3)   9
DPTR FM NORMAL   -61    PTCLDY (SCALE 4-7)  16
TOTAL FM JUL 1   162    CLOUDY (SCALE 8-10)  5
DPTR FM NORMAL   -22

[CDD (BASE 65) ]
TOTAL THIS MO.    79
DPTR FM NORMAL    35    [PRESSURE DATA]
TOTAL FM JAN 1   118    HIGHEST SLP M ON M
DPTR FM NORMAL    -8    LOWEST  SLP 29.60 ON  1

[REMARKS]
