000
CXUS51 KCAR 290600
CF6FVE
PRELIMINARY LOCAL CLIMATOLOGICAL DATA (WS FORM: F-6)

                                          STATION:   FRENCHVILLE ME
                                          MONTH:     MAY
                                          YEAR:      2017
                                          LATITUDE:   47 16 N
                                          LONGITUDE:  68 19 W

  TEMPERATURE IN F:       :PCPN:    SNOW:  WIND      :SUNSHINE: SKY     :PK WND
================================================================================
1   2   3   4   5  6A  6B    7    8   9   10  11  12  13   14  15   16   17  18
                                     12Z  AVG MX 2MIN
DY MAX MIN AVG DEP HDD CDD  WTR  SNW DPTH SPD SPD DIR MIN PSBL S-S WX    SPD DR
================================================================================

 1  43  37  40  -5  25   0 0.73    M    M  9.3 22 140   M    M  10 1      29 130
 2  44  36  40  -5  25   0 0.63    M    M  8.9 23 120   M    M  10 12     28 110
 3  51  39  45  -1  20   0 0.17    M    M 12.1 23 330   M    M  10 1      31 310
 4  60  35  48   2  17   0 0.00    M    M  9.3 21 330   M    M   0        27 320
 5  57  41  49   2  16   0 0.07    M    M 10.1 21 150   M    M   9 1      30 180
 6  57  42  50   3  15   0 0.48    M    M 12.5 21  90   M    M  10 12     29  90
 7  66  51  59  11   6   0 0.01    M    M 16.5 30 160   M    M   7 1      39 160
 8  53  42  48   0  17   0 0.92    M    M  9.1 21 150   M    M  10 12     27 150
 9  54  33  44  -4  21   0 0.38    M    M  7.8 24  50   M    M   8 12     35  50
10  43  34  39 -10  26   0 0.07    M    M  9.4 17  50   M    M  10 18     28  30
11  54  39  47  -2  18   0 0.03    M    M 10.1 21  50   M    M  10 18     30  50
12  67  39  53   4  12   0    T    M    M  7.1 15 100   M    M   2 18     22  10
13  67  43  55   5  10   0 0.00    M    M  8.1 16 130   M    M   0        24 140
14  65  47  56   6   9   0    T    M    M  8.3 18  40   M    M   5        25  50
15  57  42  50   0  15   0 0.04    M    M 12.0 23  30   M    M  10        32  30
16  68  42  55   4  10   0    T    M    M 16.5 32 330   M    M   2        44 330
17  62  47  55   4  10   0 0.17    M    M  6.5 14 300   M    M   5 1      18 310
18  89  50  70  19   0   5 0.38    M    M 10.6 30 330   M    M   5 1238   42 330
19  61  41  51  -1  14   0 0.07    M    M 15.0 31 330   M    M   7 12     38 330
20  54  37  46  -6  19   0 0.00    M    M 14.9 29 330   M    M   3        34 350
21  64  35  50  -2  15   0 0.00    M    M  9.6 20 350   M    M   0        27 350
22  59  42  51  -2  14   0 0.01    M    M  8.0 18 180   M    M   6        26 180
23  64  42  53   0  12   0 0.06    M    M 10.8 23 280   M    M   9 12     30 230
24  66  45  56   3   9   0 0.00    M    M  6.4 13 350   M    M   3 8      17 320
25  65  43  54   1  11   0 0.00    M    M  8.8 15 120   M    M   3 12     22 100
26  52  44  48  -6  17   0 0.02    M    M 11.0 20  50   M    M   9        27  40
27  66  43  55   1  10   0 0.00    M    M  6.9 15 150   M    M   3        19 150
28  70  42  56   2   9   0 0.00    M    M  7.7 15  90   M    M   3 8      21 100
================================================================================
SM 1678 1153       402   5  4.24    M    283.3          M      169
================================================================================
AV 59.9 41.2                              10.1 FASTST   M    M   6    MAX(MPH)
                                 MISC ---->  # 32 330               # 44  330
================================================================================
NOTES:
# LAST OF SEVERAL OCCURRENCES

COLUMN 17 PEAK WIND IN M.P.H.

PRELIMINARY LOCAL CLIMATOLOGICAL DATA (WS FORM: F-6) , PAGE 2

                                          STATION:  FRENCHVILLE ME
                                          MONTH:    MAY
                                          YEAR:     2017
                                          LATITUDE:   47 16 N
                                          LONGITUDE:  68 19 W

[TEMPERATURE DATA]      [PRECIPITATION DATA]       SYMBOLS USED IN COLUMN 16

AVERAGE MONTHLY: 50.6   TOTAL FOR MONTH:   4.24    1 = FOG OR MIST
DPTR FM NORMAL:   0.6   DPTR FM NORMAL:    1.54    2 = FOG REDUCING VISIBILITY
HIGHEST:    89 ON 18    GRTST 24HR  0.92 ON  8- 8      TO 1/4 MILE OR LESS
LOWEST:     33 ON  9                               3 = THUNDER
                        SNOW, ICE PELLETS, HAIL    4 = ICE PELLETS
                        TOTAL MONTH:    M          5 = HAIL
                        GRTST 24HR    M  ON   M    6 = FREEZING RAIN OR DRIZZLE
                        GRTST DEPTH:  M  ON   M    7 = DUSTSTORM OR SANDSTORM:
                                                       VSBY 1/2 MILE OR LESS
                                                   8 = SMOKE OR HAZE
[NO. OF DAYS WITH]      [WEATHER - DAYS WITH]      9 = BLOWING SNOW
                                                   X = TORNADO
MAX 32 OR BELOW:   0    0.01 INCH OR MORE:  17
MAX 90 OR ABOVE:   0    0.10 INCH OR MORE:   8
MIN 32 OR BELOW:   0    0.50 INCH OR MORE:   3
MIN  0 OR BELOW:   0    1.00 INCH OR MORE:   0

[HDD (BASE 65) ]
TOTAL THIS MO.   402    CLEAR  (SCALE 0-3)   8
DPTR FM NORMAL   -21    PTCLDY (SCALE 4-7)   8
TOTAL FM JUL 1  8792    CLOUDY (SCALE 8-10) 12
DPTR FM NORMAL  -763

[CDD (BASE 65) ]
TOTAL THIS MO.     5
DPTR FM NORMAL     5    [PRESSURE DATA]
TOTAL FM JAN 1     5    HIGHEST SLP M ON M
DPTR FM NORMAL     5    LOWEST  SLP 29.41 ON M

[REMARKS]
