000
CXUS54 KTSA 210940
CF6FYV
PRELIMINARY LOCAL CLIMATOLOGICAL DATA (WS FORM: F-6)

                                          STATION:   FAYETTEVILLE ARKANSAS
                                          MONTH:     DECEMBER
                                          YEAR:      2014
                                          LATITUDE:   36  0 N
                                          LONGITUDE:  94 10 W

  TEMPERATURE IN F:       :PCPN:    SNOW:  WIND      :SUNSHINE: SKY     :PK WND
================================================================================
1   2   3   4   5  6A  6B    7    8   9   10  11  12  13   14  15   16   17  18
                                     12Z  AVG MX 2MIN
DY MAX MIN AVG DEP HDD CDD  WTR  SNW DPTH SPD SPD DIR MIN PSBL S-S WX    SPD DR
================================================================================

 1  38  26  32  -9  33   0    T    T    0  7.3 13  50   M    M  10 1      20  50
 2  38  26  32  -9  33   0 0.00  0.0    0  4.6 12 190   M    M   9 1      14 210
 3  44  37  41   1  24   0    T  0.0    0  3.8 10 110   M    M  10 1      15  80
 4  54  44  49   9  16   0 0.04  0.0    0  2.8 12 210   M    M  10 1      16 300
 5  59  48  54  14  11   0 0.75  0.0    0  6.9 18 330   M    M   9 1      23 330
 6  49  41  45   6  20   0 0.00  0.0    0  6.2 12  90   M    M  10 1      18  10
 7  54  38  46   7  19   0 0.00  0.0    0  2.7  8  80   M    M   6        12 110
 8  54  34  44   5  21   0 0.00  0.0    0  5.0 12 300   M    M   5 1      18 310
 9  46  27  37  -1  28   0 0.00  0.0    0  3.9 12 330   M    M   0 1      16 330
10  53  23  38   0  27   0 0.01  0.0    0  2.9 10 200   M    M   3 1      13 200
11  52  40  46   8  19   0    T  0.0    0  2.6 10 200   M    M   9 1      17 170
12  56  44  50  12  15   0 0.00  0.0    0  3.4 13 210   M    M  10 1      14 190
13  59  45  52  14  13   0 0.00  0.0    0  6.0 17 180   M    M   8 1      20 190
14  62  40  51  14  14   0 0.77  0.0    0  9.5 25 180   M    M   5 123    32 130
15  55  38  47  10  18   0 0.02  0.0    0 12.4 22 290   M    M   7 1      31 270
16  38  26  32  -5  33   0 0.00  0.0    0  9.0 23 280   M    M   8        34 300
17  37  25  31  -6  34   0 0.71    T    0  0.9 10  70   M    M   7 1      13  70
18  41  36  39   2  26   0    T    M    0  1.5  7 200   M    M  10 1      11 220
19  42  39  41   5  24   0 0.01    M    0  1.6  7 210   M    M  10 128     9 210
20  43  39  41   5  24   0 0.00  0.0    0  2.3  9 210   M    M  10 1      11 200
================================================================================
SM  974  716       452   0  2.31    T     95.3          M      156
================================================================================
AV 48.7 35.8                               4.8 FASTST   M    M   8    MAX(MPH)
                                 MISC ---->  # 25 180               # 34  300
================================================================================
NOTES:
# LAST OF SEVERAL OCCURRENCES

COLUMN 17 PEAK WIND IN M.P.H.

PRELIMINARY LOCAL CLIMATOLOGICAL DATA (WS FORM: F-6) , PAGE 2

                                          STATION:  FAYETTEVILLE ARKANSAS
                                          MONTH:    DECEMBER
                                          YEAR:     2014
                                          LATITUDE:   36  0 N
                                          LONGITUDE:  94 10 W

[TEMPERATURE DATA]      [PRECIPITATION DATA]       SYMBOLS USED IN COLUMN 16

AVERAGE MONTHLY: 42.2   TOTAL FOR MONTH:   2.31    1 = FOG OR MIST
DPTR FM NORMAL:   4.0   DPTR FM NORMAL:    0.15    2 = FOG REDUCING VISIBILITY
HIGHEST:    62 ON 14    GRTST 24HR  0.79 ON 14-15      TO 1/4 MILE OR LESS
LOWEST:     23 ON 10                               3 = THUNDER
                        SNOW, ICE PELLETS, HAIL    4 = ICE PELLETS
                        TOTAL MONTH:    T          5 = HAIL
                        GRTST 24HR    T  ON 17-17  6 = FREEZING RAIN OR DRIZZLE
                        GRTST DEPTH:   0           7 = DUSTSTORM OR SANDSTORM:
                                                       VSBY 1/2 MILE OR LESS
                                                   8 = SMOKE OR HAZE
[NO. OF DAYS WITH]      [WEATHER - DAYS WITH]      9 = BLOWING SNOW
                                                   X = TORNADO
MAX 32 OR BELOW:   0    0.01 INCH OR MORE:   7
MAX 90 OR ABOVE:   0    0.10 INCH OR MORE:   3
MIN 32 OR BELOW:   6    0.50 INCH OR MORE:   3
MIN  0 OR BELOW:   0    1.00 INCH OR MORE:   0

[HDD (BASE 65) ]
TOTAL THIS MO.   452    CLEAR  (SCALE 0-3)   2
DPTR FM NORMAL   -81    PTCLDY (SCALE 4-7)   6
TOTAL FM JUL 1  1377    CLOUDY (SCALE 8-10) 12
DPTR FM NORMAL    15

[CDD (BASE 65) ]
TOTAL THIS MO.     0
DPTR FM NORMAL     0    [PRESSURE DATA]
TOTAL FM JAN 1  1237    HIGHEST SLP M ON M
DPTR FM NORMAL   -71    LOWEST  SLP 29.66 ON 15

[REMARKS]
