000
CXUS54 KTSA 240840
CF6FYV
PRELIMINARY LOCAL CLIMATOLOGICAL DATA (WS FORM: F-6)

                                          STATION:   FAYETTEVILLE ARKANSAS
                                          MONTH:     OCTOBER
                                          YEAR:      2014
                                          LATITUDE:   36  0 N
                                          LONGITUDE:  94 10 W

  TEMPERATURE IN F:       :PCPN:    SNOW:  WIND      :SUNSHINE: SKY     :PK WND
================================================================================
1   2   3   4   5  6A  6B    7    8   9   10  11  12  13   14  15   16   17  18
                                     12Z  AVG MX 2MIN
DY MAX MIN AVG DEP HDD CDD  WTR  SNW DPTH SPD SPD DIR MIN PSBL S-S WX    SPD DR
================================================================================

 1  84  58  71   9   0   6 0.00  0.0    0  9.9 20 200   M    M   1        25 180
 2  81  61  71   9   0   6 1.17  0.0    0 10.6 28 200   M    M   6 13     35 190
 3  64  39  52 -10  13   0 0.00  0.0    0  8.7 24 330   M    M   3 8      31 320
 4  64  36  50 -11  15   0 0.00  0.0    0  5.8 16 290   M    M   0        21 320
 5  78  46  62   1   3   0    T  0.0    0  6.9 18 330   M    M   2        24 240
 6  74  51  63   2   2   0    T  0.0    0  5.5 16 190   M    M   2 1      21 190
 7  86  64  75  15   0  10 0.00  0.0    0  6.0 17 210   M    M   0        23 200
 8  81  61  71  11   0   6 0.12  0.0    0  4.7 17 180   M    M   3 123    22 190
 9  81  61  71  11   0   6    T  0.0    0  8.2 22 200   M    M   3 13     26 200
10  70  56  63   4   2   0 3.43  0.0    0  6.9 25 340   M    M  10 13     28 340
11  56  52  54  -5  11   0 0.13  0.0    0  4.8 15  70   M    M  10 1      18  70
12  66  54  60   1   5   0    T  0.0    0  9.0 17 190   M    M   8 1      23 190
13  67  52  60   2   5   0 1.97  0.0    0 12.1 21 210   M    M  10 13     30 300
14  65  51  58   0   7   0 0.01  0.0    0 13.0 25 310   M    M   4        35 300
15  67  39  53  -5  12   0 0.00  0.0    0  6.5 20 330   M    M   0        26 300
16  77  37  57  -1   8   0 0.00  0.0    0  4.4 17 180   M    M   0        20 180
17  76  46  61   4   4   0 0.00  0.0    0  3.4 15 330   M    M   0 1      17 320
18  67  40  54  -3  11   0 0.00  0.0    0  2.0 14 340   M    M   0 1      17 330
19  67  37  52  -5  13   0 0.00  0.0    0  2.6 12 200   M    M   1 12     16 170
20  67  48  58   1   7   0 0.10    M    0  2.5 10 240   M    M   8 12     13 230
21  76  47  62   6   3   0 0.00  0.0    0  0.6  8 300   M    M   4 128    13  70
22  75  44  60   4   5   0 0.00  0.0    0  2.0 13 190   M    M   2 18     15 200
23  63  49  56   0   9   0 0.05    M    0  1.4  8 200   M    M   6 1      12 190
================================================================================
SM 1652 1129       135  34  6.98     0.0 137.5          M       83
================================================================================
AV 71.8 49.1                               6.0 FASTST   M    M   4    MAX(MPH)
                                 MISC ---->  # 28 200               # 35  190
================================================================================
NOTES:
# LAST OF SEVERAL OCCURRENCES

COLUMN 17 PEAK WIND IN M.P.H.

PRELIMINARY LOCAL CLIMATOLOGICAL DATA (WS FORM: F-6) , PAGE 2

                                          STATION:  FAYETTEVILLE ARKANSAS
                                          MONTH:    OCTOBER
                                          YEAR:     2014
                                          LATITUDE:   36  0 N
                                          LONGITUDE:  94 10 W

[TEMPERATURE DATA]      [PRECIPITATION DATA]       SYMBOLS USED IN COLUMN 16

AVERAGE MONTHLY: 60.5   TOTAL FOR MONTH:   6.98    1 = FOG OR MIST
DPTR FM NORMAL:   1.6   DPTR FM NORMAL:    3.74    2 = FOG REDUCING VISIBILITY
HIGHEST:    86 ON  7    GRTST 24HR  3.50 ON 10-11      TO 1/4 MILE OR LESS
LOWEST:     36 ON  4                               3 = THUNDER
                        SNOW, ICE PELLETS, HAIL    4 = ICE PELLETS
                        TOTAL MONTH:   0.0 INCH    5 = HAIL
                        GRTST 24HR     0.0         6 = FREEZING RAIN OR DRIZZLE
                        GRTST DEPTH:   0           7 = DUSTSTORM OR SANDSTORM:
                                                       VSBY 1/2 MILE OR LESS
                                                   8 = SMOKE OR HAZE
[NO. OF DAYS WITH]      [WEATHER - DAYS WITH]      9 = BLOWING SNOW
                                                   X = TORNADO
MAX 32 OR BELOW:   0    0.01 INCH OR MORE:   8
MAX 90 OR ABOVE:   0    0.10 INCH OR MORE:   6
MIN 32 OR BELOW:   0    0.50 INCH OR MORE:   3
MIN  0 OR BELOW:   0    1.00 INCH OR MORE:   3

[HDD (BASE 65) ]
TOTAL THIS MO.   135    CLEAR  (SCALE 0-3)  14
DPTR FM NORMAL   -27    PTCLDY (SCALE 4-7)   5
TOTAL FM JUL 1   171    CLOUDY (SCALE 8-10)  4
DPTR FM NORMAL   -43

[CDD (BASE 65) ]
TOTAL THIS MO.    34
DPTR FM NORMAL    16    [PRESSURE DATA]
TOTAL FM JAN 1  1226    HIGHEST SLP M ON M
DPTR FM NORMAL   -75    LOWEST  SLP 29.47 ON 13

[REMARKS]
