000
CXUS54 KTSA 010840
CF6FYV
PRELIMINARY LOCAL CLIMATOLOGICAL DATA (WS FORM: F-6)

                                          STATION:   FAYETTEVILLE ARKANSAS
                                          MONTH:     JULY
                                          YEAR:      2015
                                          LATITUDE:   36  0 N
                                          LONGITUDE:  94 10 W

  TEMPERATURE IN F:       :PCPN:    SNOW:  WIND      :SUNSHINE: SKY     :PK WND
================================================================================
1   2   3   4   5  6A  6B    7    8   9   10  11  12  13   14  15   16   17  18
                                     12Z  AVG MX 2MIN
DY MAX MIN AVG DEP HDD CDD  WTR  SNW DPTH SPD SPD DIR MIN PSBL S-S WX    SPD DR
================================================================================

 1  87  72  80   4   0  15 0.00  0.0    0 10.5 22 220   M    M   1        32 210
 2  86  68  77   1   0  12 0.06  0.0    0 10.7 21 210   M    M   5 13     30 210
 3  84  65  75  -2   0  10 0.38  0.0    0  5.2 14 330   M    M   5 1238   17 330
 4  85  63  74  -3   0   9 0.00  0.0    0  2.5 10 210   M    M   6 12     12 220
 5  87  66  77   0   0  12 0.00  0.0    0  6.0 24 170   M    M   2 1      30 170
 6  84  70  77   0   0  12 0.00  0.0    0  9.4 22 190   M    M   5 8      27 190
 7  77  69  73  -4   0   8 2.69  0.0    0  6.8 16 190   M    M   8 138    21 190
 8  77  69  73  -4   0   8 0.79  0.0    0 10.4 24 200   M    M   8 1      34 200
 9  79  67  73  -4   0   8 0.63  0.0    0  4.9 23 300   M    M   9 138    34 300
10  87  67  77   0   0  12 0.00  0.0    0  5.9 17 180   M    M   1 1      22 200
11  88  67  78   0   0  13 0.00  0.0    0  6.2 18 220   M    M   0 1      25 210
12  89  69  79   1   0  14 0.00  0.0    0  7.4 17 210   M    M   1 1      23 220
13  91  72  82   4   0  17    T  0.0    0  7.2 18 190   M    M   0        23 190
14  91  74  83   5   0  18 0.00  0.0    0  6.2 13 220   M    M   1        19 200
15  92  74  83   5   0  18 0.00  0.0    0  5.0 13 190   M    M   1 1      17 230
16  89  69  79   1   0  14 0.00  0.0    0  5.8 17 210   M    M   1 1      22 230
17  91  69  80   2   0  15 0.00  0.0    0  6.5 18 220   M    M   0        24 230
18  90  69  80   2   0  15 0.00  0.0    0  6.6 20 210   M    M   0 1      26 210
19  92  69  81   3   0  16 0.00  0.0    0  5.7 16 210   M    M   0 1      20 210
20  94  70  82   4   0  17    T  0.0    0  5.9 16 210   M    M   0 138    21 230
21  81  69  75  -3   0  10 1.85  0.0    0  3.3 20 280   M    M   5 123    26 280
22  86  69  78   0   0  13 1.63  0.0    0  5.3 18 320   M    M   5 13     22 200
23  86  70  78   0   0  13 0.01  0.0    0  3.2 12 230   M    M   4 18     15 210
24  93  72  83   5   0  18 0.00  0.0    0  4.5 12 230   M    M   1 18     15 250
25  93  72  83   5   0  18 0.00  0.0    0  2.8 10 210   M    M   0 1      12 220
26  92  72  82   4   0  17 0.00  0.0    0  4.0 13 190   M    M   0 1      14 180
27  92  75  84   6   0  19 0.00  0.0    0  3.8 12 170   M    M   1 1      19 180
28  91  73  82   4   0  17 0.00  0.0    0  4.8 14 190   M    M   0 1      18 180
29  93  70  82   4   0  17 0.00  0.0    0  3.9  9  60   M    M   0 1      12  60
30  88  67  78   0   0  13 0.01  0.0    0  3.2 10  60   M    M   1 3      14  70
31  87  65  76  -2   0  11 0.00  0.0    0  2.0 10 190   M    M   2        14 190
================================================================================
SM 2722 2152         0 429  8.05     0.0 175.6          M       73
================================================================================
AV 87.8 69.4                               5.7 FASTST   M    M   2    MAX(MPH)
                                 MISC ---->  # 24 170               # 34  200
================================================================================
NOTES:
# LAST OF SEVERAL OCCURRENCES

COLUMN 17 PEAK WIND IN M.P.H.

PRELIMINARY LOCAL CLIMATOLOGICAL DATA (WS FORM: F-6) , PAGE 2

                                          STATION:  FAYETTEVILLE ARKANSAS
                                          MONTH:    JULY
                                          YEAR:     2015
                                          LATITUDE:   36  0 N
                                          LONGITUDE:  94 10 W

[TEMPERATURE DATA]      [PRECIPITATION DATA]       SYMBOLS USED IN COLUMN 16

AVERAGE MONTHLY: 78.6   TOTAL FOR MONTH:   8.05    1 = FOG OR MIST
DPTR FM NORMAL:   1.0   DPTR FM NORMAL:    4.59    2 = FOG REDUCING VISIBILITY
HIGHEST:    94 ON 20    GRTST 24HR  3.37 ON 21-22      TO 1/4 MILE OR LESS
LOWEST:     63 ON  4                               3 = THUNDER
                        SNOW, ICE PELLETS, HAIL    4 = ICE PELLETS
                        TOTAL MONTH:   0.0 INCH    5 = HAIL
                        GRTST 24HR     0.0         6 = FREEZING RAIN OR DRIZZLE
                        GRTST DEPTH:   0           7 = DUSTSTORM OR SANDSTORM:
                                                       VSBY 1/2 MILE OR LESS
                                                   8 = SMOKE OR HAZE
[NO. OF DAYS WITH]      [WEATHER - DAYS WITH]      9 = BLOWING SNOW
                                                   X = TORNADO
MAX 32 OR BELOW:   0    0.01 INCH OR MORE:   9
MAX 90 OR ABOVE:  13    0.10 INCH OR MORE:   6
MIN 32 OR BELOW:   0    0.50 INCH OR MORE:   5
MIN  0 OR BELOW:   0    1.00 INCH OR MORE:   3

[HDD (BASE 65) ]
TOTAL THIS MO.     0    CLEAR  (SCALE 0-3)  21
DPTR FM NORMAL     0    PTCLDY (SCALE 4-7)   9
TOTAL FM JUL 1     0    CLOUDY (SCALE 8-10)  1
DPTR FM NORMAL     0

[CDD (BASE 65) ]
TOTAL THIS MO.   429
DPTR FM NORMAL    38    [PRESSURE DATA]
TOTAL FM JAN 1   844    HIGHEST SLP 30.16 ON 31
DPTR FM NORMAL    95    LOWEST  SLP 29.77 ON 14

[REMARKS]
#FINAL-07-15#
