000
CXUS54 KBMX 271216
CF6GAD
PRELIMINARY LOCAL CLIMATOLOGICAL DATA (WS FORM: F-6)

                                          STATION:   GADSDEN
                                          MONTH:     MARCH
                                          YEAR:      2015
                                          LATITUDE:   33 58 N
                                          LONGITUDE:  86  5 W

  TEMPERATURE IN F:       :PCPN:    SNOW:  WIND      :SUNSHINE: SKY     :PK WND
================================================================================
1   2   3   4   5  6A  6B    7    8   9   10  11  12  13   14  15   16   17  18
                                     12Z  AVG MX 2MIN
DY MAX MIN AVG DEP HDD CDD  WTR  SNW DPTH SPD SPD DIR MIN PSBL S-S WX    SPD DR
================================================================================

 1  52  45  49   M  16   0 0.00  0.0    0  5.8 10  90   M    M  10         M  M
 2  54  46  50   M  15   0 0.09  0.0    0  3.0 10 360   M    M  10         M  M
 3  54  46  50   M  15   0 0.35    M    0  2.5  7  60   M    M  10         M  M
 4  75  48  62   M   3   0 0.14  0.0    0  8.0 16 220   M    M   9        22 220
 5  48  25  37   M  28   0 0.55    T    0 11.2 18 350   M    M   9        24 350
 6  46  19  33   M  32   0 0.00  0.0    0  6.1 13 350   M    M   3        16 350
 7  61  21  41   M  24   0 0.00  0.0    0  1.4  8 230   M    M   0         M  M
 8  66  25  46   M  19   0 0.02  0.0    0  1.9 14 340   M    M   3        18 340
 9  61  46  54   M  11   0 0.08  0.0    0  5.6 10  40   M    M   9         M  M
10  72  52  62   M   3   0 0.30  0.0    0  3.9  9 200   M    M   9         M  M
11  70  55  63   M   2   0 0.19  0.0    0  1.2  7 330   M    M   8         M  M
12  66  52  59   M   6   0 0.00  0.0    0  8.2 14  60   M    M   8         M  M
13  59  48  54   M  11   0 0.22    M    0 10.1 14  60   M    M  10        17  70
14  66  50  58   M   7   0 0.04  0.0    0  4.1  8 240   M    M   9         M  M
15  73  46  60   M   5   0 0.00  0.0    0  3.6 10  10   M    M   1         M  M
16  81  37  59   M   6   0 0.00  0.0    0  1.4  8  20   M    M   0         M  M
17  79  46  63   M   2   0 0.00  0.0    0  5.6 15  30   M    M   1        20 320
18  73  54  64   M   1   0 0.02  0.0    0  5.9 10  70   M    M   2         M  M
19  57  50  54   M  11   0 0.03  0.0    0  7.6 12  50   M    M   9         M  M
20  63  50  57   M   8   0 0.04  0.0    0  2.7  9  40   M    M  10         M  M
21  66  52  59   M   6   0 0.00  0.0    0  2.3  8 360   M    M   6         M  M
22  57  52  55   M  10   0 1.13  0.0    0  4.9 14  70   M    M   9        17  50
23  70  46  58   M   7   0 0.01  0.0    0  6.7 16  70   M    M   6        22  60
24  73  43  58   M   7   0 0.00  0.0    0  2.4  9 180   M    M   1         M  M
25  79  46  63   M   2   0 0.00  0.0    0  2.5  8 150   M    M   5        18 140
26  75  48  62   M   3   0 0.07    M    M  7.8 17 340   M    M   8        20 320
================================================================================
SM 1696 1148       260   0  3.28    T    126.4          M      165
================================================================================
AV 65.2 44.2                               4.9 FASTST   M    M   6    MAX(MPH)
                                 MISC ---->    18   M                 24    M
================================================================================
NOTES:
# LAST OF SEVERAL OCCURRENCES

COLUMN 17 PEAK WIND IN M.P.H.

PRELIMINARY LOCAL CLIMATOLOGICAL DATA (WS FORM: F-6) , PAGE 2

                                          STATION:  GADSDEN
                                          MONTH:    MARCH
                                          YEAR:     2015
                                          LATITUDE:   33 58 N
                                          LONGITUDE:  86  5 W

[TEMPERATURE DATA]      [PRECIPITATION DATA]       SYMBOLS USED IN COLUMN 16

AVERAGE MONTHLY: 54.7   TOTAL FOR MONTH:   3.28    1 = FOG OR MIST
DPTR FM NORMAL:     M   DPTR FM NORMAL:       M    2 = FOG REDUCING VISIBILITY
HIGHEST:    81 ON 16    GRTST 24HR  1.13 ON 22-22      TO 1/4 MILE OR LESS
LOWEST:     19 ON  6                               3 = THUNDER
                        SNOW, ICE PELLETS, HAIL    4 = ICE PELLETS
                        TOTAL MONTH:    T          5 = HAIL
                        GRTST 24HR    T  ON  5- 5  6 = FREEZING RAIN OR DRIZZLE
                        GRTST DEPTH:   0           7 = DUSTSTORM OR SANDSTORM:
                                                       VSBY 1/2 MILE OR LESS
                                                   8 = SMOKE OR HAZE
[NO. OF DAYS WITH]      [WEATHER - DAYS WITH]      9 = BLOWING SNOW
                                                   X = TORNADO
MAX 32 OR BELOW:   0    0.01 INCH OR MORE:  16
MAX 90 OR ABOVE:   0    0.10 INCH OR MORE:   7
MIN 32 OR BELOW:   4    0.50 INCH OR MORE:   2
MIN  0 OR BELOW:   0    1.00 INCH OR MORE:   1

[HDD (BASE 65) ]
TOTAL THIS MO.   260    CLEAR  (SCALE 0-3)   8
DPTR FM NORMAL     M    PTCLDY (SCALE 4-7)   6
TOTAL FM JUL 1  2818    CLOUDY (SCALE 8-10) 12
DPTR FM NORMAL     M

[CDD (BASE 65) ]
TOTAL THIS MO.     0
DPTR FM NORMAL     M    [PRESSURE DATA]
TOTAL FM JAN 1     0    HIGHEST SLP M ON M
DPTR FM NORMAL     M    LOWEST  SLP M ON M

[REMARKS]
