000
CXUS54 KOUN 170700
CF6GAG
PRELIMINARY LOCAL CLIMATOLOGICAL DATA (WS FORM: F-6)

                                          STATION:   GAGE
                                          MONTH:     DECEMBER
                                          YEAR:      2017
                                          LATITUDE:   36 17 N
                                          LONGITUDE:  99 46 W

  TEMPERATURE IN F:       :PCPN:    SNOW:  WIND      :SUNSHINE: SKY     :PK WND
================================================================================
1   2   3   4   5  6A  6B    7    8   9   10  11  12  13   14  15   16   17  18
                                     12Z  AVG MX 2MIN
DY MAX MIN AVG DEP HDD CDD  WTR  SNW DPTH SPD SPD DIR MIN PSBL S-S WX    SPD DR
================================================================================

 1  67  37  52  14  13   0 0.00  0.0    0 13.4 31 190   M    M   1        40 190
 2  67  30  49  11  16   0 0.00  0.0    0  5.2 10  50   M    M   0        14  10
 3  78  32  55  17  10   0 0.00  0.0    0 15.9 32 190   M    M   1 128    39 190
 4  68  36  52  15  13   0 0.00  0.0    0 19.3 26 300   M    M   0        35 180
 5  48  22  35  -2  30   0    T    M    0  7.6 17  10   M    M   3        22  20
 6  52  17  35  -2  30   0 0.00  0.0    0 10.0 24  10   M    M   0        31  10
 7  36  12  24 -12  41   0 0.00  0.0    0  8.6 22 340   M    M   0 8      26 330
 8  55  11  33  -3  32   0 0.00  0.0    0  9.8 29 360   M    M   1        35 350
 9  59  24  42   6  23   0 0.00  0.0    0  9.8 18 320   M    M   0        25 330
10  68  25  47  11  18   0 0.00  0.0    0  8.7 18 340   M    M   0        23 350
11  68  25  47  12  18   0 0.00  0.0    0  9.7 22 360   M    M   0        29 360
12  61  21  41   6  24   0 0.00  0.0    0  8.9 16 200   M    M   0        20 190
13  67  32  50  15  15   0 0.00  0.0    0 10.1 24  20   M    M   1 8      30  20
14  52  31  42   7  23   0 0.00  0.0    0 10.4 20 340   M    M   3        23 320
15  57  17  37   2  28   0 0.00  0.0    0 11.7 22 240   M    M   0        29 240
16  62  31  47  13  18   0    T    M    0 18.6 31 170   M    M   2        38 200
================================================================================
SM  965  403       352   0    T      0.0 177.7          M       12
================================================================================
AV 60.3 25.2                              11.1 FASTST   M    M   1    MAX(MPH)
                                 MISC ---->  # 32 190               # 40  190
================================================================================
NOTES:
# LAST OF SEVERAL OCCURRENCES

COLUMN 17 PEAK WIND IN M.P.H.

PRELIMINARY LOCAL CLIMATOLOGICAL DATA (WS FORM: F-6) , PAGE 2

                                          STATION:  GAGE
                                          MONTH:    DECEMBER
                                          YEAR:     2017
                                          LATITUDE:   36 17 N
                                          LONGITUDE:  99 46 W

[TEMPERATURE DATA]      [PRECIPITATION DATA]       SYMBOLS USED IN COLUMN 16

AVERAGE MONTHLY: 42.8   TOTAL FOR MONTH:      T    1 = FOG OR MIST
DPTR FM NORMAL:   6.6   DPTR FM NORMAL:   -0.47    2 = FOG REDUCING VISIBILITY
HIGHEST:    78 ON  3    GRTST 24HR    T  ON 16-16      TO 1/4 MILE OR LESS
LOWEST:     11 ON  8                               3 = THUNDER
                        SNOW, ICE PELLETS, HAIL    4 = ICE PELLETS
                        TOTAL MONTH:   0.0 INCH    5 = HAIL
                        GRTST 24HR     0.0         6 = FREEZING RAIN OR DRIZZLE
                        GRTST DEPTH:   0           7 = DUSTSTORM OR SANDSTORM:
                                                       VSBY 1/2 MILE OR LESS
                                                   8 = SMOKE OR HAZE
[NO. OF DAYS WITH]      [WEATHER - DAYS WITH]      9 = BLOWING SNOW
                                                   X = TORNADO
MAX 32 OR BELOW:   0    0.01 INCH OR MORE:   0
MAX 90 OR ABOVE:   0    0.10 INCH OR MORE:   0
MIN 32 OR BELOW:  14    0.50 INCH OR MORE:   0
MIN  0 OR BELOW:   0    1.00 INCH OR MORE:   0

[HDD (BASE 65) ]
TOTAL THIS MO.   352    CLEAR  (SCALE 0-3)  16
DPTR FM NORMAL  -110    PTCLDY (SCALE 4-7)   0
TOTAL FM JUL 1  1004    CLOUDY (SCALE 8-10)  0
DPTR FM NORMAL  -328

[CDD (BASE 65) ]
TOTAL THIS MO.     0
DPTR FM NORMAL     0    [PRESSURE DATA]
TOTAL FM JAN 1  1853    HIGHEST SLP M ON M
DPTR FM NORMAL   221    LOWEST  SLP 29.69 ON  4

[REMARKS]
