000
CXUS53 KUNR 310945
CF6GCC
PRELIMINARY LOCAL CLIMATOLOGICAL DATA (WS FORM: F-6)

                                          STATION:   GILLETTE AIRPORT WY
                                          MONTH:     JANUARY
                                          YEAR:      2015
                                          LATITUDE:   44 20 N
                                          LONGITUDE: 105 32 W

  TEMPERATURE IN F:       :PCPN:    SNOW:  WIND      :SUNSHINE: SKY     :PK WND
================================================================================
1   2   3   4   5  6A  6B    7    8   9   10  11  12  13   14  15   16   17  18
                                     12Z  AVG MX 2MIN
DY MAX MIN AVG DEP HDD CDD  WTR  SNW DPTH SPD SPD DIR MIN PSBL S-S WX    SPD DR
================================================================================

 1  30  13  22  -3  43   0 0.00    M    M  7.9 20 240   M    M   5        22 240
 2  39  17  28   3  37   0    T    M    M 11.0 24 210   M    M   5        31 210
 3  31 -10  11 -14  54   0 0.06    M    M 14.1 30 350   M    M   5 18     35 350
 4   4  -8  -2 -27  67   0    T    M    M  4.2 12 160   M    M  10 18     13 160
 5  41   0  21  -5  44   0 0.05    M    M 13.5 32 360   M    M   8 18     38 350
 6  29   6  18  -8  47   0    T    M    M 11.2 24 350   M    M   9 18     26 360
 7  42   3  23  -3  42   0 0.01    M    M 16.5 38 170   M    M   4 18     44 170
 8  41  -4  19  -7  46   0 0.04    M    M 20.3 37 340   M    M   8 128    43 350
 9  22 -14   4 -22  61   0 0.00    M    M  8.0 22 150   M    M   0        29 170
10  40  14  27   1  38   0 0.00    M    M  4.7 21 180   M    M   0        26 180
11  32  14  23  -3  42   0 0.02    M    M  6.9 15 340   M    M   9 18     18 340
12  20  12  16 -10  49   0    T    M    M 14.5 25 160   M    M   8 1      31 160
13  29   6  18  -8  47   0 0.00    M    M  7.0 16 340   M    M   0        20 340
14  36  19  28   2  37   0 0.00    M    M  9.4 20 220   M    M   0        23 220
15  41  24  33   7  32   0 0.00    M    M 16.2 25 230   M    M   0        31 230
16  43  34  39  13  26   0 0.00    M    M 14.6 26 230   M    M   3        31 230
17  41  25  33   7  32   0 0.00    M    M 15.9 29 220   M    M   0        35 220
18  45  32  39  13  26   0 0.00    M    M 14.4 24 240   M    M   4        31 230
19  41  25  33   7  32   0    T    M    M 12.7 31 310   M    M   3        38 320
20  35  23  29   3  36   0 0.06    M    M 14.0 28 320   M    M   6 128    33 330
21  29  12  21  -5  44   0 0.00    M    M 11.0 18 320   M    M   4        24 330
22  40  14  27   1  38   0 0.00    M    M 10.3 20 220   M    M   0        24 220
23  44  29  37  11  28   0 0.00    M    M 12.7 17 230   M    M   1        22 290
24  49  31  40  14  25   0 0.03    M    M 16.3 40 330   M    M   6 1      50 340
25  53  28  41  15  24   0    T    M    M 10.1 15 290   M    M   3        20 270
26  64  39  52  26  13   0 0.00    M    M 13.4 22 230   M    M   0        26 230
27  63  39  51  25  14   0 0.00    M    M 13.4 23 220   M    M   0        27 220
28  50  24  37  11  28   0 0.00    M    M 12.3 30 310   M    M   6        37 320
29  47  20  34   8  31   0 0.00    M    M  7.4 14 170   M    M   0        17 150
30  46  19  33   7  32   0 0.00    M    M  5.1 15 170   M    M   0        17 340
================================================================================
SM 1167  486      1115   0  0.27    M    349.0          M      107
================================================================================
AV 38.9 16.2                              11.6 FASTST   M    M   4    MAX(MPH)
                                 MISC ---->  # 40 330               # 50  340
================================================================================
NOTES:
# LAST OF SEVERAL OCCURRENCES

COLUMN 17 PEAK WIND IN M.P.H.

PRELIMINARY LOCAL CLIMATOLOGICAL DATA (WS FORM: F-6) , PAGE 2

                                          STATION:  GILLETTE AIRPORT WY
                                          MONTH:    JANUARY
                                          YEAR:     2015
                                          LATITUDE:   44 20 N
                                          LONGITUDE: 105 32 W

[TEMPERATURE DATA]      [PRECIPITATION DATA]       SYMBOLS USED IN COLUMN 16

AVERAGE MONTHLY: 27.6   TOTAL FOR MONTH:   0.27    1 = FOG OR MIST
DPTR FM NORMAL:   1.7   DPTR FM NORMAL:   -0.10    2 = FOG REDUCING VISIBILITY
HIGHEST:    64 ON 26    GRTST 24HR  0.06 ON 20-20      TO 1/4 MILE OR LESS
LOWEST:    -14 ON  9                               3 = THUNDER
                        SNOW, ICE PELLETS, HAIL    4 = ICE PELLETS
                        TOTAL MONTH:    M          5 = HAIL
                        GRTST 24HR    M  ON   M    6 = FREEZING RAIN OR DRIZZLE
                        GRTST DEPTH:  M  ON   M    7 = DUSTSTORM OR SANDSTORM:
                                                       VSBY 1/2 MILE OR LESS
                                                   8 = SMOKE OR HAZE
[NO. OF DAYS WITH]      [WEATHER - DAYS WITH]      9 = BLOWING SNOW
                                                   X = TORNADO
MAX 32 OR BELOW:   9    0.01 INCH OR MORE:   7
MAX 90 OR ABOVE:   0    0.10 INCH OR MORE:   0
MIN 32 OR BELOW:  27    0.50 INCH OR MORE:   0
MIN  0 OR BELOW:   5    1.00 INCH OR MORE:   0

[HDD (BASE 65) ]
TOTAL THIS MO.  1115    CLEAR  (SCALE 0-3)  15
DPTR FM NORMAL   -60    PTCLDY (SCALE 4-7)  10
TOTAL FM JUL 1  4041    CLOUDY (SCALE 8-10)  5
DPTR FM NORMAL  -275

[CDD (BASE 65) ]
TOTAL THIS MO.     0
DPTR FM NORMAL     0    [PRESSURE DATA]
TOTAL FM JAN 1     0    HIGHEST SLP M ON M
DPTR FM NORMAL     0    LOWEST  SLP 29.66 ON 16

[REMARKS]
