000
CXUS51 KPHI 290800
CF6GED
PRELIMINARY LOCAL CLIMATOLOGICAL DATA (WS FORM: F-6)

                                          STATION:   GEORGETOWN DE
                                          MONTH:     AUGUST
                                          YEAR:      2015
                                          LATITUDE:   38 41 N
                                          LONGITUDE:  75 22 W

  TEMPERATURE IN F:       :PCPN:    SNOW:  WIND      :SUNSHINE: SKY     :PK WND
================================================================================
1   2   3   4   5  6A  6B    7    8   9   10  11  12  13   14  15   16   17  18
                                     12Z  AVG MX 2MIN
DY MAX MIN AVG DEP HDD CDD  WTR  SNW DPTH SPD SPD DIR MIN PSBL S-S WX    SPD DR
================================================================================

 1  91  68  80   3   0  15 0.59    M    M  5.9 17 230   M    M   1 13     26 290
 2  88  67  78   1   0  13 0.00    M    M  3.3 12 140   M    M   2        13 170
 3  90  65  78   1   0  13 0.00    M    M  8.1 20 210   M    M   0 1      25 220
 4  92  70  81   4   0  16 0.35    M    M  8.7 20 230   M    M   1 13     27 230
 5  88  68  78   1   0  13    T    M    M  3.6 14 280   M    M   0 13     21 240
 6  83  68  76  -1   0  11 0.00    M    M  5.5 12  40   M    M   6        15  50
 7  76  69  73  -4   0   8 0.01    M    M  9.9 20  60   M    M   8        26  50
 8  77  63  70  -7   0   5 0.00    M    M  8.9 20  40   M    M   1        26  50
 9  84  62  73  -3   0   8 0.00    M    M  4.7 13  50   M    M   3        15 130
10  76  63  70  -6   0   5 0.02    M    M  3.5 10 160   M    M   8 1      13 160
11  85  69  77   1   0  12 1.01    M    M  8.1 20 220   M    M   6 13     25 320
12  83  66  75  -1   0  10 0.00    M    M  4.6 12 280   M    M   2 1      17 290
13  83  62  73  -3   0   8 0.00    M    M  2.7 10 340   M    M   1        14 280
14  84  59  72  -4   0   7 0.00    M    M  2.4 12 130   M    M   0        15 140
15  86  61  74  -2   0   9 0.00    M    M  2.8 10 180   M    M   0        17 200
16  87  63  75  -1   0  10 0.00    M    M  4.3 12 190   M    M   0 1      15 230
17  90  63  77   1   0  12 0.00    M    M  5.2 13 170   M    M   0 1      16 180
18  89  67  78   2   0  13 0.00    M    M  6.2 15 170   M    M   1 12     19 140
19  89  73  81   5   0  16 0.13    M    M  6.7 18 150   M    M   4 18     24 190
20  85  72  79   4   0  14 0.11    M    M  7.1 21 160   M    M   4 13     27 160
21  90  71  81   6   0  16 0.10    M    M  6.0 17  40   M    M   4 18     23  10
22  84  63  74  -1   0   9 0.00    M    M  7.2 18  30   M    M   0        24  20
23  84  59  72  -3   0   7 0.00    M    M  2.6 10  30   M    M   0        13 360
24  90  61  76   1   0  11 0.00    M    M  5.6 16 170   M    M   1        20 180
25  85  64  75   0   0  10    T    M    M  4.5 10 220   M    M   3 1      14 310
26  84  61  73  -1   0   8 0.00    M    M  3.8 10 310   M    M   3        15 320
27  82  59  71  -3   0   6 0.00    M    M  3.5 12  40   M    M   2        13 280
28  83  57  70  -4   0   5 0.00    M    M  3.1 12  40   M    M   1        14  40
================================================================================
SM 2388 1813         0 290  2.32    M    148.5          M       62
================================================================================
AV 85.3 64.8                               5.3 FASTST   M    M   2    MAX(MPH)
                                 MISC ---->  # 21 160               # 27  230
================================================================================
NOTES:
# LAST OF SEVERAL OCCURRENCES

COLUMN 17 PEAK WIND IN M.P.H.

PRELIMINARY LOCAL CLIMATOLOGICAL DATA (WS FORM: F-6) , PAGE 2

                                          STATION:  GEORGETOWN DE
                                          MONTH:    AUGUST
                                          YEAR:     2015
                                          LATITUDE:   38 41 N
                                          LONGITUDE:  75 22 W

[TEMPERATURE DATA]      [PRECIPITATION DATA]       SYMBOLS USED IN COLUMN 16

AVERAGE MONTHLY: 75.0   TOTAL FOR MONTH:   2.32    1 = FOG OR MIST
DPTR FM NORMAL:  -0.8   DPTR FM NORMAL:   -0.88    2 = FOG REDUCING VISIBILITY
HIGHEST:    92 ON  4    GRTST 24HR  1.03 ON 10-11      TO 1/4 MILE OR LESS
LOWEST:     57 ON 28                               3 = THUNDER
                        SNOW, ICE PELLETS, HAIL    4 = ICE PELLETS
                        TOTAL MONTH:    M          5 = HAIL
                        GRTST 24HR    M  ON   M    6 = FREEZING RAIN OR DRIZZLE
                        GRTST DEPTH:  M  ON   M    7 = DUSTSTORM OR SANDSTORM:
                                                       VSBY 1/2 MILE OR LESS
                                                   8 = SMOKE OR HAZE
[NO. OF DAYS WITH]      [WEATHER - DAYS WITH]      9 = BLOWING SNOW
                                                   X = TORNADO
MAX 32 OR BELOW:   0    0.01 INCH OR MORE:   8
MAX 90 OR ABOVE:   6    0.10 INCH OR MORE:   6
MIN 32 OR BELOW:   0    0.50 INCH OR MORE:   2
MIN  0 OR BELOW:   0    1.00 INCH OR MORE:   1

[HDD (BASE 65) ]
TOTAL THIS MO.     0    CLEAR  (SCALE 0-3)  20
DPTR FM NORMAL     0    PTCLDY (SCALE 4-7)   7
TOTAL FM JUL 1     0    CLOUDY (SCALE 8-10)  1
DPTR FM NORMAL     0

[CDD (BASE 65) ]
TOTAL THIS MO.   290
DPTR FM NORMAL   -14    [PRESSURE DATA]
TOTAL FM JAN 1  1138    HIGHEST SLP M ON M
DPTR FM NORMAL   134    LOWEST  SLP 29.74 ON 11

[REMARKS]
