000
CXUS56 KOTX 220900
CF6GEG
PRELIMINARY LOCAL CLIMATOLOGICAL DATA (WS FORM: F-6)

                                          STATION:   SPOKANE WA AIRPORT
                                          MONTH:     JANUARY
                                          YEAR:      2018
                                          LATITUDE:   47 37 N
                                          LONGITUDE: 117 32 W

  TEMPERATURE IN F:       :PCPN:    SNOW:  WIND      :SUNSHINE: SKY     :PK WND
================================================================================
1   2   3   4   5  6A  6B    7    8   9   10  11  12  13   14  15   16   17  18
                                     12Z  AVG MX 2MIN
DY MAX MIN AVG DEP HDD CDD  WTR  SNW DPTH SPD SPD DIR MIN PSBL S-S WX    SPD DR
================================================================================

 1  22  14  18  -9  47   0    T    T    2  5.1 10  20   M    M  10 1      12 360
 2  24  20  22  -5  43   0 0.00  0.0    2  7.3 13  40   M    M   9 1      15  40
 3  30  21  26  -2  39   0 0.00  0.0    2  6.7 12  40   M    M   5        14  70
 4  31  20  26  -2  39   0    T    T    2  6.9 13  50   M    M   7 6      16  50
 5  36  28  32   4  33   0 0.04    T    2  7.3 16 230   M    M  10 16     18 230
 6  34  30  32   4  33   0 0.04    T    2  6.6 12 220   M    M   9 126    14 190
 7  37  32  35   7  30   0 0.06  0.2    2  4.6 10 210   M    M  10 1      14 210
 8  35  32  34   6  31   0    T    T    2  5.4 10  70   M    M   8 12     13  50
 9  40  32  36   7  29   0 0.33    T    2  8.1 17 220   M    M   9 12     20 220
10  37  30  34   5  31   0    T    T    1 13.1 20 220   M    M   6 12     23 210
11  33  31  32   3  33   0 0.70  6.3    0  4.6  9  60   M    M  10 12     12  70
12  37  32  35   6  30   0 0.01  0.2    6  3.6 17 210   M    M  10 12     21 220
13  44  34  39  10  26   0 0.03  0.0    2  5.6 15 210   M    M   9 12     20 210
14  41  30  36   7  29   0 0.00  0.0    1  7.5 14  50   M    M   6 12     16  50
15  44  27  36   6  29   0 0.00  0.0    1  8.4 18  70   M    M   3 1      23  70
16  38  30  34   4  31   0 0.09  0.0    1  5.4 20 160   M    M   7 12     24 160
17  42  32  37   7  28   0 0.03  0.0    T  6.8 13  60   M    M  10 12     15 110
18  44  32  38   8  27   0 0.33  0.0    T 11.8 26 200   M    M   8 1      34 200
19  38  32  35   5  30   0 0.00  0.0    T  9.5 16 210   M    M   7 1      20 200
20  37  30  34   4  31   0 0.01  0.1    T  9.1 16 200   M    M   7 1      22 210
21  39  30  35   5  30   0 0.05    T    T 11.0 20 200   M    M   8 1      25 200
================================================================================
SM  763  599       679   0  1.72     6.8 154.4          M      168
================================================================================
AV 36.3 28.5                               7.4 FASTST   M    M   8    MAX(MPH)
                                 MISC ---->  # 26 200               # 34  200
================================================================================
NOTES:
# LAST OF SEVERAL OCCURRENCES

COLUMN 17 PEAK WIND IN M.P.H.

PRELIMINARY LOCAL CLIMATOLOGICAL DATA (WS FORM: F-6) , PAGE 2

                                          STATION:  SPOKANE WA AIRPORT
                                          MONTH:    JANUARY
                                          YEAR:     2018
                                          LATITUDE:   47 37 N
                                          LONGITUDE: 117 32 W

[TEMPERATURE DATA]      [PRECIPITATION DATA]       SYMBOLS USED IN COLUMN 16

AVERAGE MONTHLY: 32.4   TOTAL FOR MONTH:   1.72    1 = FOG OR MIST
DPTR FM NORMAL:   3.6   DPTR FM NORMAL:    0.43    2 = FOG REDUCING VISIBILITY
HIGHEST:    44 ON 18,15 GRTST 24HR  0.70 ON 11-11      TO 1/4 MILE OR LESS
LOWEST:     14 ON  1                               3 = THUNDER
                        SNOW, ICE PELLETS, HAIL    4 = ICE PELLETS
                        TOTAL MONTH:   6.8 INCHES  5 = HAIL
                        GRTST 24HR   6.3 ON 11-11  6 = FREEZING RAIN OR DRIZZLE
                        GRTST DEPTH:   6 ON 12     7 = DUSTSTORM OR SANDSTORM:
                                                       VSBY 1/2 MILE OR LESS
                                                   8 = SMOKE OR HAZE
[NO. OF DAYS WITH]      [WEATHER - DAYS WITH]      9 = BLOWING SNOW
                                                   X = TORNADO
MAX 32 OR BELOW:   4    0.01 INCH OR MORE:  12
MAX 90 OR ABOVE:   0    0.10 INCH OR MORE:   3
MIN 32 OR BELOW:  20    0.50 INCH OR MORE:   1
MIN  0 OR BELOW:   0    1.00 INCH OR MORE:   0

[HDD (BASE 65) ]
TOTAL THIS MO.   679    CLEAR  (SCALE 0-3)   1
DPTR FM NORMAL   -80    PTCLDY (SCALE 4-7)   8
TOTAL FM JUL 1  3398    CLOUDY (SCALE 8-10) 12
DPTR FM NORMAL  -195

[CDD (BASE 65) ]
TOTAL THIS MO.     0
DPTR FM NORMAL     0    [PRESSURE DATA]
TOTAL FM JAN 1     0    HIGHEST SLP M ON M
DPTR FM NORMAL     0    LOWEST  SLP 29.54 ON  9

[REMARKS]
