000
CXUS53 KGLD 280800
CF6GLD
PRELIMINARY LOCAL CLIMATOLOGICAL DATA (WS FORM: F-6)

                                          STATION:   GOODLAND KS
                                          MONTH:     MAY
                                          YEAR:      2015
                                          LATITUDE:   39 22 N
                                          LONGITUDE: 101 42 W

  TEMPERATURE IN F:       :PCPN:    SNOW:  WIND      :SUNSHINE: SKY     :PK WND
================================================================================
1   2   3   4   5  6A  6B    7    8   9   10  11  12  13   14  15   16   17  18
                                     12Z  AVG MX 2MIN
DY MAX MIN AVG DEP HDD CDD  WTR  SNW DPTH SPD SPD DIR MIN PSBL S-S WX    SPD DR
================================================================================

 1  74  51  63   9   2   0 0.05  0.0    0  6.9 29 300   M    M   5        35 300
 2  83  47  65  10   0   0 0.00  0.0    0 10.0 29 250   M    M   1        37 250
 3  85  49  67  12   0   2 0.00  0.0    0  9.7 29 260   M    M   1 3      38 240
 4  66  49  58   3   7   0 0.01  0.0    0 10.4 17  30   M    M   6 1      22  30
 5  60  50  55  -1  10   0 0.50  0.0    0 15.6 31 130   M    M   9 12     41 130
 6  68  50  59   3   6   0 0.23  0.0    0 12.2 21 160   M    M   7 13     28 210
 7  69  49  59   3   6   0 0.06  0.0    0 11.6 22  70   M    M   6 13     27  70
 8  63  47  55  -2  10   0 0.04  0.0    0 12.4 21 130   M    M   9 1      28 130
 9  66  37  52  -5  13   0 1.09  0.0    0 18.8 33 270   M    M   9 13     43 270
10  50  32  41 -16  24   0 0.00  0.0    0 23.8 41 310   M    M   7 1      51 310
11  60  32  46 -12  19   0 0.00  0.0    0 16.2 29 320   M    M   0        37 320
12  72  34  53  -5  12   0 0.00  0.0    0 24.0 40 180   M    M   0        51 180
13  62  50  56  -2   9   0 0.37  0.0    0 19.2 36 180   M    M   5 1      45 190
14  77  49  63   4   2   0    T  0.0    0  9.4 17 140   M    M   2 1      25 150
15  80  55  68   9   0   3    T  0.0    0 18.7 46 230   M    M   1        60 230
16  74  50  62   3   3   0 0.16  0.0    0 14.5 29 220   M    M   3 13     39 220
17  73  47  60   0   5   0 0.00  0.0    0 13.3 21 290   M    M   2        29 300
18  64  46  55  -5  10   0 0.01    M    0 12.5 21 360   M    M   6        30  10
19  50  36  43 -17  22   0 1.55  0.0    0 13.8 30  90   M    M   9 1      39  90
20  49  36  43 -18  22   0    T  0.0    0  8.7 16 360   M    M  10 1      20 360
21  58  38  48 -13  17   0 0.01  0.0    0  8.6 16 170   M    M   9        26 160
22  56  47  52  -9  13   0 0.58  0.0    0 17.7 26 150   M    M  10 12     33 150
23  69  52  61  -1   4   0 0.14  0.0    0 14.3 25 170   M    M   8 123    32 150
24  71  47  59  -3   6   0 0.84  0.0    0  8.1 26 310   M    M   8 13     34 310
25  70  46  58  -4   7   0 0.00  0.0    0 10.7 20 320   M    M   2        23 280
26  73  45  59  -4   6   0 0.00  0.0    0  7.5 13 320   M    M   2        17 350
27  79  52  66   3   0   1 0.03  0.0    0 16.1 32 130   M    M   5 3      41 130
================================================================================
SM 1821 1223       235   6  5.67     0.0 364.7          M      142
================================================================================
AV 67.4 45.3                              13.5 FASTST   M    M   5    MAX(MPH)
                                 MISC ---->  # 46 230               # 60  230
================================================================================
NOTES:
# LAST OF SEVERAL OCCURRENCES

COLUMN 17 PEAK WIND IN M.P.H.

PRELIMINARY LOCAL CLIMATOLOGICAL DATA (WS FORM: F-6) , PAGE 2

                                          STATION:  GOODLAND KS
                                          MONTH:    MAY
                                          YEAR:     2015
                                          LATITUDE:   39 22 N
                                          LONGITUDE: 101 42 W

[TEMPERATURE DATA]      [PRECIPITATION DATA]       SYMBOLS USED IN COLUMN 16

AVERAGE MONTHLY: 56.4   TOTAL FOR MONTH:   5.67    1 = FOG OR MIST
DPTR FM NORMAL:  -2.3   DPTR FM NORMAL:    3.19    2 = FOG REDUCING VISIBILITY
HIGHEST:    85 ON  3    GRTST 24HR  1.55 ON 19-19      TO 1/4 MILE OR LESS
LOWEST:     32 ON 11,10                            3 = THUNDER
                        SNOW, ICE PELLETS, HAIL    4 = ICE PELLETS
                        TOTAL MONTH:   0.0 INCH    5 = HAIL
                        GRTST 24HR     0.0         6 = FREEZING RAIN OR DRIZZLE
                        GRTST DEPTH:   0           7 = DUSTSTORM OR SANDSTORM:
                                                       VSBY 1/2 MILE OR LESS
                                                   8 = SMOKE OR HAZE
[NO. OF DAYS WITH]      [WEATHER - DAYS WITH]      9 = BLOWING SNOW
                                                   X = TORNADO
MAX 32 OR BELOW:   0    0.01 INCH OR MORE:  16
MAX 90 OR ABOVE:   0    0.10 INCH OR MORE:   9
MIN 32 OR BELOW:   2    0.50 INCH OR MORE:   5
MIN  0 OR BELOW:   0    1.00 INCH OR MORE:   2

[HDD (BASE 65) ]
TOTAL THIS MO.   235    CLEAR  (SCALE 0-3)  10
DPTR FM NORMAL    38    PTCLDY (SCALE 4-7)   9
TOTAL FM JUL 1  5411    CLOUDY (SCALE 8-10)  8
DPTR FM NORMAL  -441

[CDD (BASE 65) ]
TOTAL THIS MO.     6
DPTR FM NORMAL   -25    [PRESSURE DATA]
TOTAL FM JAN 1     6    HIGHEST SLP M ON M
DPTR FM NORMAL   -29    LOWEST  SLP 29.50 ON 16

[REMARKS]
