000
CXUS54 KHGX 261515
CF6GLS
PRELIMINARY LOCAL CLIMATOLOGICAL DATA (WS FORM: F-6)

                                          STATION:   GALVESTON
                                          MONTH:     MARCH
                                          YEAR:      2017
                                          LATITUDE:   29 16 N
                                          LONGITUDE:  94 52 W

  TEMPERATURE IN F:       :PCPN:    SNOW:  WIND      :SUNSHINE: SKY     :PK WND
================================================================================
1   2   3   4   5  6A  6B    7    8   9   10  11  12  13   14  15   16   17  18
                                     12Z  AVG MX 2MIN
DY MAX MIN AVG DEP HDD CDD  WTR  SNW DPTH SPD SPD DIR MIN PSBL S-S WX    SPD DR
================================================================================

 1  80  66  73  13   0   8    T  0.0    0 13.8 29 360   M    M   7 18     38 360
 2  69  56  63   3   2   0 0.00  0.0    0 17.6 29  20   M    M   0        37  20
 3  71  57  64   3   1   0 0.00  0.0    0 16.6 24  60   M    M   1        31  60
 4  68  63  66   5   0   1 0.01  0.0    0 13.8 20  90   M    M   6        26 100
 5  72  67  70   9   0   5 0.32  0.0    0 16.3 26 130   M    M   9 13     33 130
 6  76  69  73  12   0   8 0.20  0.0    0 16.0 23 140   M    M  10 18     27 160
 7  80  63  72  10   0   7    T  0.0    0 11.9 29  10   M    M   7 138    36  20
 8  70  63  67   5   0   2 0.00  0.0    0 11.8 21  80   M    M   9 128    26  60
 9  77  68  73  11   0   8 0.00  0.0    0 10.2 16 130   M    M   6 128    20 130
10  75  69  72  10   0   7 0.01  0.0    0  7.1 16 190   M    M   5 128    18 190
11  72  66  69   7   0   4 0.36  0.0    0 10.1 20 120   M    M  10 1      24 110
12  69  52  61  -1   4   0 0.30  0.0    0 16.1 29  30   M    M  10 1      37  20
13  69  57  63   0   2   0 0.00  0.0    0 11.9 22 350   M    M   6        26 340
14  66  51  59  -4   6   0 0.00  0.0    0 10.0 23 340   M    M   0        27  30
15  67  57  62  -1   3   0 0.00  0.0    0 11.8 23  60   M    M   5        29  70
16  76  64  70   7   0   5    T  0.0    0 16.0 24 170   M    M   8        29 170
17  77  68  73   9   0   8 0.00  0.0    0 14.3 24 180   M    M   1        30 180
18  79  67  73   9   0   8 0.00  0.0    0  9.9 16 160   M    M   1 18     20 160
19  78  66  72   8   0   7 0.00  0.0    0  8.8 17 160   M    M   0 1      21 170
20  79  69  74  10   0   9 0.00  0.0    0 10.6 17 200   M    M   1        22 210
21  80  69  75  11   0  10 0.00  0.0    0 10.6 17 200   M    M   1        22 210
22  79  67  73   8   0   8 0.00  0.0    0  9.1 14 160   M    M   1 1      16 160
23  79  71  75  10   0  10 0.00  0.0    0 14.2 22 150   M    M   3        28 150
24  80  72  76  11   0  11 0.00  0.0    0 19.1 28 170   M    M   4        35 170
25  81  72  77  12   0  12    T  0.0    0 12.6 28 180   M    M   6 138    34 180
================================================================================
SM 1869 1609        18 138  1.20     0.0 320.2          M      117
================================================================================
AV 74.8 64.4                              12.8 FASTST   M    M   5    MAX(MPH)
                                 MISC ---->  # 29 360               # 38  360
================================================================================
NOTES:
# LAST OF SEVERAL OCCURRENCES

COLUMN 17 PEAK WIND IN M.P.H.

PRELIMINARY LOCAL CLIMATOLOGICAL DATA (WS FORM: F-6) , PAGE 2

                                          STATION:  GALVESTON
                                          MONTH:    MARCH
                                          YEAR:     2017
                                          LATITUDE:   29 16 N
                                          LONGITUDE:  94 52 W

[TEMPERATURE DATA]      [PRECIPITATION DATA]       SYMBOLS USED IN COLUMN 16

AVERAGE MONTHLY: 69.6   TOTAL FOR MONTH:   1.20    1 = FOG OR MIST
DPTR FM NORMAL:   6.8   DPTR FM NORMAL:   -1.43    2 = FOG REDUCING VISIBILITY
HIGHEST:    81 ON 25    GRTST 24HR  0.36 ON 11-11      TO 1/4 MILE OR LESS
LOWEST:     51 ON 14                               3 = THUNDER
                        SNOW, ICE PELLETS, HAIL    4 = ICE PELLETS
                        TOTAL MONTH:   0.0 INCH    5 = HAIL
                        GRTST 24HR     0.0         6 = FREEZING RAIN OR DRIZZLE
                        GRTST DEPTH:   0           7 = DUSTSTORM OR SANDSTORM:
                                                       VSBY 1/2 MILE OR LESS
                                                   8 = SMOKE OR HAZE
[NO. OF DAYS WITH]      [WEATHER - DAYS WITH]      9 = BLOWING SNOW
                                                   X = TORNADO
MAX 32 OR BELOW:   0    0.01 INCH OR MORE:   6
MAX 90 OR ABOVE:   0    0.10 INCH OR MORE:   4
MIN 32 OR BELOW:   0    0.50 INCH OR MORE:   0
MIN  0 OR BELOW:   0    1.00 INCH OR MORE:   0

[HDD (BASE 65) ]
TOTAL THIS MO.    18    CLEAR  (SCALE 0-3)   9
DPTR FM NORMAL   -74    PTCLDY (SCALE 4-7)  11
TOTAL FM JUL 1   328    CLOUDY (SCALE 8-10)  5
DPTR FM NORMAL  -652

[CDD (BASE 65) ]
TOTAL THIS MO.   138
DPTR FM NORMAL   103    [PRESSURE DATA]
TOTAL FM JAN 1   316    HIGHEST SLP M ON M
DPTR FM NORMAL   264    LOWEST  SLP 29.88 ON  1

[REMARKS]
