564
CXUS53 KGRB 241033
CF6GRB
PRELIMINARY LOCAL CLIMATOLOGICAL DATA (WS FORM: F-6)

                                          STATION:   GREEN BAY WI
                                          MONTH:     OCTOBER
                                          YEAR:      2017
                                          LATITUDE:   44 28 N
                                          LONGITUDE:  88  8 W

  TEMPERATURE IN F:       :PCPN:    SNOW:  WIND      :SUNSHINE: SKY     :PK WND
================================================================================
1   2   3   4   5  6A  6B    7    8   9   10  11  12  13   14  15   16   17  18
                                     12Z  AVG MX 2MIN
DY MAX MIN AVG DEP HDD CDD  WTR  SNW DPTH SPD SPD DIR MIN PSBL S-S WX    SPD DR
================================================================================

 1  71  41  56   3   9   0 0.00  0.0    0  8.1 20 160   M    M   0        25 150
 2  78  54  66  14   0   1    T  0.0    0 12.8 20 150   M    M   1 8      24 160
 3  78  62  70  18   0   5 0.42  0.0    0 11.8 25 200   M    M   4 13     34 200
 4  68  43  56   4   9   0    T  0.0    0 10.4 23 270   M    M   2        29 260
 5  62  41  52   1  13   0    T  0.0    0  5.5 13 200   M    M   6        17 230
 6  65  54  60   9   5   0 0.76  0.0    0  5.1 13 150   M    M  10 1      16 150
 7  70  58  64  14   1   0 0.26  0.0    0 12.0 24 200   M    M   8 1      34 200
 8  74  53  64  14   1   0 0.00  0.0    0  7.4 22 180   M    M   0        30 180
 9  67  52  60  10   5   0 0.00  0.0    0  7.0 20  40   M    M   3 1      23  40
10  57  45  51   2  14   0    T  0.0    0 12.4 21  50   M    M   3        26  40
11  60  48  54   5  11   0    T  0.0    0 10.9 24  40   M    M   9        30  50
12  59  46  53   5  12   0    T  0.0    0  6.0 13 150   M    M   9 1      15 160
13  62  50  56   8   9   0 0.07  0.0    0  5.1 12 270   M    M   9 1      15 210
14  59  44  52   4  13   0 1.04  0.0    0 11.4 20  60   M    M   8 1      26  80
15  56  43  50   2  15   0 0.18  0.0    0 10.2 24 320   M    M   9 1      37 320
16  59  37  48   1  17   0 0.00  0.0    0  7.1 15 230   M    M   1        20 230
17  68  47  58  11   7   0 0.00  0.0    0  7.3 15 210   M    M   0        18 220
18  71  50  61  15   4   0 0.00  0.0    0 12.3 23 200   M    M   0        33 200
19  69  46  58  12   7   0 0.00  0.0    0  7.7 17 270   M    M   0        22 270
20  74  46  60  14   5   0 0.00  0.0    0  8.7 18 200   M    M   0        23 200
21  76  58  67  22   0   2 0.00  0.0    0 11.8 21 210   M    M   0        27 200
22  67  45  56  11   9   0 0.25  0.0    0  6.9 22 300   M    M   7 1      26 310
23  54  43  49   4  16   0 0.00  0.0    0  2.4 10 300   M    M   7 12     14 290
================================================================================
SM 1524 1106       182   8  2.98     0.0 200.3          M       96
================================================================================
AV 66.3 48.1                               8.7 FASTST   M    M   4    MAX(MPH)
                                 MISC ---->  # 25 200               # 37  320
================================================================================
NOTES:
# LAST OF SEVERAL OCCURRENCES

COLUMN 17 PEAK WIND IN M.P.H.

PRELIMINARY LOCAL CLIMATOLOGICAL DATA (WS FORM: F-6) , PAGE 2

                                          STATION:  GREEN BAY WI
                                          MONTH:    OCTOBER
                                          YEAR:     2017
                                          LATITUDE:   44 28 N
                                          LONGITUDE:  88  8 W

[TEMPERATURE DATA]      [PRECIPITATION DATA]       SYMBOLS USED IN COLUMN 16

AVERAGE MONTHLY: 57.2   TOTAL FOR MONTH:   2.98    1 = FOG OR MIST
DPTR FM NORMAL:   8.6   DPTR FM NORMAL:    1.14    2 = FOG REDUCING VISIBILITY
HIGHEST:    78 ON  3, 2 GRTST 24HR  1.04 ON 14-14      TO 1/4 MILE OR LESS
LOWEST:     37 ON 16                               3 = THUNDER
                        SNOW, ICE PELLETS, HAIL    4 = ICE PELLETS
                        TOTAL MONTH:   0.0 INCH    5 = HAIL
                        GRTST 24HR     0.0         6 = FREEZING RAIN OR DRIZZLE
                        GRTST DEPTH:   0           7 = DUSTSTORM OR SANDSTORM:
                                                       VSBY 1/2 MILE OR LESS
                                                   8 = SMOKE OR HAZE
[NO. OF DAYS WITH]      [WEATHER - DAYS WITH]      9 = BLOWING SNOW
                                                   X = TORNADO
MAX 32 OR BELOW:   0    0.01 INCH OR MORE:   7
MAX 90 OR ABOVE:   0    0.10 INCH OR MORE:   6
MIN 32 OR BELOW:   0    0.50 INCH OR MORE:   2
MIN  0 OR BELOW:   0    1.00 INCH OR MORE:   1

[HDD (BASE 65) ]
TOTAL THIS MO.   182    CLEAR  (SCALE 0-3)  11
DPTR FM NORMAL  -199    PTCLDY (SCALE 4-7)   7
TOTAL FM JUL 1   343    CLOUDY (SCALE 8-10)  5
DPTR FM NORMAL  -308

[CDD (BASE 65) ]
TOTAL THIS MO.     8
DPTR FM NORMAL     8    [PRESSURE DATA]
TOTAL FM JAN 1   477    HIGHEST SLP M ON M
DPTR FM NORMAL    82    LOWEST  SLP 29.35 ON  7

[REMARKS]
