354
CXUS53 KGID 200730
CF6GRI
PRELIMINARY LOCAL CLIMATOLOGICAL DATA (WS FORM: F-6)

                                          STATION:   GRAND ISLAND NE
                                          MONTH:     OCTOBER
                                          YEAR:      2017
                                          LATITUDE:   40 58 N
                                          LONGITUDE:  98 19 W

  TEMPERATURE IN F:       :PCPN:    SNOW:  WIND      :SUNSHINE: SKY     :PK WND
================================================================================
1   2   3   4   5  6A  6B    7    8   9   10  11  12  13   14  15   16   17  18
                                     12Z  AVG MX 2MIN
DY MAX MIN AVG DEP HDD CDD  WTR  SNW DPTH SPD SPD DIR MIN PSBL S-S WX    SPD DR
================================================================================

 1  78  58  68  10   0   3 0.54  0.0    0 17.3 44 320   M    M   6 13     55 320
 2  71  58  65   7   0   0 3.05  0.0    0  6.7 31 150   M    M   9 123    44 160
 3  67  50  59   1   6   0 0.67  0.0    0  9.9 21 340   M    M   6 13     26 330
 4  67  48  58   1   7   0 0.00  0.0    0  8.1 15 140   M    M   7        21 130
 5  64  56  60   3   5   0 0.19  0.0    0  5.3 13  30   M    M  10 13     15  40
 6  62  53  58   2   7   0 0.38  0.0    0 11.3 28 340   M    M  10 13     36 350
 7  75  51  63   7   2   0 0.15  0.0    0 11.4 24 300   M    M   3 1      30 310
 8  72  49  61   6   4   0 0.00  0.0    0 12.7 22  10   M    M   0        29  10
 9  53  38  46  -9  19   0 0.18  0.0    0 18.8 32 360   M    M  10 13     43 360
10  55  37  46  -9  19   0 0.09  0.0    0  6.8 15  10   M    M   5        19 330
11  64  32  48  -6  17   0 0.00  0.0    0  9.3 17 170   M    M   0        23 170
12  71  47  59   5   6   0 0.00  0.0    0 11.6 21  20   M    M   0        27 150
13  68  49  59   6   6   0 0.00  0.0    0 11.5 21  20   M    M   7        28  10
14  60  44  52  -1  13   0 0.03  0.0    0 13.4 35 330   M    M  10 12     42 320
15  64  33  49  -4  16   0 0.00  0.0    0  8.7 21 300   M    M   0        25 320
16  75  36  56   4   9   0 0.00  0.0    0 10.7 25 210   M    M   0        32 210
17  80  39  60   8   5   0 0.00  0.0    0  5.9 14 200   M    M   0 8      19 190
18  77  43  60   9   5   0 0.00  0.0    0  9.3 23  10   M    M   0        29  10
19  81  37  59   8   6   0 0.00  0.0    0  8.0 18 170   M    M   0        23 180
================================================================================
SM 1304  858       152   3  5.28     0.0 196.7          M       83
================================================================================
AV 68.6 45.2                              10.4 FASTST   M    M   4    MAX(MPH)
                                 MISC ---->  # 44 320               # 55  320
================================================================================
NOTES:
# LAST OF SEVERAL OCCURRENCES

COLUMN 17 PEAK WIND IN M.P.H.

PRELIMINARY LOCAL CLIMATOLOGICAL DATA (WS FORM: F-6) , PAGE 2

                                          STATION:  GRAND ISLAND NE
                                          MONTH:    OCTOBER
                                          YEAR:     2017
                                          LATITUDE:   40 58 N
                                          LONGITUDE:  98 19 W

[TEMPERATURE DATA]      [PRECIPITATION DATA]       SYMBOLS USED IN COLUMN 16

AVERAGE MONTHLY: 56.9   TOTAL FOR MONTH:   5.28    1 = FOG OR MIST
DPTR FM NORMAL:   2.3   DPTR FM NORMAL:    4.03    2 = FOG REDUCING VISIBILITY
HIGHEST:    81 ON 19    GRTST 24HR  3.05 ON  2- 2      TO 1/4 MILE OR LESS
LOWEST:     32 ON 11                               3 = THUNDER
                        SNOW, ICE PELLETS, HAIL    4 = ICE PELLETS
                        TOTAL MONTH:   0.0 INCH    5 = HAIL
                        GRTST 24HR     0.0         6 = FREEZING RAIN OR DRIZZLE
                        GRTST DEPTH:   0           7 = DUSTSTORM OR SANDSTORM:
                                                       VSBY 1/2 MILE OR LESS
                                                   8 = SMOKE OR HAZE
[NO. OF DAYS WITH]      [WEATHER - DAYS WITH]      9 = BLOWING SNOW
                                                   X = TORNADO
MAX 32 OR BELOW:   0    0.01 INCH OR MORE:   9
MAX 90 OR ABOVE:   0    0.10 INCH OR MORE:   7
MIN 32 OR BELOW:   1    0.50 INCH OR MORE:   3
MIN  0 OR BELOW:   0    1.00 INCH OR MORE:   1

[HDD (BASE 65) ]
TOTAL THIS MO.   152    CLEAR  (SCALE 0-3)   8
DPTR FM NORMAL   -56    PTCLDY (SCALE 4-7)   6
TOTAL FM JUL 1   212    CLOUDY (SCALE 8-10)  5
DPTR FM NORMAL  -111

[CDD (BASE 65) ]
TOTAL THIS MO.     3
DPTR FM NORMAL    -7    [PRESSURE DATA]
TOTAL FM JAN 1  1061    HIGHEST SLP M ON M
DPTR FM NORMAL    28    LOWEST  SLP 29.56 ON M

[REMARKS]
