000
CXGM50 PGUM 251850
CF6GUM
PRELIMINARY LOCAL CLIMATOLOGICAL DATA (WS FORM: F-6)

                                          STATION:   GUAM INTERNATIONAL AIRPORT
                                          MONTH:     JUNE
                                          YEAR:      2017
                                          LATITUDE:   13 29 N
                                          LONGITUDE: 144-48 E

  TEMPERATURE IN F:       :PCPN:    SNOW:  WIND      :SUNSHINE: SKY     :PK WND
================================================================================
1   2   3   4   5  6A  6B    7    8   9   10  11  12  13   14  15   16   17  18
                                     12Z  AVG MX 2MIN
DY MAX MIN AVG DEP HDD CDD  WTR  SNW DPTH SPD SPD DIR MIN PSBL S-S WX    SPD DR
================================================================================

 1  90  79  85   2   0  20 0.00  0.0    0  5.4 15  90   M    M   1        20  90
 2  90  79  85   2   0  20 0.04  0.0    0  5.6 14 110   M    M   1        18 100
 3  90  79  85   2   0  20 0.00  0.0    0  7.9 16 110   M    M   2        22 100
 4  90  79  85   2   0  20 0.16  0.0    0  9.2 18  80   M    M   2        24  80
 5  91  79  85   2   0  20 0.10  0.0    0 10.4 22  90   M    M   3        28  90
 6  90  79  85   2   0  20 0.13  0.0    0  7.5 16  70   M    M   2 1      22  80
 7  89  79  84   1   0  19 0.83  0.0    0  3.9 13 290   M    M   3        16 290
 8  90  77  84   1   0  19 0.00  0.0    0  3.4 10 120   M    M   1        14 130
 9  91  76  84   1   0  19    T  0.0    0  4.6 12 110   M    M   1        16 110
10  92  80  86   3   0  21 0.01  0.0    0  6.9 15  80   M    M   1        20  80
11  91  82  87   4   0  22    T  0.0    0  6.3 13 110   M    M   2        18  90
12  89  79  84   1   0  19 0.21  0.0    0  5.5 16  60   M    M   3        20  70
13  91  82  87   4   0  22 0.00  0.0    0  7.7 16  80   M    M   1        22  80
14  91  80  86   3   0  21 0.02  0.0    0  7.4 15  90   M    M   2 3      19 120
15  91  79  85   2   0  20 0.18  0.0    0  7.0 15  80   M    M   4 13     20  80
16  89  80  85   2   0  20 0.57  0.0    0  7.0 18  80   M    M   3 1      23  80
17  90  79  85   2   0  20 0.02  0.0    0  7.2 16  80   M    M   2        21  70
18  91  80  86   3   0  21 0.14  0.0    0  8.4 21  80   M    M   2 1      27  70
19  87  78  83   0   0  18 1.39  0.0    0  6.4 20  60   M    M   3 13     28  90
20  83  75  79  -4   0  14 0.78  0.0    0  8.7 22 160   M    M   7 1      32 160
21  89  77  83   0   0  18    T  0.0    0  9.4 20  80   M    M   3        26  90
22  89  79  84   1   0  19 0.22  0.0    0  6.7 18  80   M    M   2        26  80
23  91  79  85   3   0  20 0.32  0.0    0  8.8 17  80   M    M   2        23  80
24  89  77  83   1   0  18 0.34  0.0    0  7.7 18  50   M    M   3 1      21 100
25  90  79  85   3   0  20 0.10  0.0    0  8.0 16  60   M    M   5        20 110
================================================================================
SM 2244 1971         0 490  5.56     0.0 177.0          M       61
================================================================================
AV 89.8 78.8                               7.1 FASTST   M    M   2    MAX(MPH)
                                 MISC ---->  # 22  90               # 32  160
================================================================================
NOTES:
# LAST OF SEVERAL OCCURRENCES

COLUMN 17 PEAK WIND IN M.P.H.

PRELIMINARY LOCAL CLIMATOLOGICAL DATA (WS FORM: F-6) , PAGE 2

                                          STATION:  GUAM INTERNATIONAL AIRPORT
                                          MONTH:    JUNE
                                          YEAR:     2017
                                          LATITUDE:   13 29 N
                                          LONGITUDE: 144-48 E

[TEMPERATURE DATA]      [PRECIPITATION DATA]       SYMBOLS USED IN COLUMN 16

AVERAGE MONTHLY: 84.3   TOTAL FOR MONTH:   5.56    1 = FOG OR MIST
DPTR FM NORMAL:   1.4   DPTR FM NORMAL:    0.01    2 = FOG REDUCING VISIBILITY
HIGHEST:    92 ON 10    GRTST 24HR  1.39 ON 19-19      TO 1/4 MILE OR LESS
LOWEST:     75 ON 20                               3 = THUNDER
                        SNOW, ICE PELLETS, HAIL    4 = ICE PELLETS
                        TOTAL MONTH:   0.0 INCH    5 = HAIL
                        GRTST 24HR     0.0         6 = FREEZING RAIN OR DRIZZLE
                        GRTST DEPTH:   0           7 = DUSTSTORM OR SANDSTORM:
                                                       VSBY 1/2 MILE OR LESS
                                                   8 = SMOKE OR HAZE
[NO. OF DAYS WITH]      [WEATHER - DAYS WITH]      9 = BLOWING SNOW
                                                   X = TORNADO
MAX 32 OR BELOW:   0    0.01 INCH OR MORE:  18
MAX 90 OR ABOVE:  17    0.10 INCH OR MORE:  14
MIN 32 OR BELOW:   0    0.50 INCH OR MORE:   4
MIN  0 OR BELOW:   0    1.00 INCH OR MORE:   1

[HDD (BASE 65) ]
TOTAL THIS MO.     0    CLEAR  (SCALE 0-3)  21
DPTR FM NORMAL     0    PTCLDY (SCALE 4-7)   4
TOTAL FM JUL 1     0    CLOUDY (SCALE 8-10)  0
DPTR FM NORMAL     0

[CDD (BASE 65) ]
TOTAL THIS MO.   490
DPTR FM NORMAL    41    [PRESSURE DATA]
TOTAL FM JAN 1  3163    HIGHEST SLP 29.90 ON  1
DPTR FM NORMAL   286    LOWEST  SLP 29.81 ON  1

[REMARKS]
