000
CXGM50 PGUM 311850
CF6GUM
PRELIMINARY LOCAL CLIMATOLOGICAL DATA (WS FORM: F-6)

                                          STATION:   GUAM INTERNATIONAL AIRPORT
                                          MONTH:     OCTOBER
                                          YEAR:      2014
                                          LATITUDE:   13 29 N
                                          LONGITUDE: 144-48 E

  TEMPERATURE IN F:       :PCPN:    SNOW:  WIND      :SUNSHINE: SKY     :PK WND
================================================================================
1   2   3   4   5  6A  6B    7    8   9   10  11  12  13   14  15   16   17  18
                                     12Z  AVG MX 2MIN
DY MAX MIN AVG DEP HDD CDD  WTR  SNW DPTH SPD SPD DIR MIN PSBL S-S WX    SPD DR
================================================================================

 1  87  76  82   0   0  17 3.04  0.0    0  8.2 20 220   M    M   5 1      29 230
 2  88  77  83   1   0  18 0.58  0.0    0  8.5 21 170   M    M   4 1      26 180
 3  88  79  84   2   0  19 0.14  0.0    0  5.0 15 150   M    M   4 13     20 140
 4  88  77  83   1   0  18 0.18  0.0    0  4.6 13 150   M    M   5 13     17 160
 5  86  75  81  -1   0  16 2.07  0.0    0  6.5 29 280   M    M   5 1      36 280
 6  84  75  80  -2   0  15 3.05  0.0    0 13.6 39 260   M    M   7 13     49 260
 7  82  76  79  -3   0  14 0.24  0.0    0  7.1 17 160   M    M   6 1      23 160
 8  85  78  82   0   0  17    T  0.0    0  6.9 15 160   M    M   2        20 170
 9  87  77  82   0   0  17 0.00  0.0    0  4.1 14 140   M    M   2        18 140
10  88  77  83   1   0  18 1.05  0.0    0  1.8  8 260   M    M   5 123    12 160
11  89  76  83   1   0  18 0.38  0.0    0  2.4 12  70   M    M   3 1      14  80
12  90  77  84   2   0  19 0.08  0.0    0  8.7 16  80   M    M   2 1      21  80
13  89  79  84   2   0  19 0.02  0.0    0  6.5 12  60   M    M   3 1      16 110
14  88  78  83   1   0  18 0.08  0.0    0  2.8 13 260   M    M   4 1      15 260
15  88  76  82   0   0  17 0.23  0.0    0  4.0 10  90   M    M   3 3      15 150
16  87  76  82   0   0  17 0.08  0.0    0  4.5 10 160   M    M   3 1      15 170
17  88  77  83   1   0  18 0.13  0.0    0  4.1 14  50   M    M   2 18     18  60
18  88  77  83   1   0  18 0.10  0.0    0  5.5 15  50   M    M   3 138    17 360
19  86  78  82   0   0  17 0.98  0.0    0  3.5 12  90   M    M   4 18     13 190
20  91  77  84   2   0  19    T  0.0    0  7.7 20  50   M    M   2        22  40
21  90  77  84   2   0  19 0.06  0.0    0  6.2 15  40   M    M   2        17  40
22  88  75  82   0   0  17 0.00  0.0    0  4.8 12 100   M    M   1        14 110
23  88  75  82   0   0  17 2.42  0.0    0  6.4 25  70   M    M   7 13     30  70
24  90  78  84   2   0  19 0.00  0.0    0  5.1 10 130   M    M   1        13  90
25  90  79  85   3   0  20 0.09  0.0    0  8.1 20  60   M    M   3 1      26  60
26  85  77  81  -1   0  16 0.11  0.0    0  6.9 17  50   M    M   2 1      22  70
27  82  77  80  -2   0  15 0.57  0.0    0  6.1 17  90   M    M   5 1      23  80
28  86  76  81  -1   0  16 0.52  0.0    0  6.6 25  30   M    M   3 18     31  60
29  80  74  77  -5   0  12 1.90  0.0    0  5.1 13  80   M    M   7 1      18 100
30  87  76  82   0   0  17 0.64  0.0    0  8.8 18 100   M    M   6 1      24 110
31  87  77  82   0   0  17 0.03  0.0    0  7.3 21  80   M    M   5        25  80
================================================================================
SM 2700 2379         0 534 18.77     0.0 187.4          M      116
================================================================================
AV 87.1 76.7                               6.0 FASTST   M    M   4    MAX(MPH)
                                 MISC ---->  # 39 260               # 49  260
================================================================================
NOTES:
# LAST OF SEVERAL OCCURRENCES

COLUMN 17 PEAK WIND IN M.P.H.

PRELIMINARY LOCAL CLIMATOLOGICAL DATA (WS FORM: F-6) , PAGE 2

                                          STATION:  GUAM INTERNATIONAL AIRPORT
                                          MONTH:    OCTOBER
                                          YEAR:     2014
                                          LATITUDE:   13 29 N
                                          LONGITUDE: 144-48 E

[TEMPERATURE DATA]      [PRECIPITATION DATA]       SYMBOLS USED IN COLUMN 16

AVERAGE MONTHLY: 81.9   TOTAL FOR MONTH:  18.77    1 = FOG OR MIST
DPTR FM NORMAL:   0.2   DPTR FM NORMAL:    6.97    2 = FOG REDUCING VISIBILITY
HIGHEST:    91 ON 20    GRTST 24HR  4.65 ON  5- 6      TO 1/4 MILE OR LESS
LOWEST:     74 ON 29                               3 = THUNDER
                        SNOW, ICE PELLETS, HAIL    4 = ICE PELLETS
                        TOTAL MONTH:   0.0 INCH    5 = HAIL
                        GRTST 24HR     0.0         6 = FREEZING RAIN OR DRIZZLE
                        GRTST DEPTH:   0           7 = DUSTSTORM OR SANDSTORM:
                                                       VSBY 1/2 MILE OR LESS
                                                   8 = SMOKE OR HAZE
[NO. OF DAYS WITH]      [WEATHER - DAYS WITH]      9 = BLOWING SNOW
                                                   X = TORNADO
MAX 32 OR BELOW:   0    0.01 INCH OR MORE:  26
MAX 90 OR ABOVE:   5    0.10 INCH OR MORE:  19
MIN 32 OR BELOW:   0    0.50 INCH OR MORE:  11
MIN  0 OR BELOW:   0    1.00 INCH OR MORE:   6

[HDD (BASE 65) ]
TOTAL THIS MO.     0    CLEAR  (SCALE 0-3)  16
DPTR FM NORMAL     0    PTCLDY (SCALE 4-7)  15
TOTAL FM JUL 1     0    CLOUDY (SCALE 8-10)  0
DPTR FM NORMAL     0

[CDD (BASE 65) ]
TOTAL THIS MO.   534
DPTR FM NORMAL    18    [PRESSURE DATA]
TOTAL FM JAN 1  5365    HIGHEST SLP M ON M
DPTR FM NORMAL   369    LOWEST  SLP 29.44 ON  6

[REMARKS]
