000
CXUS52 KFFC 271110
CF6GVL
PRELIMINARY LOCAL CLIMATOLOGICAL DATA (WS FORM: F-6)

                                          STATION:   GAINESVILLE
                                          MONTH:     MAY
                                          YEAR:      2017
                                          LATITUDE:   34 16 N
                                          LONGITUDE:  83 50 W

  TEMPERATURE IN F:       :PCPN:    SNOW:  WIND      :SUNSHINE: SKY     :PK WND
================================================================================
1   2   3   4   5  6A  6B    7    8   9   10  11  12  13   14  15   16   17  18
                                     12Z  AVG MX 2MIN
DY MAX MIN AVG DEP HDD CDD  WTR  SNW DPTH SPD SPD DIR MIN PSBL S-S WX    SPD DR
================================================================================

 1  73  60  67   3   0   2 0.37  0.0    0 11.7 23 260   M    M   5 13     31 270
 2  76  53  65   0   0   0 0.00  0.0    0  9.6 20 260   M    M   0        26 230
 3  81  53  67   2   0   2 0.00  0.0    0  4.5 10 170   M    M   0        14 140
 4  68  56  62  -3   3   0 0.67  0.0    0  8.1 25 280   M    M   8 13     36 100
 5  57  47  52 -13  13   0 0.07  0.0    0 11.7 22 250   M    M   9 1      31 250
 6  70  47  59  -7   6   0 0.26  0.0    0 12.9 29 250   M    M   5 13     37 230
 7  69  45  57  -9   8   0 0.00  0.0    0  8.3 18 280   M    M   1        25 250
 8  78  47  63  -3   2   0 0.00  0.0    0  7.2 17 320   M    M   0        24 320
 9  83  55  69   3   0   4 0.00  0.0    0  7.8 20 260   M    M   0        26 250
10  85  63  74   7   0   9 0.00  0.0    0  7.7 17 250   M    M   0        23 290
11  85  65  75   8   0  10 0.00  0.0    0  9.2 21 280   M    M   0        26 250
12  80  64  72   5   0   7 0.46  0.0    0  7.3 24 250   M    M   2 13     30 250
13  72  61  67   0   0   2 0.36  0.0    0  4.0 10  90   M    M   8 123    14 120
14  81  57  69   1   0   4 0.00  0.0    0  3.7  8 230   M    M   1        11 140
15  86  59  73   5   0   8 0.00  0.0    0  5.3 12 240   M    M   0        14 230
16  87  63  75   7   0  10 0.00  0.0    0  3.2 10 130   M    M   0        15 320
17  86  65  76   8   0  11 0.00  0.0    0  4.9 13 140   M    M   0        17 120
18  80  67  74   5   0   9 2.34  0.0    0  5.0 15  30   M    M   7 13     25 130
19  86  67  77   8   0  12 0.00  0.0    0  3.8  9 140   M    M   3        13 180
20  87  67  77   8   0  12 0.59  0.0    0  4.4 25 180   M    M   4 13     34 170
21  78  65  72   2   0   7 1.81  0.0    0  5.6 18  90   M    M   6 13      M 120
22  78  64  71   1   0   6 0.95  0.0    0  2.9 20 180   M    M   7 123    30 180
23  73  61  67  -3   0   2 0.19  0.0    0  5.1 14 240   M    M   8 13     17 240
24  77  58  68  -2   0   3 0.01  0.0    0  8.0 22 260   M    M   6 123    32 270
25  70  55  63  -8   2   0 0.01  0.0    0 11.4 22 260   M    M   5        29 260
26  80  53  67  -4   0   2 0.00  0.0    0  6.9 16 290   M    M   0        23 320
================================================================================
SM 2026 1517        34 122  8.09     0.0 180.2          M       85
================================================================================
AV 77.9 58.4                               6.9 FASTST   M    M   3    MAX(MPH)
                                 MISC ---->  # 29 250               # 37  230
================================================================================
NOTES:
# LAST OF SEVERAL OCCURRENCES

COLUMN 17 PEAK WIND IN M.P.H.

PRELIMINARY LOCAL CLIMATOLOGICAL DATA (WS FORM: F-6) , PAGE 2

                                          STATION:  GAINESVILLE
                                          MONTH:    MAY
                                          YEAR:     2017
                                          LATITUDE:   34 16 N
                                          LONGITUDE:  83 50 W

[TEMPERATURE DATA]      [PRECIPITATION DATA]       SYMBOLS USED IN COLUMN 16

AVERAGE MONTHLY: 68.1   TOTAL FOR MONTH:   8.09    1 = FOG OR MIST
DPTR FM NORMAL:   0.6   DPTR FM NORMAL:    4.76    2 = FOG REDUCING VISIBILITY
HIGHEST:    87 ON 20,16 GRTST 24HR  2.34 ON 18-18      TO 1/4 MILE OR LESS
LOWEST:     45 ON  7                               3 = THUNDER
                        SNOW, ICE PELLETS, HAIL    4 = ICE PELLETS
                        TOTAL MONTH:   0.0 INCH    5 = HAIL
                        GRTST 24HR     0.0         6 = FREEZING RAIN OR DRIZZLE
                        GRTST DEPTH:   0           7 = DUSTSTORM OR SANDSTORM:
                                                       VSBY 1/2 MILE OR LESS
                                                   8 = SMOKE OR HAZE
[NO. OF DAYS WITH]      [WEATHER - DAYS WITH]      9 = BLOWING SNOW
                                                   X = TORNADO
MAX 32 OR BELOW:   0    0.01 INCH OR MORE:  13
MAX 90 OR ABOVE:   0    0.10 INCH OR MORE:  10
MIN 32 OR BELOW:   0    0.50 INCH OR MORE:   5
MIN  0 OR BELOW:   0    1.00 INCH OR MORE:   2

[HDD (BASE 65) ]
TOTAL THIS MO.    34    CLEAR  (SCALE 0-3)  14
DPTR FM NORMAL    -4    PTCLDY (SCALE 4-7)   9
TOTAL FM JUL 1  2157    CLOUDY (SCALE 8-10)  3
DPTR FM NORMAL  -906

[CDD (BASE 65) ]
TOTAL THIS MO.   122
DPTR FM NORMAL    22    [PRESSURE DATA]
TOTAL FM JAN 1   237    HIGHEST SLP M ON M
DPTR FM NORMAL    98    LOWEST  SLP 29.43 ON 24

[REMARKS]
