000
CXUS55 KBOU 300803
CF6GXY
PRELIMINARY LOCAL CLIMATOLOGICAL DATA (WS FORM: F-6)

                                          STATION:   GREELEY  CO
                                          MONTH:     APRIL
                                          YEAR:      2016
                                          LATITUDE:   40 25 N
                                          LONGITUDE: 104 38 W

  TEMPERATURE IN F:       :PCPN:    SNOW:  WIND      :SUNSHINE: SKY     :PK WND
================================================================================
1   2   3   4   5  6A  6B    7    8   9   10  11  12  13   14  15   16   17  18
                                     12Z  AVG MX 2MIN
DY MAX MIN AVG DEP HDD CDD  WTR  SNW DPTH SPD SPD DIR MIN PSBL S-S WX    SPD DR
================================================================================

 1  54  27  41   M  24   0    M    M    M 12.9 24 330   M    M   2        35 350
 2  66  30  48   M  17   0    M    M    M  4.6  9 350   M    M   1         M  M
 3  72  27  50   M  15   0    M    M    M  8.4 23 330   M    M   1        31 300
 4  75  36  56   M   9   0    M    M    M  3.5 13 220   M    M   1         M  M
 5  64  34  49   M  16   0    M    M    M 16.7 40 300   M    M   1        47 300
 6  43  30  37   M  28   0    M    M    M 10.4 18 350   M    M   0         M  M
 7  66  34  50   M  15   0    M    M    M  7.3 17  90   M    M   3        18  80
 8  68  28  48   M  17   0    M    M    M  5.2 13  40   M    M   0        18  90
 9  75  30  53   M  12   0    M    M    M  5.9 23 290   M    M   1        29 290
10  66  39  53   M  12   0    M    M    M  9.9 24  40   M    M   4        31  40
11  61  39  50   M  15   0    M    M    M  4.2  8 150   M    M   7         M  M
12  73  28  51   M  14   0    M    M    M  5.7 24  10   M    M   2        31  10
13  75  36  56   M   9   0    M    M    M  4.0  9 180   M    M   0        16 210
14  81  37  59   M   6   0    M    M    M  7.9 27 260   M    M   1        36 260
15  57  39  48   M  17   0    M    M    M 14.1 22 340   M    M   6        32 350
16  39  34  37   M  28   0    M    M    M 19.8 28 360   M    M  10        36 360
17  41  32  37   M  28   0    M    M    M 13.4 22 340   M    M   9        27  10
18  52  32  42   M  23   0    M    M    M  5.2 14 320   M    M   9         M  M
19  54  30  42   M  23   0    M    M    M  5.1 15 110   M    M   3         M  M
20  59  37  48   M  17   0    M    M    M  4.9 14  30   M    M   6        20  30
21  70  36  53   M  12   0    M    M    M  5.0 10 360   M    M   0         M  M
22  81  34  58   M   7   0    M    M    M  5.2 12 140   M    M   0        17 140
23  81  41  61   M   4   0    M    M    M  7.0 25 290   M    M   1        36 290
24  66  37  52   M  13   0    M    M    M  7.7 20 280   M    M   4        23 280
25  72  39  56   M   9   0    M    M    M 13.5 25 130   M    M   3 3      31 130
26  52  34  43   M  22   0    M    M    M 18.6 35 360   M    M   7 3      39 360
27  55  30  43   M  22   0    M    M    M 13.5 28  10   M    M   5        36  10
28  43  36  40   M  25   0    M    M    M  7.2 10 130   M    M  10         M  M
29  37  34  36   M  29   0    M    M    M  5.9 10 100   M    M   9         M  M
================================================================================
SM 1798  980       488   0    M     M    252.7          M      106
================================================================================
AV 62.0 33.8                               8.7 FASTST   M    M   4    MAX(MPH)
                                 MISC ---->    40   M                 47    M
================================================================================
NOTES:
# LAST OF SEVERAL OCCURRENCES

COLUMN 17 PEAK WIND IN M.P.H.

PRELIMINARY LOCAL CLIMATOLOGICAL DATA (WS FORM: F-6) , PAGE 2

                                          STATION:  GREELEY  CO
                                          MONTH:    APRIL
                                          YEAR:     2016
                                          LATITUDE:   40 25 N
                                          LONGITUDE: 104 38 W

[TEMPERATURE DATA]      [PRECIPITATION DATA]       SYMBOLS USED IN COLUMN 16

AVERAGE MONTHLY: 47.9   TOTAL FOR MONTH:      M    1 = FOG OR MIST
DPTR FM NORMAL:     M   DPTR FM NORMAL:       M    2 = FOG REDUCING VISIBILITY
HIGHEST:    81 ON 23,22 GRTST 24HR    M  ON   M        TO 1/4 MILE OR LESS
LOWEST:     27 ON  3, 1                            3 = THUNDER
                        SNOW, ICE PELLETS, HAIL    4 = ICE PELLETS
                        TOTAL MONTH:    M          5 = HAIL
                        GRTST 24HR    M  ON   M    6 = FREEZING RAIN OR DRIZZLE
                        GRTST DEPTH:  M  ON   M    7 = DUSTSTORM OR SANDSTORM:
                                                       VSBY 1/2 MILE OR LESS
                                                   8 = SMOKE OR HAZE
[NO. OF DAYS WITH]      [WEATHER - DAYS WITH]      9 = BLOWING SNOW
                                                   X = TORNADO
MAX 32 OR BELOW:   0    0.01 INCH OR MORE:   0
MAX 90 OR ABOVE:   0    0.10 INCH OR MORE:   0
MIN 32 OR BELOW:  11    0.50 INCH OR MORE:   0
MIN  0 OR BELOW:   0    1.00 INCH OR MORE:   0

[HDD (BASE 65) ]
TOTAL THIS MO.   488    CLEAR  (SCALE 0-3)  16
DPTR FM NORMAL     M    PTCLDY (SCALE 4-7)   8
TOTAL FM JUL 1  5959    CLOUDY (SCALE 8-10)  5
DPTR FM NORMAL     M

[CDD (BASE 65) ]
TOTAL THIS MO.     0
DPTR FM NORMAL     M    [PRESSURE DATA]
TOTAL FM JAN 1     0    HIGHEST SLP M ON M
DPTR FM NORMAL     M    LOWEST  SLP M ON M

[REMARKS]
