000
CXUS51 KGYX 011000
CF6GYX
PRELIMINARY LOCAL CLIMATOLOGICAL DATA (WS FORM: F-6)

                                          STATION:   GRAY ME
                                          MONTH:     JUNE
                                          YEAR:      2015
                                          LATITUDE:   43 53 N
                                          LONGITUDE:  70 15 W

  TEMPERATURE IN F:       :PCPN:    SNOW:  WIND      :SUNSHINE: SKY     :PK WND
================================================================================
1   2   3   4   5  6A  6B    7    8   9   10  11  12  13   14  15   16   17  18
                                     12Z  AVG MX 2MIN
DY MAX MIN AVG DEP HDD CDD  WTR  SNW DPTH SPD SPD DIR MIN PSBL S-S WX    SPD DR
================================================================================

 1  47  44  46 -14  19   0 1.36  0.0    0   M   M   M   M    M   M         M  M
 2  48  43  46 -14  19   0 0.68  0.0    0   M   M   M   M    M   M         M  M
 3  61  43  52  -8  13   0 0.00  0.0    0   M   M   M   M    M   M         M  M
 4  60  44  52  -8  13   0 0.00  0.0    0   M   M   M   M    M   M         M  M
 5  61  42  52  -9  13   0 0.04  0.0    0   M   M   M   M    M   M         M  M
 6  71  48  60  -1   5   0 0.02  0.0    0   M   M   M   M    M   M         M  M
 7  68  47  58  -4   7   0 0.00  0.0    0   M   M   M   M    M   M         M  M
 8  68  49  59  -3   6   0 0.02  0.0    0   M   M   M   M    M   M         M  M
 9  71  55  63   1   2   0 0.01  0.0    0   M   M   M   M    M   M         M  M
10  79  57  68   6   0   3 0.00  0.0    0   M   M   M   M    M   M         M  M
11  85  58  72   9   0   7 0.00  0.0    0   M   M   M   M    M   M         M  M
12  81  58  70   7   0   5 0.17  0.0    0   M   M   M   M    M   M         M  M
13  81  58  70   7   0   5 0.00  0.0    0   M   M   M   M    M   M         M  M
14  79  57  68   4   0   3 0.00  0.0    0   M   M   M   M    M   M         M  M
15  58  52  55  -9  10   0 0.13  0.0    0   M   M   M   M    M   M         M  M
16  63  52  58  -6   7   0 0.07  0.0    M   M   M   M   M    M   M         M  M
17  76  55  66   1   0   1 0.00    M    M   M   M   M   M    M   M         M  M
18  75  51  63  -2   2   0 0.00  0.0    0   M   M   M   M    M   M         M  M
19  77  56  67   2   0   2 0.11  0.0    0   M   M   M   M    M   M         M  M
20  68  50  59  -7   6   0 0.00  0.0    0   M   M   M   M    M   M         M  M
21  64  56  60  -6   5   0 0.97  0.0    0   M   M   M   M    M   M         M  M
22  75  56  66   0   0   1 0.31  0.0    0   M   M   M   M    M   M         M  M
23  65  56  61  -5   4   0 0.76  0.0    0   M   M   M   M    M   M 3       M  M
24  79  58  69   2   0   4 0.00  0.0    0   M   M   M   M    M   M         M  M
25  77  56  67   0   0   2 0.00  0.0    0   M   M   M   M    M   M         M  M
26  71  53  62  -5   3   0 0.00  0.0    0   M   M   M   M    M   M         M  M
27  70  50  60  -7   5   0 0.00  0.0    0   M   M   M   M    M   M         M  M
28  56  50  53 -15  12   0 1.42  0.0    0   M   M   M   M    M   M         M  M
29  67  50  59  -9   6   0 0.00  0.0    0   M   M   M   M    M   M         M  M
30  75  58  67  -1   0   2    T  0.0    0   M   M   M   M    M   M         M  M
================================================================================
SM 2076 1562       157  35  6.07     0.0     M          M        M
================================================================================
AV 69.2 52.1                                 M FASTST   M    M   6    MAX(MPH)
                                 MISC ---->     M   M                  M    M
================================================================================
NOTES:
# LAST OF SEVERAL OCCURRENCES

COLUMN 17 PEAK WIND IN M.P.H.

PRELIMINARY LOCAL CLIMATOLOGICAL DATA (WS FORM: F-6) , PAGE 2

                                          STATION:  GRAY ME
                                          MONTH:    JUNE
                                          YEAR:     2015
                                          LATITUDE:   43 53 N
                                          LONGITUDE:  70 15 W

[TEMPERATURE DATA]      [PRECIPITATION DATA]       SYMBOLS USED IN COLUMN 16

AVERAGE MONTHLY: 60.6   TOTAL FOR MONTH:   6.07    1 = FOG OR MIST
DPTR FM NORMAL:  -3.5   DPTR FM NORMAL:    1.77    2 = FOG REDUCING VISIBILITY
HIGHEST:    85 ON 11    GRTST 24HR  1.42 ON 28-28      TO 1/4 MILE OR LESS
LOWEST:     42 ON  5                               3 = THUNDER
                        SNOW, ICE PELLETS, HAIL    4 = ICE PELLETS
                        TOTAL MONTH:   0.0 INCH    5 = HAIL
                        GRTST 24HR     0.0         6 = FREEZING RAIN OR DRIZZLE
                        GRTST DEPTH:   0           7 = DUSTSTORM OR SANDSTORM:
                                                       VSBY 1/2 MILE OR LESS
                                                   8 = SMOKE OR HAZE
[NO. OF DAYS WITH]      [WEATHER - DAYS WITH]      9 = BLOWING SNOW
                                                   X = TORNADO
MAX 32 OR BELOW:   0    0.01 INCH OR MORE:  14
MAX 90 OR ABOVE:   0    0.10 INCH OR MORE:   9
MIN 32 OR BELOW:   0    0.50 INCH OR MORE:   5
MIN  0 OR BELOW:   0    1.00 INCH OR MORE:   2

[HDD (BASE 65) ]
TOTAL THIS MO.   157    CLEAR  (SCALE 0-3)   0
DPTR FM NORMAL    63    PTCLDY (SCALE 4-7)   0
TOTAL FM JUL 1  7627    CLOUDY (SCALE 8-10)  0
DPTR FM NORMAL   435

[CDD (BASE 65) ]
TOTAL THIS MO.    35
DPTR FM NORMAL   -30    [PRESSURE DATA]
TOTAL FM JAN 1    75    HIGHEST SLP M ON M
DPTR FM NORMAL    -1    LOWEST  SLP M ON M

[REMARKS]
#FINAL-06-15#
