000
CXUS54 KJAN 221200
CF6HBG
PRELIMINARY LOCAL CLIMATOLOGICAL DATA (WS FORM: F-6)

                                          STATION:   HATTIESBURG
                                          MONTH:     JUNE
                                          YEAR:      2017
                                          LATITUDE:   31 16 N
                                          LONGITUDE:  89 15 W

  TEMPERATURE IN F:       :PCPN:    SNOW:  WIND      :SUNSHINE: SKY     :PK WND
================================================================================
1   2   3   4   5  6A  6B    7    8   9   10  11  12  13   14  15   16   17  18
                                     12Z  AVG MX 2MIN
DY MAX MIN AVG DEP HDD CDD  WTR  SNW DPTH SPD SPD DIR MIN PSBL S-S WX    SPD DR
================================================================================

 1  84  69  77   0   0  12 0.34  0.0    0  2.1 14 200   M    M   7 1      17 200
 2  87  69  78   1   0  13 0.00  0.0    0  4.1 15 160   M    M   6 12     19 140
 3  80  71  76  -1   0  11 1.87  0.0    0  4.4 17 230   M    M   8 13     23 220
 4  83  71  77  -1   0  12 0.07  0.0    0  5.3 14 130   M    M   8 1      16 140
 5  84  74  79   1   0  14 0.27  0.0    0  5.3 21 210   M    M   7 13     29 200
 6  82  72  77  -1   0  12 0.39  0.0    0  4.3 13  10   M    M   6 13     16  10
 7  86  64  75  -3   0  10 0.00  0.0    0  7.0 16  10   M    M   5        23 330
 8  83  59  71  -7   0   6 0.00  0.0    0  5.3 15  30   M    M   0        23  20
 9  86  59  73  -5   0   8 0.00  0.0    0  2.1 10 330   M    M   2        17 270
10  88  62  75  -3   0  10 0.00  0.0    0  2.7 10 170   M    M   2        15  80
11  87  65  76  -3   0  11 0.03  0.0    0  5.2 15 170   M    M   2        18 140
12  88  71  80   1   0  15    T  0.0    0  3.8 20 140   M    M   3 123    26 150
13  87  73  80   1   0  15 0.76  0.0    0  3.0 14 190   M    M   7 13     17 210
14  89  71  80   1   0  15 0.10  0.0    0  2.2 14  70   M    M   4 123    18  70
15  92  69  81   2   0  16 0.06  0.0    0  6.8 22 100   M    M   3 1      29  20
16  91  67  79   0   0  14 0.96  0.0    0  4.6 24  30   M    M   4 13     33  30
17  86  68  77  -2   0  12 0.03  0.0    0  4.4 13 230   M    M   5 1      16 200
18  90  72  81   1   0  16 0.14  0.0    0  4.2 21 310   M    M   3 13     27 300
19  92  70  81   1   0  16 0.11  0.0    0  2.7 17  80   M    M   4 123    21  60
20  79  71  75  -5   0  10 0.97  0.0    0  7.1 15  90   M    M   7 1      19 100
21  83  71  77  -3   0  12 2.46  0.0    0 10.4 18 130   M    M  10 13     24 140
================================================================================
SM 1807 1438         0 260  8.56     0.0  97.0          M      103
================================================================================
AV 86.1 68.5                               4.6 FASTST   M    M   5    MAX(MPH)
                                 MISC ---->  # 24  30               # 33   30
================================================================================
NOTES:
# LAST OF SEVERAL OCCURRENCES

COLUMN 17 PEAK WIND IN M.P.H.

PRELIMINARY LOCAL CLIMATOLOGICAL DATA (WS FORM: F-6) , PAGE 2

                                          STATION:  HATTIESBURG
                                          MONTH:    JUNE
                                          YEAR:     2017
                                          LATITUDE:   31 16 N
                                          LONGITUDE:  89 15 W

[TEMPERATURE DATA]      [PRECIPITATION DATA]       SYMBOLS USED IN COLUMN 16

AVERAGE MONTHLY: 77.3   TOTAL FOR MONTH:   8.56    1 = FOG OR MIST
DPTR FM NORMAL:  -1.3   DPTR FM NORMAL:    5.12    2 = FOG REDUCING VISIBILITY
HIGHEST:    92 ON 19,15 GRTST 24HR  2.46 ON 21-21      TO 1/4 MILE OR LESS
LOWEST:     59 ON  9, 8                            3 = THUNDER
                        SNOW, ICE PELLETS, HAIL    4 = ICE PELLETS
                        TOTAL MONTH:   0.0 INCH    5 = HAIL
                        GRTST 24HR     0.0         6 = FREEZING RAIN OR DRIZZLE
                        GRTST DEPTH:   0           7 = DUSTSTORM OR SANDSTORM:
                                                       VSBY 1/2 MILE OR LESS
                                                   8 = SMOKE OR HAZE
[NO. OF DAYS WITH]      [WEATHER - DAYS WITH]      9 = BLOWING SNOW
                                                   X = TORNADO
MAX 32 OR BELOW:   0    0.01 INCH OR MORE:  15
MAX 90 OR ABOVE:   4    0.10 INCH OR MORE:  11
MIN 32 OR BELOW:   0    0.50 INCH OR MORE:   5
MIN  0 OR BELOW:   0    1.00 INCH OR MORE:   2

[HDD (BASE 65) ]
TOTAL THIS MO.     0    CLEAR  (SCALE 0-3)   5
DPTR FM NORMAL     0    PTCLDY (SCALE 4-7)  15
TOTAL FM JUL 1  1157    CLOUDY (SCALE 8-10)  1
DPTR FM NORMAL  -828

[CDD (BASE 65) ]
TOTAL THIS MO.   260
DPTR FM NORMAL   -23    [PRESSURE DATA]
TOTAL FM JAN 1   781    HIGHEST SLP M ON M
DPTR FM NORMAL    83    LOWEST  SLP 29.69 ON  5

[REMARKS]
