000
CXUS54 KJAN 191200
CF6HBG
PRELIMINARY LOCAL CLIMATOLOGICAL DATA (WS FORM: F-6)

                                          STATION:   HATTIESBURG
                                          MONTH:     SEPTEMBER
                                          YEAR:      2014
                                          LATITUDE:   31 16 N
                                          LONGITUDE:  89 15 W

  TEMPERATURE IN F:       :PCPN:    SNOW:  WIND      :SUNSHINE: SKY     :PK WND
================================================================================
1   2   3   4   5  6A  6B    7    8   9   10  11  12  13   14  15   16   17  18
                                     12Z  AVG MX 2MIN
DY MAX MIN AVG DEP HDD CDD  WTR  SNW DPTH SPD SPD DIR MIN PSBL S-S WX    SPD DR
================================================================================

 1  97  71  84   4   0  19 0.00  0.0    0  4.6 16 180   M    M   2 12      M  M
 2  92  73  83   3   0  18 0.42  0.0    0  3.7 21 320   M    M   2 138    30 310
 3  90  73  82   2   0  17 0.01  0.0    0  2.2 17 310   M    M   3        23 310
 4  94  71  83   3   0  18 0.56  0.0    0  1.6 16 140   M    M   3 13     26 210
 5  91  70  81   1   0  16    T  0.0    0  2.1 12 280   M    M   1 13     16 290
 6  92  70  81   2   0  16 0.00  0.0    0  1.9  8  10   M    M   1 1       M  M
 7  94  73  84   5   0  19 0.15  0.0    0  4.2 16 170   M    M   3 13     22 250
 8  94  72  83   4   0  18 0.00  0.0    0  1.8 10 210   M    M   2 1      14 220
 9  94  73  84   5   0  19 0.00  0.0    0  1.7 17 130   M    M   1 1      23 140
10  92  75  84   5   0  19 0.19  0.0    0  2.1 16  70   M    M   3 1      21  60
11  93  73  83   5   0  18 0.02  0.0    0  2.6 20  80   M    M   2 13     26  90
12  95  72  84   6   0  19    T  0.0    0  3.1 17 190   M    M   3 1      20 210
13  79  71  75  -3   0  10    T  0.0    0  6.9 15  20   M    M   8 1      26  10
14  91  66  79   1   0  14 0.00  0.0    0  4.5 10 360   M    M   2 1      16 120
15  92  71  82   5   0  17    T  0.0    0  2.1 15 330   M    M   2 13      M  M
16  92  71  82   5   0  17 3.87  0.0    0  4.2 20 210   M    M   3 13     24 210
17  92  69  81   4   0  16 0.00  0.0    0  1.7  9  20   M    M   1 1       M 120
18  87  71  79   3   0  14 0.16  0.0    0  1.4 23  90   M    M   1 13     35  90
================================================================================
SM 1651 1285         0 304  5.38     0.0  52.4          M       43
================================================================================
AV 91.7 71.4                               2.9 FASTST   M    M   2    MAX(MPH)
                                 MISC ---->  # 23  90               # 35   90
================================================================================
NOTES:
# LAST OF SEVERAL OCCURRENCES

COLUMN 17 PEAK WIND IN M.P.H.

PRELIMINARY LOCAL CLIMATOLOGICAL DATA (WS FORM: F-6) , PAGE 2

                                          STATION:  HATTIESBURG
                                          MONTH:    SEPTEMBER
                                          YEAR:     2014
                                          LATITUDE:   31 16 N
                                          LONGITUDE:  89 15 W

[TEMPERATURE DATA]      [PRECIPITATION DATA]       SYMBOLS USED IN COLUMN 16

AVERAGE MONTHLY: 81.6   TOTAL FOR MONTH:   5.38    1 = FOG OR MIST
DPTR FM NORMAL:   3.0   DPTR FM NORMAL:    2.78    2 = FOG REDUCING VISIBILITY
HIGHEST:    97 ON  1    GRTST 24HR  3.87 ON 16-16      TO 1/4 MILE OR LESS
LOWEST:     66 ON 14                               3 = THUNDER
                        SNOW, ICE PELLETS, HAIL    4 = ICE PELLETS
                        TOTAL MONTH:   0.0 INCH    5 = HAIL
                        GRTST 24HR     0.0         6 = FREEZING RAIN OR DRIZZLE
                        GRTST DEPTH:   0           7 = DUSTSTORM OR SANDSTORM:
                                                       VSBY 1/2 MILE OR LESS
                                                   8 = SMOKE OR HAZE
[NO. OF DAYS WITH]      [WEATHER - DAYS WITH]      9 = BLOWING SNOW
                                                   X = TORNADO
MAX 32 OR BELOW:   0    0.01 INCH OR MORE:   8
MAX 90 OR ABOVE:  16    0.10 INCH OR MORE:   6
MIN 32 OR BELOW:   0    0.50 INCH OR MORE:   2
MIN  0 OR BELOW:   0    1.00 INCH OR MORE:   1

[HDD (BASE 65) ]
TOTAL THIS MO.     0    CLEAR  (SCALE 0-3)  17
DPTR FM NORMAL     0    PTCLDY (SCALE 4-7)   0
TOTAL FM JUL 1     0    CLOUDY (SCALE 8-10)  1
DPTR FM NORMAL     0

[CDD (BASE 65) ]
TOTAL THIS MO.   304
DPTR FM NORMAL    61    [PRESSURE DATA]
TOTAL FM JAN 1  2183    HIGHEST SLP M ON M
DPTR FM NORMAL    69    LOWEST  SLP 29.85 ON 18

[REMARKS]
