076
CXUS54 KEWX 170910
CF6HDO
PRELIMINARY LOCAL CLIMATOLOGICAL DATA (WS FORM: F-6)

                                          STATION:   HONDO
                                          MONTH:     DECEMBER
                                          YEAR:      2017
                                          LATITUDE:   29 21 N
                                          LONGITUDE:  99 10 W

  TEMPERATURE IN F:       :PCPN:    SNOW:  WIND      :SUNSHINE: SKY     :PK WND
================================================================================
1   2   3   4   5  6A  6B    7    8   9   10  11  12  13   14  15   16   17  18
                                     12Z  AVG MX 2MIN
DY MAX MIN AVG DEP HDD CDD  WTR  SNW DPTH SPD SPD DIR MIN PSBL S-S WX    SPD DR
================================================================================

 1  81  54  68  13   0   3 0.00    M    M  5.8 15 180   M    M   4 8      19 180
 2  82  49  66  12   0   1 0.00    M    M  5.6 15 180   M    M   4 128    29 160
 3  83  63  73  19   0   8 0.00    M    M  8.0 18 180   M    M   7 1      24 160
 4  85  67  76  22   0  11 0.00    M    M 10.0 21 270   M    M   7        35 320
 5  71  50  61   7   4   0 0.01    M    M 13.3 25  10   M    M   9 1      31  40
 6  50  41  46  -7  19   0 0.93    M    M  9.9 17  40   M    M  10 1      20  40
 7  46  35  41 -12  24   0 0.97    M    M  9.0 23  50   M    M  10 1      30  40
 8  60  31  46  -7  19   0 0.00    M    M  7.7 23 220   M    M   2        34 220
 9  74  34  54   1  11   0 0.00    M    M  8.9 18 320   M    M   0        25 310
10  71  32  52   0  13   0 0.00    M    M  5.8 12 260   M    M   0        15 250
11  74  33  54   2  11   0 0.00    M    M  6.6 13 260   M    M   0        16 240
12  71  36  54   2  11   0 0.00    M    M  8.1 18  30   M    M   0 8      22  20
13  63  35  49  -3  16   0 0.00    M    M  4.6  9 230   M    M   0 8      12 230
14  67  41  54   2  11   0    T    M    M  6.8 21  50   M    M   3 8      26  40
15  63  43  53   1  12   0    T    M    M  6.7 20  40   M    M   3        25  40
16  52  41  47  -5  18   0 0.25    M    M  3.3 33  90   M    M   9 1      34  90
================================================================================
SM 1093  685       169  23  2.16    M    120.1          M       68
================================================================================
AV 68.3 42.8                               7.5 FASTST   M    M   4    MAX(MPH)
                                 MISC ---->  # 33  90               # 35  320
================================================================================
NOTES:
# LAST OF SEVERAL OCCURRENCES

COLUMN 17 PEAK WIND IN M.P.H.

PRELIMINARY LOCAL CLIMATOLOGICAL DATA (WS FORM: F-6) , PAGE 2

                                          STATION:  HONDO
                                          MONTH:    DECEMBER
                                          YEAR:     2017
                                          LATITUDE:   29 21 N
                                          LONGITUDE:  99 10 W

[TEMPERATURE DATA]      [PRECIPITATION DATA]       SYMBOLS USED IN COLUMN 16

AVERAGE MONTHLY: 55.6   TOTAL FOR MONTH:   2.16    1 = FOG OR MIST
DPTR FM NORMAL:   2.6   DPTR FM NORMAL:    1.57    2 = FOG REDUCING VISIBILITY
HIGHEST:    85 ON  4    GRTST 24HR  0.97 ON  7- 7      TO 1/4 MILE OR LESS
LOWEST:     31 ON  8                               3 = THUNDER
                        SNOW, ICE PELLETS, HAIL    4 = ICE PELLETS
                        TOTAL MONTH:    M          5 = HAIL
                        GRTST 24HR    M  ON   M    6 = FREEZING RAIN OR DRIZZLE
                        GRTST DEPTH:  M  ON   M    7 = DUSTSTORM OR SANDSTORM:
                                                       VSBY 1/2 MILE OR LESS
                                                   8 = SMOKE OR HAZE
[NO. OF DAYS WITH]      [WEATHER - DAYS WITH]      9 = BLOWING SNOW
                                                   X = TORNADO
MAX 32 OR BELOW:   0    0.01 INCH OR MORE:   4
MAX 90 OR ABOVE:   0    0.10 INCH OR MORE:   3
MIN 32 OR BELOW:   2    0.50 INCH OR MORE:   2
MIN  0 OR BELOW:   0    1.00 INCH OR MORE:   0

[HDD (BASE 65) ]
TOTAL THIS MO.   169    CLEAR  (SCALE 0-3)   8
DPTR FM NORMAL   -30    PTCLDY (SCALE 4-7)   4
TOTAL FM JUL 1   296    CLOUDY (SCALE 8-10)  4
DPTR FM NORMAL  -132

[CDD (BASE 65) ]
TOTAL THIS MO.    23
DPTR FM NORMAL    20    [PRESSURE DATA]
TOTAL FM JAN 1  3530    HIGHEST SLP M ON M
DPTR FM NORMAL   609    LOWEST  SLP 29.79 ON  4

[REMARKS]
