000
CXUS54 KJAN 271414
CF6HEZ
PRELIMINARY LOCAL CLIMATOLOGICAL DATA (WS FORM: F-6)

                                          STATION:   NATCHEZ
                                          MONTH:     MARCH
                                          YEAR:      2015
                                          LATITUDE:   31 37 N
                                          LONGITUDE:  91 15 W

  TEMPERATURE IN F:       :PCPN:    SNOW:  WIND      :SUNSHINE: SKY     :PK WND
================================================================================
1   2   3   4   5  6A  6B    7    8   9   10  11  12  13   14  15   16   17  18
                                     12Z  AVG MX 2MIN
DY MAX MIN AVG DEP HDD CDD  WTR  SNW DPTH SPD SPD DIR MIN PSBL S-S WX    SPD DR
================================================================================

 1  63  54  59   M   6   0 1.17  0.0    0  7.3 14 140   M    M  10         M  M
 2  54  45  50   M  15   0 0.81    M    0  5.9  9 360   M    M  10         M  M
 3  79  46  63   M   2   0 0.00  0.0    0  6.6 13 200   M    M   9        22 180
 4  79  66  73   M   0   8 0.00  0.0    0 10.0 18 160   M    M   9        23 160
 5  32  28  30   M  35   0 0.05    M    M 14.2 21  10   M    M   3        30 360
 6  46  25  36   M  29   0 0.00  0.0    0  7.3 12  20   M    M   0        20  10
 7  63  25  44   M  21   0 0.00  0.0    0  2.0  6 300   M    M   1         M  M
 8  63  45  54   M  11   0 0.07    M    0  4.4  9  60   M    M   9         M  M
 9  63  48  56   M   9   0 0.40  0.0    0  7.4 13 120   M    M  10        18  80
10  66  57  62   M   3   0 1.04  0.0    0  7.0 14 150   M    M  10 1       M  M
11  59  55  57   M   8   0 0.00  0.0    0  7.0 12  20   M    M   9        16  30
12  72  55  64   M   1   0 0.00  0.0    0  8.6 14 130   M    M  10        20 140
13  73  63  68   M   0   3 2.39  0.0    0  8.1 14 230   M    M  10        21 130
14  73  59  66   M   0   1 0.00  0.0    0  5.1 12 230   M    M   9         M  M
15  79  57  68   M   0   3 0.00  0.0    0  4.6 12 120   M    M   2         M  M
16  81  54  68   M   0   3 0.00  0.0    0  4.5 14 250   M    M   1        21 240
17  81  57  69   M   0   4 0.00  0.0    0  4.9 12 310   M    M   3        16 300
18  79  59  69   M   0   4 0.01  0.0    0  3.5  9 130   M    M   5 3       M  M
19  75  57  66   M   0   1 0.00  0.0    0  2.5  6  20   M    M   8         M  M
20  79  61  70   M   0   5 0.00  0.0    0  6.3 10  10   M    M   7        17  10
21  63  59  61   M   4   0 0.00  0.0    0  5.8  8 100   M    M  10         M  M
22  68  55  62   M   3   0 0.00  0.0    0  7.8 10 300   M    M  10         M  M
23  66  54  60   M   5   0 0.03  0.0    0  6.5 13 320   M    M   9        18 360
24  73  46  60   M   5   0 0.00  0.0    0  5.0 13 140   M    M   3        18 140
25  79  54  67   M   0   2 0.00  0.0    0  7.1 15 170   M    M   3        20 170
26  73  50  62   M   3   0 0.00  0.0    0  7.8 18 340   M    M   8        28 350
================================================================================
SM 1781 1334       160  34  5.97     0.0 167.2          M      178
================================================================================
AV 68.5 51.3                               6.4 FASTST   M    M   7    MAX(MPH)
                                 MISC ---->    21   M                 30    M
================================================================================
NOTES:
# LAST OF SEVERAL OCCURRENCES

COLUMN 17 PEAK WIND IN M.P.H.

PRELIMINARY LOCAL CLIMATOLOGICAL DATA (WS FORM: F-6) , PAGE 2

                                          STATION:  NATCHEZ
                                          MONTH:    MARCH
                                          YEAR:     2015
                                          LATITUDE:   31 37 N
                                          LONGITUDE:  91 15 W

[TEMPERATURE DATA]      [PRECIPITATION DATA]       SYMBOLS USED IN COLUMN 16

AVERAGE MONTHLY: 59.9   TOTAL FOR MONTH:   5.97    1 = FOG OR MIST
DPTR FM NORMAL:     M   DPTR FM NORMAL:       M    2 = FOG REDUCING VISIBILITY
HIGHEST:    81 ON 17,16 GRTST 24HR  2.39 ON 13-13      TO 1/4 MILE OR LESS
LOWEST:     25 ON  7, 6                            3 = THUNDER
                        SNOW, ICE PELLETS, HAIL    4 = ICE PELLETS
                        TOTAL MONTH:   0.0 INCH    5 = HAIL
                        GRTST 24HR     0.0         6 = FREEZING RAIN OR DRIZZLE
                        GRTST DEPTH:   0           7 = DUSTSTORM OR SANDSTORM:
                                                       VSBY 1/2 MILE OR LESS
                                                   8 = SMOKE OR HAZE
[NO. OF DAYS WITH]      [WEATHER - DAYS WITH]      9 = BLOWING SNOW
                                                   X = TORNADO
MAX 32 OR BELOW:   1    0.01 INCH OR MORE:   9
MAX 90 OR ABOVE:   0    0.10 INCH OR MORE:   5
MIN 32 OR BELOW:   3    0.50 INCH OR MORE:   4
MIN  0 OR BELOW:   0    1.00 INCH OR MORE:   3

[HDD (BASE 65) ]
TOTAL THIS MO.   160    CLEAR  (SCALE 0-3)   8
DPTR FM NORMAL     M    PTCLDY (SCALE 4-7)   3
TOTAL FM JUL 1  2189    CLOUDY (SCALE 8-10) 15
DPTR FM NORMAL     M

[CDD (BASE 65) ]
TOTAL THIS MO.    34
DPTR FM NORMAL     M    [PRESSURE DATA]
TOTAL FM JAN 1    34    HIGHEST SLP M ON M
DPTR FM NORMAL     M    LOWEST  SLP M ON M

[REMARKS]
