000
CXUS55 KLOX 311155
CF6HHR
PRELIMINARY LOCAL CLIMATOLOGICAL DATA (WS FORM: F-6)

                                          STATION:   HAWTHORNE AIRPORT CA
                                          MONTH:     JANUARY
                                          YEAR:      2015
                                          LATITUDE:   33 55 N
                                          LONGITUDE: 118 20 W

  TEMPERATURE IN F:       :PCPN:    SNOW:  WIND      :SUNSHINE: SKY     :PK WND
================================================================================
1   2   3   4   5  6A  6B    7    8   9   10  11  12  13   14  15   16   17  18
                                     12Z  AVG MX 2MIN
DY MAX MIN AVG DEP HDD CDD  WTR  SNW DPTH SPD SPD DIR MIN PSBL S-S WX    SPD DR
================================================================================

 1  60  40  50  -7  15   0 0.00  0.0    0  2.1  9 260   M    M   0 8      14 230
 2  59  42  51  -6  14   0 0.00  0.0    0  2.0 10 250   M    M   0 8      13 250
 3  62  44  53  -4  12   0 0.00  0.0    0  2.1  9 270   M    M   0 8      13 260
 4  67  45  56  -1   9   0 0.00  0.0    0  2.1 10 260   M    M   0 8      15 270
 5  83  51  67  10   0   2 0.00  0.0    0  1.5  6 290   M    M   0 8      10 360
 6  87  60  74  17   0   9 0.00  0.0    0  2.1  9 270   M    M   0 8      12 270
 7  81  53  67  10   0   2 0.00  0.0    0  2.0 13 260   M    M   0        15 260
 8  73  53  63   5   2   0 0.00  0.0    0  1.7 14 250   M    M   0 8      17 250
 9  73  58  66   8   0   1 0.00  0.0    0  1.4 13 270   M    M   0 18     15 270
10  63  56  60   2   5   0 0.57  0.0    0  1.2  7  90   M    M   8 18      9  40
11  64  57  61   3   4   0 0.39  0.0    0  2.1  9  80   M    M   8 1      11  90
12  66  56  61   3   4   0 0.00  0.0    M  3.2  9 260   M    M   4 128    12 260
13  67  55  61   3   4   0 0.00  0.0    0  2.3 10 270   M    M   3 18     14 300
14  73  50  62   4   3   0 0.00  0.0    0  2.2 14 250   M    M   0 8      17 270
15  77  53  65   7   0   0 0.00  0.0    0  2.0  9 280   M    M   0 8      12  80
16  76  52  64   6   1   0 0.00  0.0    0  2.2 12 270   M    M   0 8      15 260
17  79  51  65   7   0   0 0.00  0.0    0  2.0  9 260   M    M   0 8      14 280
18  73  54  64   6   1   0 0.00  0.0    0  1.9 10 260   M    M   0 18     12 260
19  70  51  61   3   4   0 0.00  0.0    0  1.9 10 260   M    M   0 128    12 260
20  63  54  59   1   6   0 0.00  0.0    0  1.7 12 250   M    M   9 128    15 260
21  68  56  62   4   3   0 0.00  0.0    0  2.6 10 260   M    M   3 18     15 270
22  76  50  63   5   2   0 0.00  0.0    0  2.0  9 260   M    M   0 8      11 270
23  76  54  65   7   0   0 0.00  0.0    0  2.2 13 260   M    M   0        16 270
24  80  49  65   7   0   0 0.00  0.0    0  2.2 12 240   M    M   0 8      14 230
25  84  51  68  10   0   3 0.00  0.0    0  1.5 13 230   M    M   0        16 230
26  78  58  68  10   0   3 0.10  0.0    0  4.6 16 150   M    M   6 1      24 150
27  73  56  65   7   0   0 0.00  0.0    0  2.1 13 270   M    M   3 8      16 260
28  76  56  66   8   0   1 0.00  0.0    0  1.2 10 260   M    M   0        12 270
29  76  62  69  11   0   4    T  0.0    0  1.8  9 260   M    M   2        11 300
30  70  59  65   7   0   0 0.03  0.0    0  2.0 13 250   M    M   6        14 260
================================================================================
SM 2173 1586        89  25  1.09     0.0  61.8          M       52
================================================================================
AV 72.4 52.9                               2.1 FASTST   M    M   2    MAX(MPH)
                                 MISC ---->  # 16 150               # 24  150
================================================================================
NOTES:
# LAST OF SEVERAL OCCURRENCES

COLUMN 17 PEAK WIND IN M.P.H.

PRELIMINARY LOCAL CLIMATOLOGICAL DATA (WS FORM: F-6) , PAGE 2

                                          STATION:  HAWTHORNE AIRPORT CA
                                          MONTH:    JANUARY
                                          YEAR:     2015
                                          LATITUDE:   33 55 N
                                          LONGITUDE: 118 20 W

[TEMPERATURE DATA]      [PRECIPITATION DATA]       SYMBOLS USED IN COLUMN 16

AVERAGE MONTHLY: 62.7   TOTAL FOR MONTH:   1.09    1 = FOG OR MIST
DPTR FM NORMAL:   4.9   DPTR FM NORMAL:   -1.77    2 = FOG REDUCING VISIBILITY
HIGHEST:    87 ON  6    GRTST 24HR  0.94 ON 10-11      TO 1/4 MILE OR LESS
LOWEST:     40 ON  1                               3 = THUNDER
                        SNOW, ICE PELLETS, HAIL    4 = ICE PELLETS
                        TOTAL MONTH:   0.0 INCH    5 = HAIL
                        GRTST 24HR     0.0         6 = FREEZING RAIN OR DRIZZLE
                        GRTST DEPTH:   0           7 = DUSTSTORM OR SANDSTORM:
                                                       VSBY 1/2 MILE OR LESS
                                                   8 = SMOKE OR HAZE
[NO. OF DAYS WITH]      [WEATHER - DAYS WITH]      9 = BLOWING SNOW
                                                   X = TORNADO
MAX 32 OR BELOW:   0    0.01 INCH OR MORE:   4
MAX 90 OR ABOVE:   0    0.10 INCH OR MORE:   3
MIN 32 OR BELOW:   0    0.50 INCH OR MORE:   1
MIN  0 OR BELOW:   0    1.00 INCH OR MORE:   0

[HDD (BASE 65) ]
TOTAL THIS MO.    89    CLEAR  (SCALE 0-3)  23
DPTR FM NORMAL  -137    PTCLDY (SCALE 4-7)   6
TOTAL FM JUL 1   250    CLOUDY (SCALE 8-10)  1
DPTR FM NORMAL  -355

[CDD (BASE 65) ]
TOTAL THIS MO.    25
DPTR FM NORMAL    25    [PRESSURE DATA]
TOTAL FM JAN 1    25    HIGHEST SLP M ON M
DPTR FM NORMAL    25    LOWEST  SLP 29.80 ON 30

[REMARKS]
