000
CXUS52 KGSP 290817
CF6HKY
PRELIMINARY LOCAL CLIMATOLOGICAL DATA (WS FORM: F-6)

                                          STATION:   HICKORY NC
                                          MONTH:     MARCH
                                          YEAR:      2015
                                          LATITUDE:   35 45 N
                                          LONGITUDE:  81 23 W

  TEMPERATURE IN F:       :PCPN:    SNOW:  WIND      :SUNSHINE: SKY     :PK WND
================================================================================
1   2   3   4   5  6A  6B    7    8   9   10  11  12  13   14  15   16   17  18
                                     12Z  AVG MX 2MIN
DY MAX MIN AVG DEP HDD CDD  WTR  SNW DPTH SPD SPD DIR MIN PSBL S-S WX    SPD DR
================================================================================

 1  41  29  35 -11  30   0 0.09    M    M  2.1  7 180   M    M  10 126     8 180
 2  65  37  51   5  14   0 0.00    M    M  4.3 16  10   M    M   5 12     23 350
 3  46  36  41  -5  24   0 0.12    M    M  2.1  9  80   M    M  10 18     12  70
 4  70  41  56  10   9   0 0.00    M    M 11.7 23 200   M    M   6 12     34 190
 5  65  31  48   1  17   0 1.03    M    M 10.4 21  10   M    M  10 1      29  10
 6  41  21  31 -16  34   0 0.00    M    M  4.3 13  40   M    M   0        16  90
 7  60  22  41  -6  24   0 0.00    M    M  4.6 15 190   M    M   0        19 190
 8  70  34  52   4  13   0 0.00    M    M  5.4 20 230   M    M   0        24 230
 9  61  49  55   7  10   0 0.06    M    M  5.0 14 270   M    M   7        20 290
10  69  50  60  12   5   0    T    M    M  3.7 14 190   M    M   9        19 190
11  69  55  62  14   3   0 0.15    M    M  3.1 10 320   M    M  10 12     15 310
12  67  45  56   7   9   0 0.00    M    M  5.0 14  60   M    M   4 12     18  50
13  56  40  48  -1  17   0 0.27    M    M  5.1  9  50   M    M  10 1      12  90
14  62  42  52   3  13   0 0.28    M    M  2.5 10 210   M    M   8 1      14 210
15  75  49  62  12   3   0 0.00    M    M  7.1 18 340   M    M   0        29 340
16  80  47  64  14   1   0 0.00    M    M  4.1 17 270   M    M   0        27 260
17  79  52  66  16   0   1 0.00    M    M  8.9 21 310   M    M   1        26 330
18  62  44  53   3  12   0 0.00    M    M  4.3 13 340   M    M   1        20 340
19  51  39  45  -6  20   0 0.40    M    M  5.5 10  50   M    M  10 1      15  50
20  57  39  48  -3  17   0 0.01    M    M  1.4  8 200   M    M   6 12     11 200
21  73  37  55   4  10   0 0.00    M    M  2.4 10 200   M    M   3 12     14 260
22  67  49  58   6   7   0 0.04    M    M  2.8  8 200   M    M   3        12 200
23  64  51  58   6   7   0    T    M    M  4.5 17  60   M    M   4 1      22  50
24  69  44  57   5   8   0 0.00    M    M  2.0 12 200   M    M   5        17 210
25  61  49  55   3  10   0 0.02    M    M  4.8 13  60   M    M  10 18     15  50
26  73  53  63  10   2   0    T    M    M  8.2 20 200   M    M   5 18     29 200
27  62  40  51  -2  14   0 0.12  0.0    0  7.5 16 320   M    M   8 1      23 340
28  47  30  39 -14  26   0 0.00    M    M  7.3 16 350   M    M   1        24 360
================================================================================
SM 1762 1155       359   1  2.59     0.0 140.1          M      146
================================================================================
AV 62.9 41.2                               5.0 FASTST   M    M   5    MAX(MPH)
                                 MISC ---->  # 23 200               # 34  190
================================================================================
NOTES:
# LAST OF SEVERAL OCCURRENCES

COLUMN 17 PEAK WIND IN M.P.H.

PRELIMINARY LOCAL CLIMATOLOGICAL DATA (WS FORM: F-6) , PAGE 2

                                          STATION:  HICKORY NC
                                          MONTH:    MARCH
                                          YEAR:     2015
                                          LATITUDE:   35 45 N
                                          LONGITUDE:  81 23 W

[TEMPERATURE DATA]      [PRECIPITATION DATA]       SYMBOLS USED IN COLUMN 16

AVERAGE MONTHLY: 52.1   TOTAL FOR MONTH:   2.59    1 = FOG OR MIST
DPTR FM NORMAL:   2.7   DPTR FM NORMAL:   -1.21    2 = FOG REDUCING VISIBILITY
HIGHEST:    80 ON 16    GRTST 24HR  1.03 ON  5- 5      TO 1/4 MILE OR LESS
LOWEST:     21 ON  6                               3 = THUNDER
                        SNOW, ICE PELLETS, HAIL    4 = ICE PELLETS
                        TOTAL MONTH:   0.0 INCH    5 = HAIL
                        GRTST 24HR     0.0         6 = FREEZING RAIN OR DRIZZLE
                        GRTST DEPTH:   0           7 = DUSTSTORM OR SANDSTORM:
                                                       VSBY 1/2 MILE OR LESS
                                                   8 = SMOKE OR HAZE
[NO. OF DAYS WITH]      [WEATHER - DAYS WITH]      9 = BLOWING SNOW
                                                   X = TORNADO
MAX 32 OR BELOW:   0    0.01 INCH OR MORE:  12
MAX 90 OR ABOVE:   0    0.10 INCH OR MORE:   7
MIN 32 OR BELOW:   5    0.50 INCH OR MORE:   1
MIN  0 OR BELOW:   0    1.00 INCH OR MORE:   1

[HDD (BASE 65) ]
TOTAL THIS MO.   359    CLEAR  (SCALE 0-3)  10
DPTR FM NORMAL   -79    PTCLDY (SCALE 4-7)  10
TOTAL FM JUL 1  3390    CLOUDY (SCALE 8-10)  8
DPTR FM NORMAL    97

[CDD (BASE 65) ]
TOTAL THIS MO.     1
DPTR FM NORMAL     1    [PRESSURE DATA]
TOTAL FM JAN 1     1    HIGHEST SLP  0.00 ON 18
DPTR FM NORMAL     1    LOWEST  SLP  0.00 ON 18

[REMARKS]
