000
CXUS53 KGLD 200800
CF6HLC
PRELIMINARY LOCAL CLIMATOLOGICAL DATA (WS FORM: F-6)

                                          STATION:   HILL CITY KS
                                          MONTH:     JULY
                                          YEAR:      2017
                                          LATITUDE:   39 22 N
                                          LONGITUDE:  99 50 W

  TEMPERATURE IN F:       :PCPN:    SNOW:  WIND      :SUNSHINE: SKY     :PK WND
================================================================================
1   2   3   4   5  6A  6B    7    8   9   10  11  12  13   14  15   16   17  18
                                     12Z  AVG MX 2MIN
DY MAX MIN AVG DEP HDD CDD  WTR  SNW DPTH SPD SPD DIR MIN PSBL S-S WX    SPD DR
================================================================================

 1  90  54  72  -6   0   7 0.00    M    M  8.9 16 210   M    M   0        23 200
 2  93  64  79   1   0  14 1.06    M    M 13.2 39 360   M    M   2 13     56 320
 3  84  64  74  -4   0   9 0.19    M    M  6.9 23  50   M    M   1 13     32 170
 4  88  65  77  -1   0  12 0.00    M    M  6.2 13  90   M    M   0 18     17 110
 5  91  66  79   1   0  14 0.00    M    M  4.8 12 130   M    M   1 18     17 160
 6  99  64  82   3   0  17 0.00    M    M  7.4 29 330   M    M   0 18     40 320
 7  90  66  78  -1   0  13 0.00    M    M  8.5 18  90   M    M   0 8      24  70
 8  94  65  80   1   0  15 0.05    M    M  5.8 18 340   M    M   2 13     25 260
 9 101  68  85   6   0  20 0.00    M    M  9.2 16 220   M    M   0        22 220
10 104  74  89  10   0  24 0.00    M    M  9.2 16 170   M    M   0        24 150
11 107  70  89  10   0  24 0.00    M    M  9.5 21 200   M    M   0 8      36 200
12  98  72  85   6   0  20 0.00    M    M 11.0 26 290   M    M   1 3      34 300
13  82  68  75  -4   0  10 0.02    M    M  6.6 17 330   M    M   6 1      24 320
14  91  68  80   0   0  15 0.00    M    M  4.5 14  90   M    M   4 1      20  90
15  95  68  82   2   0  17 0.00    M    M  4.2 15 260   M    M   2 8      20  80
16  94  68  81   1   0  16 0.00    M    M  5.2 13 180   M    M   1 8      16 170
17  99  68  84   4   0  19 0.00    M    M 12.6 23 190   M    M   3 38     31 190
18 103  67  85   5   0  20 0.00    M    M  8.8 20  10   M    M   0 18     24  10
19 106  74  90  10   0  25 0.00    M    M  9.2 21 180   M    M   0        34 170
================================================================================
SM 1809 1273         0 311  1.32    M    151.7          M       23
================================================================================
AV 95.2 67.0                               8.0 FASTST   M    M   1    MAX(MPH)
                                 MISC ---->  # 39 360               # 56  320
================================================================================
NOTES:
# LAST OF SEVERAL OCCURRENCES

COLUMN 17 PEAK WIND IN M.P.H.

PRELIMINARY LOCAL CLIMATOLOGICAL DATA (WS FORM: F-6) , PAGE 2

                                          STATION:  HILL CITY KS
                                          MONTH:    JULY
                                          YEAR:     2017
                                          LATITUDE:   39 22 N
                                          LONGITUDE:  99 50 W

[TEMPERATURE DATA]      [PRECIPITATION DATA]       SYMBOLS USED IN COLUMN 16

AVERAGE MONTHLY: 81.1   TOTAL FOR MONTH:   1.32    1 = FOG OR MIST
DPTR FM NORMAL:   2.1   DPTR FM NORMAL:   -0.96    2 = FOG REDUCING VISIBILITY
HIGHEST:   107 ON 11    GRTST 24HR  1.06 ON  2- 2      TO 1/4 MILE OR LESS
LOWEST:     54 ON  1                               3 = THUNDER
                        SNOW, ICE PELLETS, HAIL    4 = ICE PELLETS
                        TOTAL MONTH:    M          5 = HAIL
                        GRTST 24HR    M  ON   M    6 = FREEZING RAIN OR DRIZZLE
                        GRTST DEPTH:  M  ON   M    7 = DUSTSTORM OR SANDSTORM:
                                                       VSBY 1/2 MILE OR LESS
                                                   8 = SMOKE OR HAZE
[NO. OF DAYS WITH]      [WEATHER - DAYS WITH]      9 = BLOWING SNOW
                                                   X = TORNADO
MAX 32 OR BELOW:   0    0.01 INCH OR MORE:   4
MAX 90 OR ABOVE:  16    0.10 INCH OR MORE:   2
MIN 32 OR BELOW:   0    0.50 INCH OR MORE:   1
MIN  0 OR BELOW:   0    1.00 INCH OR MORE:   1

[HDD (BASE 65) ]
TOTAL THIS MO.     0    CLEAR  (SCALE 0-3)  17
DPTR FM NORMAL     0    PTCLDY (SCALE 4-7)   2
TOTAL FM JUL 1     0    CLOUDY (SCALE 8-10)  0
DPTR FM NORMAL     0

[CDD (BASE 65) ]
TOTAL THIS MO.   311
DPTR FM NORMAL    44    [PRESSURE DATA]
TOTAL FM JAN 1   761    HIGHEST SLP M ON M
DPTR FM NORMAL   160    LOWEST  SLP 29.65 ON 11

[REMARKS]
