000
CXUS51 KPBZ 290804
CF6HLG
PRELIMINARY LOCAL CLIMATOLOGICAL DATA (WS FORM: F-6)

                                          STATION:   WHEELING
                                          MONTH:     APRIL
                                          YEAR:      2016
                                          LATITUDE:   40 10 N
                                          LONGITUDE:  80 39 W

  TEMPERATURE IN F:       :PCPN:    SNOW:  WIND      :SUNSHINE: SKY     :PK WND
================================================================================
1   2   3   4   5  6A  6B    7    8   9   10  11  12  13   14  15   16   17  18
                                     12Z  AVG MX 2MIN
DY MAX MIN AVG DEP HDD CDD  WTR  SNW DPTH SPD SPD DIR MIN PSBL S-S WX    SPD DR
================================================================================

 1  69  45  57  11   8   0 0.04    M    M 13.0 31 250   M    M   8 1      42 250
 2  52  29  41  -6  24   0 0.13    M    M 19.4 40 260   M    M   7 128    59 250
 3  52  26  39  -8  26   0 0.01    M    M 14.0 24 200   M    M   5 18     32 210
 4  55  27  41  -6  24   0 0.18    M    M 15.1 25 230   M    M   9        39 220
 5  41  22  32 -16  33   0    T    M    M  6.5 14 360   M    M   3 1      18  10
 6  67  28  48   0  17   0 0.03    M    M 13.2 30 190   M    M   5        38 200
 7  52  33  43  -5  22   0 0.35    M    M 14.7 32 210   M    M   9 1      43 240
 8  45  32  39 -10  26   0 0.09    M    M 11.6 25 250   M    M   7 1      30 270
 9  34  24  29 -20  36   0 0.04    M    M 13.2 28 310   M    M   8 128    40 310
10  53  19  36 -14  29   0 0.04    M    M  8.6 17 170   M    M   7        26 180
11  66  48  57   7   8   0 0.78    M    M 14.3 31 200   M    M  10 1      40 200
12  50  36  43  -7  22   0 0.03    M    M  9.3 21 330   M    M   3 1      27 330
13  56  31  44  -7  21   0 0.00    M    M  8.3 16 100   M    M   0        22 110
14  66  36  51   0  14   0 0.00    M    M  6.9 14  30   M    M   0        19  30
15  71  45  58   7   7   0 0.00    M    M  8.6 14  80   M    M   0        19  80
16  73  46  60   8   5   0 0.00    M    M  4.8 14  70   M    M   0        18  60
17  80  47  64  12   1   0 0.00    M    M  3.8 14 330   M    M   0        16  60
18  81  50  66  14   0   1 0.00    M    M  4.5 16 290   M    M   0        21 280
19  72  52  62   9   3   0 0.00    M    M  6.6 15 350   M    M   1        20 340
20  74  47  61   8   4   0 0.00    M    M  8.5 17  90   M    M   0        20 100
21  77  59  68  15   0   3    T    M    M  7.4 17 290   M    M   4        23 280
22  69  56  63   9   2   0 0.13    M    M  6.3 18 350   M    M   9 13     22  10
23  61  46  54   0  11   0    T    M    M 10.0 18 340   M    M   5 18     23 320
24  71  38  55   1  10   0 0.00    M    M  3.4  9 280   M    M   0        15 120
25  80  45  63   9   2   0    T    M    M  7.7 20 230   M    M   2        27 250
26  77  51  64   9   1   0 0.36    M    M 11.3 24 320   M    M   6 13     31 320
27  60  45  53  -2  12   0 0.00    M    M  4.4 14 350   M    M   9        19  30
28  61  47  54  -1  11   0 0.34    M    M  6.1 13 350   M    M   9 18     16  50
================================================================================
SM 1765 1110       379   4  2.55    M    261.5          M      126
================================================================================
AV 63.0 39.6                               9.3 FASTST   M    M   5    MAX(MPH)
                                 MISC ---->  # 40 260               # 59  250
================================================================================
NOTES:
# LAST OF SEVERAL OCCURRENCES

COLUMN 17 PEAK WIND IN M.P.H.

PRELIMINARY LOCAL CLIMATOLOGICAL DATA (WS FORM: F-6) , PAGE 2

                                          STATION:  WHEELING
                                          MONTH:    APRIL
                                          YEAR:     2016
                                          LATITUDE:   40 10 N
                                          LONGITUDE:  80 39 W

[TEMPERATURE DATA]      [PRECIPITATION DATA]       SYMBOLS USED IN COLUMN 16

AVERAGE MONTHLY: 51.3   TOTAL FOR MONTH:   2.55    1 = FOG OR MIST
DPTR FM NORMAL:   0.3   DPTR FM NORMAL:   -0.27    2 = FOG REDUCING VISIBILITY
HIGHEST:    81 ON 18    GRTST 24HR  0.79 ON 11-12      TO 1/4 MILE OR LESS
LOWEST:     19 ON 10                               3 = THUNDER
                        SNOW, ICE PELLETS, HAIL    4 = ICE PELLETS
                        TOTAL MONTH:    M          5 = HAIL
                        GRTST 24HR    M  ON   M    6 = FREEZING RAIN OR DRIZZLE
                        GRTST DEPTH:  M  ON   M    7 = DUSTSTORM OR SANDSTORM:
                                                       VSBY 1/2 MILE OR LESS
                                                   8 = SMOKE OR HAZE
[NO. OF DAYS WITH]      [WEATHER - DAYS WITH]      9 = BLOWING SNOW
                                                   X = TORNADO
MAX 32 OR BELOW:   0    0.01 INCH OR MORE:  14
MAX 90 OR ABOVE:   0    0.10 INCH OR MORE:   7
MIN 32 OR BELOW:   9    0.50 INCH OR MORE:   1
MIN  0 OR BELOW:   0    1.00 INCH OR MORE:   0

[HDD (BASE 65) ]
TOTAL THIS MO.   379    CLEAR  (SCALE 0-3)  11
DPTR FM NORMAL   -21    PTCLDY (SCALE 4-7)  11
TOTAL FM JUL 1  4253    CLOUDY (SCALE 8-10)  6
DPTR FM NORMAL -1087

[CDD (BASE 65) ]
TOTAL THIS MO.     4
DPTR FM NORMAL     4    [PRESSURE DATA]
TOTAL FM JAN 1     5    HIGHEST SLP M ON M
DPTR FM NORMAL     4    LOWEST  SLP 29.43 ON M

[REMARKS]
