000
CXHW50 PHFO 301250
CF6HNL
PRELIMINARY LOCAL CLIMATOLOGICAL DATA (WS FORM: F-6)

                                          STATION:   HONOLULU HI
                                          MONTH:     AUGUST
                                          YEAR:      2015
                                          LATITUDE:   21 21 N
                                          LONGITUDE: 157 56 W

  TEMPERATURE IN F:       :PCPN:    SNOW:  WIND      :SUNSHINE: SKY     :PK WND
================================================================================
1   2   3   4   5  6A  6B    7    8   9   10  11  12  13   14  15   16   17  18
                                     12Z  AVG MX 2MIN
DY MAX MIN AVG DEP HDD CDD  WTR  SNW DPTH SPD SPD DIR MIN PSBL S-S WX    SPD DR
================================================================================

 1  90  78  84   2   0  19    T  0.0    0 12.6 24  60   M    M   5        32  30
 2  90  78  84   2   0  19 0.00  0.0    0 13.6 25  50   M    M   4        32  30
 3  91  78  85   3   0  20 0.00  0.0    0 10.2 24  50   M    M   4        31  40
 4  92  73  83   1   0  18 0.00  0.0    0  9.5 18  70   M    M   4        23  30
 5  90  77  84   2   0  19 0.03  0.0    0 10.9 22  60   M    M   7 1      28  60
 6  89  77  83   1   0  18    T  0.0    0  7.9 16  40   M    M   7        26 360
 7  91  76  84   2   0  19 0.05  0.0    0  9.7 22  80   M    M   6 1      31  80
 8  92  78  85   3   0  20    T  0.0    0 15.0 25  50   M    M   5        33  60
 9  88  78  83   1   0  18    T  0.0    0 12.5 23  60   M    M   6        31  80
10  90  78  84   2   0  19 0.00  0.0    0 11.9 21  70   M    M   4        28  80
11  91  76  84   2   0  19 0.00  0.0    0  8.2 20  70   M    M   4        25  50
12  93  79  86   4   0  21 0.00  0.0    0 11.1 20  50   M    M   4        25  40
13  92  79  86   4   0  21    T  0.0    0 12.6 24  80   M    M   6        35  70
14  91  79  85   3   0  20    T  0.0    0 15.4 25  80   M    M   6        31  60
15  89  79  84   2   0  19 0.00  0.0    0 12.7 24  50   M    M   7        33  50
16  89  78  84   2   0  19    T  0.0    0  6.9 15  80   M    M   6 1      17 230
17  88  75  82   0   0  17 0.01  0.0    0  5.3 14  50   M    M   6        17  50
18  89  76  83   1   0  18 0.00  0.0    0  5.8 13 170   M    M   4        16 220
19  88  76  82   0   0  17 0.00  0.0    0  4.4 12 170   M    M   4        15 170
20  87  76  82   0   0  17 0.14  0.0    0  6.7 16  30   M    M   5 1      22 130
21  92  79  86   4   0  21 0.00  0.0    0 10.4 18  70   M    M   5        25  60
22  92  81  87   5   0  22 0.01  0.0    0  7.2 17 110   M    M   6 3      21 120
23  90  77  84   2   0  19 0.89  0.0    0  4.6 20 220   M    M   7 13     22 220
24  83  73  78  -4   0  13 3.59  0.0    0  7.6 18 120   M    M   8 13     24 140
25  85  76  81  -1   0  16 0.92  0.0    0  4.7 16 230   M    M   7 13     20 140
26  85  78  82   0   0  17 1.93  0.0    0  4.2 18 360   M    M   5 123    22 360
27  89  76  83   1   0  18 0.06  0.0    0  4.0 14 310   M    M   4 13     16 300
28  92  78  85   3   0  20 0.00  0.0    0  6.3 15  30   M    M   6        20  30
29  90  78  84   2   0  19 0.00  0.0    0 10.7 21  70   M    M   5        26  70
================================================================================
SM 2598 2240         0 542  7.63     0.0 262.6          M      157
================================================================================
AV 89.6 77.2                               9.1 FASTST   M    M   5    MAX(MPH)
                                 MISC ---->  # 25  50               # 35   70
================================================================================
NOTES:
# LAST OF SEVERAL OCCURRENCES

COLUMN 17 PEAK WIND IN M.P.H.

PRELIMINARY LOCAL CLIMATOLOGICAL DATA (WS FORM: F-6) , PAGE 2

                                          STATION:  HONOLULU HI
                                          MONTH:    AUGUST
                                          YEAR:     2015
                                          LATITUDE:   21 21 N
                                          LONGITUDE: 157 56 W

[TEMPERATURE DATA]      [PRECIPITATION DATA]       SYMBOLS USED IN COLUMN 16

AVERAGE MONTHLY: 83.4   TOTAL FOR MONTH:   7.63    1 = FOG OR MIST
DPTR FM NORMAL:   1.4   DPTR FM NORMAL:    7.11    2 = FOG REDUCING VISIBILITY
HIGHEST:    93 ON 12    GRTST 24HR  4.42 ON 23-24      TO 1/4 MILE OR LESS
LOWEST:     73 ON 24, 4                            3 = THUNDER
                        SNOW, ICE PELLETS, HAIL    4 = ICE PELLETS
                        TOTAL MONTH:   0.0 INCH    5 = HAIL
                        GRTST 24HR     0.0         6 = FREEZING RAIN OR DRIZZLE
                        GRTST DEPTH:   0           7 = DUSTSTORM OR SANDSTORM:
                                                       VSBY 1/2 MILE OR LESS
                                                   8 = SMOKE OR HAZE
[NO. OF DAYS WITH]      [WEATHER - DAYS WITH]      9 = BLOWING SNOW
                                                   X = TORNADO
MAX 32 OR BELOW:   0    0.01 INCH OR MORE:  10
MAX 90 OR ABOVE:  17    0.10 INCH OR MORE:   5
MIN 32 OR BELOW:   0    0.50 INCH OR MORE:   4
MIN  0 OR BELOW:   0    1.00 INCH OR MORE:   2

[HDD (BASE 65) ]
TOTAL THIS MO.     0    CLEAR  (SCALE 0-3)   0
DPTR FM NORMAL     0    PTCLDY (SCALE 4-7)  28
TOTAL FM JUL 1     0    CLOUDY (SCALE 8-10)  1
DPTR FM NORMAL     0

[CDD (BASE 65) ]
TOTAL THIS MO.   542
DPTR FM NORMAL    49    [PRESSURE DATA]
TOTAL FM JAN 1  3072    HIGHEST SLP M ON M
DPTR FM NORMAL   119    LOWEST  SLP 29.80 ON 18

[REMARKS]
