000
CXHW50 PHFO 201250
CF6HNL
PRELIMINARY LOCAL CLIMATOLOGICAL DATA (WS FORM: F-6)

                                          STATION:   HONOLULU HI
                                          MONTH:     FEBRUARY
                                          YEAR:      2018
                                          LATITUDE:   21 21 N
                                          LONGITUDE: 157 56 W

  TEMPERATURE IN F:       :PCPN:    SNOW:  WIND      :SUNSHINE: SKY     :PK WND
================================================================================
1   2   3   4   5  6A  6B    7    8   9   10  11  12  13   14  15   16   17  18
                                     12Z  AVG MX 2MIN
DY MAX MIN AVG DEP HDD CDD  WTR  SNW DPTH SPD SPD DIR MIN PSBL S-S WX    SPD DR
================================================================================

 1  84  77  81   8   0  16 0.03  0.0    M  9.7 16 180   M    M   M X      22 180
 2  82  74  78   5   0  13 0.04  0.0    M  7.2 21 170   M    M   M        27 180
 3  81  73  77   4   0  12    T  0.0    M  5.4 12 150   M    M   M        15 160
 4  80  72  76   3   0  11 0.23  0.0    M  7.3 21 230   M    M   M 1      24 230
 5  81  71  76   3   0  11 0.54  0.0    M  7.0 16 320   M    M   M 1      23 280
 6  80  68  74   1   0   9 0.02  0.0    M  4.2 14 140   M    M   M        17 140
 7  82  67  75   2   0  10    T  0.0    M  5.4 16 220   M    M   M 8      20 230
 8  83  67  75   2   0  10 0.00  0.0    M 10.7 23  10   M    M   M        32 360
 9  81  63  72  -1   0   7 0.00  0.0    M  8.6 21  10   M    M   M        29 360
10  80  65  73   0   0   8 0.00  0.0    M  8.6 18  40   M    M   M        24  30
11  80  65  73   0   0   8 0.00  0.0    M  4.7 14 230   M    M   M        17 180
12  80  64  72  -1   0   7    T  0.0    M  3.9 13 180   M    M   M        16 120
13  79  71  75   2   0  10 0.48  0.0    M  5.1 17 220   M    M   M 18     30 180
14  76  72  74   1   0   9 1.46  0.0    M  6.8 20 240   M    M   M 13     32 240
15  80  69  75   2   0  10 0.27  0.0    M  6.8 21 280   M    M   M 1      26 260
16  80  66  73   0   0   8 0.00  0.0    M  4.4 10 200   M    M   M        13 210
17  81  67  74   1   0   9 0.00  0.0    M  5.1 13 220   M    M   M 3      16 220
18  79  68  74   1   0   9 0.83  0.0    M  8.1 25  30   M    M   M 13     31  30
19  80  63  72  -1   0   7 0.00  0.0    M  5.3 14 150   M    M   M        17 150
================================================================================
SM 1529 1302         0 184  3.90     0.0 124.3          M        M
================================================================================
AV 80.5 68.5                               6.5 FASTST   M    M -nan   MAX(MPH)
                                 MISC ---->  # 25  30               # 32  360
================================================================================
NOTES:
# LAST OF SEVERAL OCCURRENCES

COLUMN 17 PEAK WIND IN M.P.H.

PRELIMINARY LOCAL CLIMATOLOGICAL DATA (WS FORM: F-6) , PAGE 2

                                          STATION:  HONOLULU HI
                                          MONTH:    FEBRUARY
                                          YEAR:     2018
                                          LATITUDE:   21 21 N
                                          LONGITUDE: 157 56 W

[TEMPERATURE DATA]      [PRECIPITATION DATA]       SYMBOLS USED IN COLUMN 16

AVERAGE MONTHLY: 74.5   TOTAL FOR MONTH:   3.90    1 = FOG OR MIST
DPTR FM NORMAL:   1.5   DPTR FM NORMAL:    2.60    2 = FOG REDUCING VISIBILITY
HIGHEST:    84 ON  1    GRTST 24HR  1.46 ON 14-14      TO 1/4 MILE OR LESS
LOWEST:     63 ON 19, 9                            3 = THUNDER
                        SNOW, ICE PELLETS, HAIL    4 = ICE PELLETS
                        TOTAL MONTH:   0.0 INCH    5 = HAIL
                        GRTST 24HR     0.0         6 = FREEZING RAIN OR DRIZZLE
                        GRTST DEPTH:  M  ON   M    7 = DUSTSTORM OR SANDSTORM:
                                                       VSBY 1/2 MILE OR LESS
                                                   8 = SMOKE OR HAZE
[NO. OF DAYS WITH]      [WEATHER - DAYS WITH]      9 = BLOWING SNOW
                                                   X = TORNADO
MAX 32 OR BELOW:   0    0.01 INCH OR MORE:   9
MAX 90 OR ABOVE:   0    0.10 INCH OR MORE:   6
MIN 32 OR BELOW:   0    0.50 INCH OR MORE:   3
MIN  0 OR BELOW:   0    1.00 INCH OR MORE:   1

[HDD (BASE 65) ]
TOTAL THIS MO.     0    CLEAR  (SCALE 0-3)   0
DPTR FM NORMAL     0    PTCLDY (SCALE 4-7)   0
TOTAL FM JUL 1     0    CLOUDY (SCALE 8-10)  0
DPTR FM NORMAL     0

[CDD (BASE 65) ]
TOTAL THIS MO.   184
DPTR FM NORMAL    32    [PRESSURE DATA]
TOTAL FM JAN 1   556    HIGHEST SLP M ON M
DPTR FM NORMAL   150    LOWEST  SLP 29.73 ON  6

[REMARKS]
