000
CXUS54 KMAF 261100
CF6HOB
PRELIMINARY LOCAL CLIMATOLOGICAL DATA (WS FORM: F-6)

                                          STATION:   Lea Airport, Hobbs
                                          MONTH:     MARCH
                                          YEAR:      2017
                                          LATITUDE:   32 40 N
                                          LONGITUDE: 103-12 E

  TEMPERATURE IN F:       :PCPN:    SNOW:  WIND      :SUNSHINE: SKY     :PK WND
================================================================================
1   2   3   4   5  6A  6B    7    8   9   10  11  12  13   14  15   16   17  18
                                     12Z  AVG MX 2MIN
DY MAX MIN AVG DEP HDD CDD  WTR  SNW DPTH SPD SPD DIR MIN PSBL S-S WX    SPD DR
================================================================================

 1  57  36  47   M  18   0 0.00  0.0    0  7.2 14  20   M    M   0        18 320
 2  61  30  46   M  19   0 0.00  0.0    0  5.3 12 160   M    M   0        20 160
 3  59  34  47   M  18   0 0.00  0.0    0  8.9 14 130   M    M   0        24 150
 4  70  39  55   M  10   0 0.00  0.0    M 11.4 17 170   M    M   1        23 180
 5   M   M   M   M   M   M 0.00  0.0    0 11.0 21 210   M    M   4 12     29 210
 6   M   M   M   M   M   M 0.00  0.0    0 15.1 28 230   M    M   3 12     38 230
 7  63  34  49   M  16   0 0.00  0.0    0  7.4 15  60   M    M   0         M  M
 8  77  32  55   M  10   0 0.00  0.0    0  5.1 10 180   M    M   0        16 200
 9   M   M   M   M   M   M 0.00  0.0    0  6.4 14 260   M    M   4 1      18 260
10   M   M   M   M   M   M 0.00  0.0    0  9.8 16  30   M    M   1 12     20  50
11   M   M   M   M   M   M 0.01    M    0 12.9 32  40   M    M   6 1378   41  40
12  59  37  48   M  17   0 0.00  0.0    0  9.2 17 180   M    M   6 1      23  50
13  63  41  52   M  13   0 0.00  0.0    0 11.6 27  20   M    M   1        41 350
14  82  39  61   M   4   0 0.00  0.0    0  6.6 14 250   M    M   0        18 250
15  73  39  56   M   9   0 0.00  0.0    0  6.5  9 130   M    M   0         M  M
16   M   M   M   M   M   M 0.00  0.0    0  8.9 17 250   M    M   4 12     23 260
17   M   M   M   M   M   M 0.00  0.0    0  7.8 15 290   M    M   0 12     21 290
18   M   M   M   M   M   M 0.00  0.0    0  8.4 12 350   M    M   2 12      M  M
19   M   M   M   M   M   M 0.00  0.0    0  8.0 14 210   M    M   2 12     20 210
20  90  54  72   M   0   7 0.00  0.0    0  8.4 13 180   M    M   0        18 240
21   M   M   M   M   M   M 0.00  0.0    0  7.9 15  60   M    M   0        21  70
22  84  50  67   M   0   2 0.00  0.0    0 10.7 20 150   M    M   0        23 150
23  86  54  70   M   0   5 0.00  0.0    0 21.6 36 140   M    M   1 78     45 140
24  73  45  59   M   6   0 0.00  0.0    0 20.4 33 240   M    M   1        41 240
25  73  36  55   M  10   0 0.00  0.0    0  7.0 16 160   M    M   0        23 190
================================================================================
SM 1070  600       150  14  0.01     0.0 243.5          M       36
================================================================================
AV 71.3 40.0                               9.7 FASTST   M    M   1    MAX(MPH)
                                 MISC ---->    36   M                 45    M
================================================================================
NOTES:
# LAST OF SEVERAL OCCURRENCES

COLUMN 17 PEAK WIND IN M.P.H.

PRELIMINARY LOCAL CLIMATOLOGICAL DATA (WS FORM: F-6) , PAGE 2

                                          STATION:  Lea Airport, Hobbs
                                          MONTH:    MARCH
                                          YEAR:     2017
                                          LATITUDE:   32 40 N
                                          LONGITUDE: 103-12 E

[TEMPERATURE DATA]      [PRECIPITATION DATA]       SYMBOLS USED IN COLUMN 16

AVERAGE MONTHLY: 55.7   TOTAL FOR MONTH:   0.01    1 = FOG OR MIST
DPTR FM NORMAL:     M   DPTR FM NORMAL:       M    2 = FOG REDUCING VISIBILITY
HIGHEST:    90 ON 20    GRTST 24HR  0.01 ON 11-11      TO 1/4 MILE OR LESS
LOWEST:     30 ON  2                               3 = THUNDER
                        SNOW, ICE PELLETS, HAIL    4 = ICE PELLETS
                        TOTAL MONTH:   0.0 INCH    5 = HAIL
                        GRTST 24HR     0.0         6 = FREEZING RAIN OR DRIZZLE
                        GRTST DEPTH:   0           7 = DUSTSTORM OR SANDSTORM:
                                                       VSBY 1/2 MILE OR LESS
                                                   8 = SMOKE OR HAZE
[NO. OF DAYS WITH]      [WEATHER - DAYS WITH]      9 = BLOWING SNOW
                                                   X = TORNADO
MAX 32 OR BELOW:   0    0.01 INCH OR MORE:   1
MAX 90 OR ABOVE:   1    0.10 INCH OR MORE:   0
MIN 32 OR BELOW:   2    0.50 INCH OR MORE:   0
MIN  0 OR BELOW:   0    1.00 INCH OR MORE:   0

[HDD (BASE 65) ]
TOTAL THIS MO.   150    CLEAR  (SCALE 0-3)  19
DPTR FM NORMAL     M    PTCLDY (SCALE 4-7)   6
TOTAL FM JUL 1  1748    CLOUDY (SCALE 8-10)  0
DPTR FM NORMAL     M

[CDD (BASE 65) ]
TOTAL THIS MO.    14
DPTR FM NORMAL     M    [PRESSURE DATA]
TOTAL FM JAN 1    15    HIGHEST SLP M ON M
DPTR FM NORMAL     M    LOWEST  SLP M ON M

[REMARKS]
