000
CXUS54 KMAF 261100
CF6HOB
PRELIMINARY LOCAL CLIMATOLOGICAL DATA (WS FORM: F-6)

                                          STATION:   Lea Airport, Hobbs
                                          MONTH:     FEBRUARY
                                          YEAR:      2015
                                          LATITUDE:   32 40 N
                                          LONGITUDE: 103-12 E

  TEMPERATURE IN F:       :PCPN:    SNOW:  WIND      :SUNSHINE: SKY     :PK WND
================================================================================
1   2   3   4   5  6A  6B    7    8   9   10  11  12  13   14  15   16   17  18
                                     12Z  AVG MX 2MIN
DY MAX MIN AVG DEP HDD CDD  WTR  SNW DPTH SPD SPD DIR MIN PSBL S-S WX    SPD DR
================================================================================

 1  48  36  42   M  23   0 0.00  0.0    0 12.0 21  10   M    M   7 12     25 360
 2   M   M   M   M   M   M 0.00  0.0    0 11.1 18 180   M    M   3        23 180
 3  64  28  46   M  19   0 0.00  0.0    0  5.9 16 160   M    M   0        17 170
 4  72  28  50   M  15   0 0.00  0.0    0 15.5 33  20   M    M   2 17     39  10
 5  52  28  40   M  25   0 0.00  0.0    0  6.8 13 350   M    M   5 1       M  M
 6  73  30  52   M  13   0 0.00  0.0    0  8.0 16 220   M    M   0 1      22 220
 7  77  41  59   M   6   0 0.00  0.0    0 13.2 18 230   M    M   0        27 270
 8  73  45  59   M   6   0 0.00  0.0    0 11.6 28 300   M    M   0        33 300
 9  75  37  56   M   9   0 0.00  0.0    0  8.7 18 170   M    M   0        24 170
10  77  39  58   M   7   0 0.00  0.0    0  3.9 10 190   M    M   0         M  M
11   M   M   M   M   M   M 0.00  0.0    0 17.3 29  20   M    M   6 17     33  20
12  52  32  42   M  23   0 0.00  0.0    0  8.0 17 360   M    M   3        16  30
13  66  34  50   M  15   0 0.00  0.0    0  4.7 12 220   M    M   0         M  M
14   M   M   M   M   M   M 0.00  0.0    0  5.3 14 170   M    M   0        17 170
15  75  32  54   M  11   0 0.00  0.0    0 11.7 25 360   M    M   0        33  20
16  46  28  37   M  28   0 0.25    M    0 12.4 25 360   M    M   2        31 360
17   M   M   M   M   M   M 0.00  0.0    0  4.9  9 210   M    M   7         M  M
18  64  28  46   M  19   0 0.00  0.0    0  8.9 20 300   M    M   0        22 300
19  72  32  52   M  13   0 0.00  0.0    0  5.8 12 200   M    M   0         M  M
20  75  37  56   M   9   0 0.00  0.0    0 11.3 18 240   M    M   0        23 260
21  63  37  50   M  15   0 0.00  0.0    0 10.6 21 360   M    M   0        23 360
22   M   M   M   M   M   M 0.00  0.0    0 16.8 25 360   M    M   8 1      31  10
23  23  18  21   M  44   0 0.00  0.0    0  6.7 15  20   M    M  10 1      17  30
24   M   M   M   M   M   M 0.00  0.0    0  3.2 10  20   M    M   5         M  M
25  64  28  46   M  19   0 0.00  0.0    0 10.6 21 260   M    M   1        24 260
================================================================================
SM 1211  618       319   0  0.25     0.0 234.9          M       59
================================================================================
AV 63.7 32.5                               9.4 FASTST   M    M   2    MAX(MPH)
                                 MISC ---->    33   M                 39    M
================================================================================
NOTES:
# LAST OF SEVERAL OCCURRENCES

COLUMN 17 PEAK WIND IN M.P.H.

PRELIMINARY LOCAL CLIMATOLOGICAL DATA (WS FORM: F-6) , PAGE 2

                                          STATION:  Lea Airport, Hobbs
                                          MONTH:    FEBRUARY
                                          YEAR:     2015
                                          LATITUDE:   32 40 N
                                          LONGITUDE: 103-12 E

[TEMPERATURE DATA]      [PRECIPITATION DATA]       SYMBOLS USED IN COLUMN 16

AVERAGE MONTHLY: 48.1   TOTAL FOR MONTH:   0.25    1 = FOG OR MIST
DPTR FM NORMAL:     M   DPTR FM NORMAL:       M    2 = FOG REDUCING VISIBILITY
HIGHEST:    77 ON 10, 7 GRTST 24HR  0.25 ON 16-16      TO 1/4 MILE OR LESS
LOWEST:     18 ON 23                               3 = THUNDER
                        SNOW, ICE PELLETS, HAIL    4 = ICE PELLETS
                        TOTAL MONTH:   0.0 INCH    5 = HAIL
                        GRTST 24HR     0.0         6 = FREEZING RAIN OR DRIZZLE
                        GRTST DEPTH:   0           7 = DUSTSTORM OR SANDSTORM:
                                                       VSBY 1/2 MILE OR LESS
                                                   8 = SMOKE OR HAZE
[NO. OF DAYS WITH]      [WEATHER - DAYS WITH]      9 = BLOWING SNOW
                                                   X = TORNADO
MAX 32 OR BELOW:   1    0.01 INCH OR MORE:   1
MAX 90 OR ABOVE:   0    0.10 INCH OR MORE:   1
MIN 32 OR BELOW:  11    0.50 INCH OR MORE:   0
MIN  0 OR BELOW:   0    1.00 INCH OR MORE:   0

[HDD (BASE 65) ]
TOTAL THIS MO.   319    CLEAR  (SCALE 0-3)  17
DPTR FM NORMAL     M    PTCLDY (SCALE 4-7)   7
TOTAL FM JUL 1  1710    CLOUDY (SCALE 8-10)  1
DPTR FM NORMAL     M

[CDD (BASE 65) ]
TOTAL THIS MO.     0
DPTR FM NORMAL     M    [PRESSURE DATA]
TOTAL FM JAN 1     0    HIGHEST SLP M ON M
DPTR FM NORMAL     M    LOWEST  SLP M ON M

[REMARKS]
