000
CXUS55 KFSD 010905
CF6HON
PRELIMINARY LOCAL CLIMATOLOGICAL DATA (WS FORM: F-6)

                                          STATION:   HURON
                                          MONTH:     JULY
                                          YEAR:      2015
                                          LATITUDE:   44 22 N
                                          LONGITUDE:  98 13 W

  TEMPERATURE IN F:       :PCPN:    SNOW:  WIND      :SUNSHINE: SKY     :PK WND
================================================================================
1   2   3   4   5  6A  6B    7    8   9   10  11  12  13   14  15   16   17  18
                                     12Z  AVG MX 2MIN
DY MAX MIN AVG DEP HDD CDD  WTR  SNW DPTH SPD SPD DIR MIN PSBL S-S WX    SPD DR
================================================================================

 1  80  63  72   0   0   7 0.33  0.0    0  7.0 13 120   M    M   7 138    22  90
 2  73  59  66  -6   0   1 0.11  0.0    0  6.4 13 140   M    M   6 138    20 110
 3  82  57  70  -3   0   5 0.00  0.0    0  4.3  9 170   M    M   3 12     12 180
 4  85  62  74   1   0   9 0.00  0.0    0 11.7 22 160   M    M   0 18     29 140
 5  90  68  79   6   0  14 0.19  0.0    0 12.1 24 150   M    M   4 138    33 170
 6  75  57  66  -7   0   1 0.51  0.0    0 12.9 25 360   M    M   6 138    33 360
 7  72  50  61 -12   4   0 0.00  0.0    0  6.3 13 160   M    M   0 18     22  60
 8  79  54  67  -6   0   2 0.00  0.0    0 10.8 18 170   M    M   4        23 160
 9  83  51  67  -7   0   2 0.00  0.0    0  3.1 10 140   M    M   1 128    14 130
10  85  62  74   0   0   9 0.00  0.0    0 12.3 24 150   M    M   1 1      32 160
11  91  69  80   6   0  15 0.15  0.0    0 12.3 20 170   M    M   3 13     26 160
12  98  70  84  10   0  19 0.00  0.0    0 10.1 25 220   M    M   0 38     33 220
13  94  65  80   6   0  15 0.06  0.0    0 10.2 31 250   M    M   0 13     43 270
14  89  63  76   2   0  11 0.00  0.0    0  5.3 13  20   M    M   0 1      15  30
15  82  70  76   2   0  11 0.00  0.0    0  8.4 17 170   M    M   1 3      22 170
16  89  68  79   5   0  14 0.00  0.0    0  7.4 14 310   M    M   4 1      18 310
17  94  64  79   5   0  14 0.00  0.0    0  6.9 18 360   M    M   0        24 350
18  85  62  74   0   0   9 0.00  0.0    0 10.2 24 320   M    M   1        31 300
19  90  60  75   1   0  10 0.00  0.0    0  7.5 17 210   M    M   0        23 270
20  83  61  72  -2   0   7 0.38  0.0    0 10.1 35 350   M    M   2 13     52 360
21  83  55  69  -5   0   4    T  0.0    0  6.7 23 280   M    M   2 3      27 270
22  84  67  76   2   0  11 0.00  0.0    0 12.9 21 150   M    M   1        26 160
23  92  65  79   5   0  14 0.08  0.0    0 17.1 29 150   M    M   1        42 160
24  89  68  79   5   0  14 0.00  0.0    0  9.1 17 320   M    M   0        22 170
25  88  65  77   3   0  12 1.11  0.0    0 10.4 41 350   M    M   2 13     58 340
26  84  62  73  -1   0   8 0.00  0.0    0  5.6 14 120   M    M   3 1      19 100
27  90  69  80   6   0  15 0.00  0.0    0 12.7 22 150   M    M   4 13     31 160
28  80  61  71  -3   0   6 0.69  0.0    0 12.3 44 270   M    M   3 13     62 270
29  86  58  72  -2   0   7 0.00  0.0    0 11.8 28 290   M    M   0        36 300
30  89  56  73  -1   0   8 0.00  0.0    0  4.0 14 310   M    M   0        16 310
31  87  58  73  -1   0   8 0.00  0.0    0  4.1 13 210   M    M   0        18 220
================================================================================
SM 2651 1919         4 282  3.61     0.0 282.0          M       59
================================================================================
AV 85.5 61.9                               9.1 FASTST   M    M   2    MAX(MPH)
                                 MISC ---->  # 44 270               # 62  270
================================================================================
NOTES:
# LAST OF SEVERAL OCCURRENCES

COLUMN 17 PEAK WIND IN M.P.H.

PRELIMINARY LOCAL CLIMATOLOGICAL DATA (WS FORM: F-6) , PAGE 2

                                          STATION:  HURON
                                          MONTH:    JULY
                                          YEAR:     2015
                                          LATITUDE:   44 22 N
                                          LONGITUDE:  98 13 W

[TEMPERATURE DATA]      [PRECIPITATION DATA]       SYMBOLS USED IN COLUMN 16

AVERAGE MONTHLY: 73.7   TOTAL FOR MONTH:   3.61    1 = FOG OR MIST
DPTR FM NORMAL:   0.0   DPTR FM NORMAL:    0.69    2 = FOG REDUCING VISIBILITY
HIGHEST:    98 ON 12    GRTST 24HR  1.11 ON 25-25      TO 1/4 MILE OR LESS
LOWEST:     50 ON  7                               3 = THUNDER
                        SNOW, ICE PELLETS, HAIL    4 = ICE PELLETS
                        TOTAL MONTH:   0.0 INCH    5 = HAIL
                        GRTST 24HR     0.0         6 = FREEZING RAIN OR DRIZZLE
                        GRTST DEPTH:   0           7 = DUSTSTORM OR SANDSTORM:
                                                       VSBY 1/2 MILE OR LESS
                                                   8 = SMOKE OR HAZE
[NO. OF DAYS WITH]      [WEATHER - DAYS WITH]      9 = BLOWING SNOW
                                                   X = TORNADO
MAX 32 OR BELOW:   0    0.01 INCH OR MORE:  10
MAX 90 OR ABOVE:   8    0.10 INCH OR MORE:   8
MIN 32 OR BELOW:   0    0.50 INCH OR MORE:   3
MIN  0 OR BELOW:   0    1.00 INCH OR MORE:   1

[HDD (BASE 65) ]
TOTAL THIS MO.     4    CLEAR  (SCALE 0-3)  23
DPTR FM NORMAL    -4    PTCLDY (SCALE 4-7)   8
TOTAL FM JUL 1     4    CLOUDY (SCALE 8-10)  0
DPTR FM NORMAL    -4

[CDD (BASE 65) ]
TOTAL THIS MO.   282
DPTR FM NORMAL     5    [PRESSURE DATA]
TOTAL FM JAN 1   452    HIGHEST SLP 30.21 ON  7
DPTR FM NORMAL     9    LOWEST  SLP 29.53 ON 17

[REMARKS]
#FINAL-07-15#
