000
CXUS55 KSEW 200930
CF6HQM
PRELIMINARY LOCAL CLIMATOLOGICAL DATA (WS FORM: F-6)

                                          STATION:   HOQUIAM WA AIRPORT
                                          MONTH:     OCTOBER
                                          YEAR:      2017
                                          LATITUDE:   46 58 N
                                          LONGITUDE: 123 56 W

  TEMPERATURE IN F:       :PCPN:    SNOW:  WIND      :SUNSHINE: SKY     :PK WND
================================================================================
1   2   3   4   5  6A  6B    7    8   9   10  11  12  13   14  15   16   17  18
                                     12Z  AVG MX 2MIN
DY MAX MIN AVG DEP HDD CDD  WTR  SNW DPTH SPD SPD DIR MIN PSBL S-S WX    SPD DR
================================================================================

 1  61  47  54  -2  11   0 0.00  0.0    0  6.7 17 270   M    M   2        23 270
 2  63  41  52  -4  13   0 0.00  0.0    0  5.6 13 270   M    M   3 12     14 270
 3  71  39  55   0  10   0 0.00  0.0    0  6.9 13 330   M    M   0 1      18  30
 4  68  40  54  -1  11   0 0.00  0.0    0  7.0 14  80   M    M   0 1      18  80
 5  69  41  55   0  10   0 0.00  0.0    0  6.2 13 270   M    M   0 1      14 260
 6  62  44  53  -2  12   0 0.18  0.0    0 10.5 26 220   M    M   7 1      30 210
 7  61  50  56   2   9   0 0.05  0.0    0  9.1 20 260   M    M   5 1      25 250
 8  63  44  54   0  11   0 0.06  0.0    0  4.1 14  50   M    M   2 1      18  50
 9  61  40  51  -3  14   0 0.00  0.0    0  6.1 14 330   M    M   2 12     18 310
10  58  46  52  -2  13   0 0.12  0.0    0  7.2 21 270   M    M   4 1      28 270
11  57  41  49  -4  16   0 0.21  0.0    0  6.2 18 300   M    M   3 1      24 290
12  56  46  51  -2  14   0 0.18  0.0    0  6.0 20 270   M    M   6 1      25 270
13  56  39  48  -5  17   0 0.01  0.0    0  7.0 20 270   M    M   2 1      26 270
14  57  35  46  -7  19   0 0.00  0.0    0  4.9  9  50   M    M   6        13  50
15  61  37  49  -3  16   0 0.00  0.0    0  5.0 14 290   M    M   0 1      19 300
16  58  41  50  -2  15   0 0.00  0.0    0  5.1 10 160   M    M   9 12     12 170
17  59  47  53   1  12   0 0.48  0.0    0 10.4 29 170   M    M   5 1      36 170
18  59  47  53   1  12   0 2.12  0.0    0 19.0 43 170   M    M   9 1      56 160
19  55  48  52   0  13   0 0.58    M    0 12.8 25 180   M    M   9 1      31 180
================================================================================
SM 1155  813       248   0  3.99     0.0 145.8          M       74
================================================================================
AV 60.8 42.8                               7.7 FASTST   M    M   4    MAX(MPH)
                                 MISC ---->  # 43 170               # 56  160
================================================================================
NOTES:
# LAST OF SEVERAL OCCURRENCES

COLUMN 17 PEAK WIND IN M.P.H.

PRELIMINARY LOCAL CLIMATOLOGICAL DATA (WS FORM: F-6) , PAGE 2

                                          STATION:  HOQUIAM WA AIRPORT
                                          MONTH:    OCTOBER
                                          YEAR:     2017
                                          LATITUDE:   46 58 N
                                          LONGITUDE: 123 56 W

[TEMPERATURE DATA]      [PRECIPITATION DATA]       SYMBOLS USED IN COLUMN 16

AVERAGE MONTHLY: 51.8   TOTAL FOR MONTH:   3.99    1 = FOG OR MIST
DPTR FM NORMAL:  -1.9   DPTR FM NORMAL:    0.73    2 = FOG REDUCING VISIBILITY
HIGHEST:    71 ON  3    GRTST 24HR  2.12 ON 18-18      TO 1/4 MILE OR LESS
LOWEST:     35 ON 14                               3 = THUNDER
                        SNOW, ICE PELLETS, HAIL    4 = ICE PELLETS
                        TOTAL MONTH:   0.0 INCH    5 = HAIL
                        GRTST 24HR     0.0         6 = FREEZING RAIN OR DRIZZLE
                        GRTST DEPTH:   0           7 = DUSTSTORM OR SANDSTORM:
                                                       VSBY 1/2 MILE OR LESS
                                                   8 = SMOKE OR HAZE
[NO. OF DAYS WITH]      [WEATHER - DAYS WITH]      9 = BLOWING SNOW
                                                   X = TORNADO
MAX 32 OR BELOW:   0    0.01 INCH OR MORE:  10
MAX 90 OR ABOVE:   0    0.10 INCH OR MORE:   7
MIN 32 OR BELOW:   0    0.50 INCH OR MORE:   2
MIN  0 OR BELOW:   0    1.00 INCH OR MORE:   1

[HDD (BASE 65) ]
TOTAL THIS MO.   248    CLEAR  (SCALE 0-3)   9
DPTR FM NORMAL    33    PTCLDY (SCALE 4-7)   7
TOTAL FM JUL 1   628    CLOUDY (SCALE 8-10)  3
DPTR FM NORMAL   -90

[CDD (BASE 65) ]
TOTAL THIS MO.     0
DPTR FM NORMAL     0    [PRESSURE DATA]
TOTAL FM JAN 1    77    HIGHEST SLP M ON M
DPTR FM NORMAL    54    LOWEST  SLP 29.93 ON 11

[REMARKS]
