000
CXUS54 KHUN 301015
CF6HSV
PRELIMINARY LOCAL CLIMATOLOGICAL DATA (WS FORM: F-6)

                                          STATION:   HUNTSVILLE
                                          MONTH:     JUNE
                                          YEAR:      2015
                                          LATITUDE:   34 39 N
                                          LONGITUDE:  86 46 W

  TEMPERATURE IN F:       :PCPN:    SNOW:  WIND      :SUNSHINE: SKY     :PK WND
================================================================================
1   2   3   4   5  6A  6B    7    8   9   10  11  12  13   14  15   16   17  18
                                     12Z  AVG MX 2MIN
DY MAX MIN AVG DEP HDD CDD  WTR  SNW DPTH SPD SPD DIR MIN PSBL S-S WX    SPD DR
================================================================================

 1  81  65  73  -1   0   8 0.90  0.0    0  5.3 15 310   M    M   7 13     22 310
 2  78  63  71  -4   0   6 0.00  0.0    0  5.9 12  20   M    M   6 1      17 290
 3  82  62  72  -3   0   7 0.00  0.0    0  5.2 14  10   M    M   6 1      16  20
 4  84  64  74  -1   0   9 0.00  0.0    0  4.6 14 120   M    M   5        16 130
 5  90  65  78   2   0  13    T  0.0    0  2.0 12  20   M    M   4 18     15 340
 6  93  65  79   3   0  14 0.00  0.0    0  3.6 13 340   M    M   2 18     15 330
 7  93  67  80   4   0  15 0.00  0.0    0  5.2 13 160   M    M   1 18     18 180
 8  93  71  82   6   0  17 0.02  0.0    0  7.6 20 200   M    M   6 3      24 200
 9  93  72  83   7   0  18 0.42  0.0    0  3.5 14 360   M    M   4 138    16 340
10  94  69  82   5   0  17 0.00  0.0    0  3.3  9 130   M    M   3 1      13 110
11  92  72  82   5   0  17 0.09  0.0    0  6.2 20 260   M    M   3 3      24 260
12  91  72  82   5   0  17    T  0.0    0  6.9 23 200   M    M   5        29 200
13  92  71  82   5   0  17 0.00  0.0    0  6.3 15 190   M    M   4        23 170
14  94  71  83   5   0  18 0.00  0.0    0  5.8 15 230   M    M   4        22 230
15  96  73  85   7   0  20 0.00  0.0    0  5.0 15 240   M    M   2        20 230
16  98  75  87   9   0  22 0.00  0.0    0  3.5 12 220   M    M   2        16 260
17  97  75  86   8   0  21 0.02  0.0    0  3.6 17 190   M    M   5 3      23 190
18  97  74  86   8   0  21 0.00  0.0    0  6.0 18 240   M    M   6 8      24 220
19  96  76  86   8   0  21    T  0.0    0 10.5 22 210   M    M   4        30 210
20  95  76  86   7   0  21    T  0.0    0  9.5 20 250   M    M   6        27 230
21  97  76  87   8   0  22 0.00  0.0    0  5.8 16 300   M    M   5 18     23 260
22  98  75  87   8   0  22    T  0.0    0  4.4 22 290   M    M   5 3      29 290
23  98  74  86   7   0  21 0.01  0.0    0  5.9 31 360   M    M   4 3      40 360
24  97  72  85   6   0  20 0.01  0.0    0  6.8 22  20   M    M   6 3      30  20
25  98  73  86   7   0  21 0.00  0.0    0  3.4 10 190   M    M   3        16  30
26  99  75  87   7   0  22 0.78  0.0    0  7.4 25 160   M    M   4 38     34 160
27  84  67  76  -4   0  11 0.12  0.0    0  6.6 16 270   M    M   5 13     21 260
28  87  63  75  -5   0  10 0.00  0.0    0  3.9 12 290   M    M   1 1      16 300
29  90  66  78  -2   0  13 0.00  0.0    0  6.9 20 220   M    M   3        25 210
================================================================================
SM 2677 2039         0 481  2.37     0.0 160.6          M      121
================================================================================
AV 92.3 70.3                               5.5 FASTST   M    M   4    MAX(MPH)
                                 MISC ---->  # 31 360               # 40  360
================================================================================
NOTES:
# LAST OF SEVERAL OCCURRENCES

COLUMN 17 PEAK WIND IN M.P.H.

PRELIMINARY LOCAL CLIMATOLOGICAL DATA (WS FORM: F-6) , PAGE 2

                                          STATION:  HUNTSVILLE
                                          MONTH:    JUNE
                                          YEAR:     2015
                                          LATITUDE:   34 39 N
                                          LONGITUDE:  86 46 W

[TEMPERATURE DATA]      [PRECIPITATION DATA]       SYMBOLS USED IN COLUMN 16

AVERAGE MONTHLY: 81.3   TOTAL FOR MONTH:   2.37    1 = FOG OR MIST
DPTR FM NORMAL:   3.8   DPTR FM NORMAL:   -1.78    2 = FOG REDUCING VISIBILITY
HIGHEST:    99 ON 26    GRTST 24HR  1.18 ON 31- 1      TO 1/4 MILE OR LESS
LOWEST:     62 ON  3                               3 = THUNDER
                        SNOW, ICE PELLETS, HAIL    4 = ICE PELLETS
                        TOTAL MONTH:   0.0 INCH    5 = HAIL
                        GRTST 24HR     0.0         6 = FREEZING RAIN OR DRIZZLE
                        GRTST DEPTH:   0           7 = DUSTSTORM OR SANDSTORM:
                                                       VSBY 1/2 MILE OR LESS
                                                   8 = SMOKE OR HAZE
[NO. OF DAYS WITH]      [WEATHER - DAYS WITH]      9 = BLOWING SNOW
                                                   X = TORNADO
MAX 32 OR BELOW:   0    0.01 INCH OR MORE:   9
MAX 90 OR ABOVE:  23    0.10 INCH OR MORE:   4
MIN 32 OR BELOW:   0    0.50 INCH OR MORE:   2
MIN  0 OR BELOW:   0    1.00 INCH OR MORE:   0

[HDD (BASE 65) ]
TOTAL THIS MO.     0    CLEAR  (SCALE 0-3)   8
DPTR FM NORMAL     0    PTCLDY (SCALE 4-7)  21
TOTAL FM JUL 1  3030    CLOUDY (SCALE 8-10)  0
DPTR FM NORMAL    29

[CDD (BASE 65) ]
TOTAL THIS MO.   481
DPTR FM NORMAL   115    [PRESSURE DATA]
TOTAL FM JAN 1   806    HIGHEST SLP M ON M
DPTR FM NORMAL   177    LOWEST  SLP 29.81 ON  9

[REMARKS]
