000
CXUS53 KAPX 260631
CF6HTL
PRELIMINARY LOCAL CLIMATOLOGICAL DATA (WS FORM: F-6)

                                          STATION:   HOUGHTON LAKE MI
                                          MONTH:     SEPTEMBER
                                          YEAR:      2017
                                          LATITUDE:   44 22 N
                                          LONGITUDE:  84 41 W

  TEMPERATURE IN F:       :PCPN:    SNOW:  WIND      :SUNSHINE: SKY     :PK WND
================================================================================
1   2   3   4   5  6A  6B    7    8   9   10  11  12  13   14  15   16   17  18
                                     12Z  AVG MX 2MIN
DY MAX MIN AVG DEP HDD CDD  WTR  SNW DPTH SPD SPD DIR MIN PSBL S-S WX    SPD DR
================================================================================

 1  68  35  52 -10  13   0 0.00  0.0    0  4.7 13 100   M    M   0 1      17 100
 2  72  32  52 -10  13   0 0.00  0.0    0  3.6 10 160   M    M   4 12     14 140
 3  76  55  66   4   0   1 0.00  0.0    0  9.5 16 280   M    M   6 1      22 270
 4  73  54  64   3   1   0 0.03  0.0    0 10.1 20 280   M    M   5 1      25 320
 5  65  46  56  -5   9   0 0.57  0.0    0  5.9 18 310   M    M   7 12     26 290
 6  62  41  52  -9  13   0    T  0.0    0  5.6 15 280   M    M   6 12     19 310
 7  63  47  55  -5  10   0 0.04    M    0  8.3 20 280   M    M   8 1      27 290
 8  66  41  54  -6  11   0    T  0.0    0  5.9 13  40   M    M   4        17  60
 9  65  32  49 -11  16   0 0.00  0.0    0  3.3 10 240   M    M   1 1      14 230
10  67  35  51  -8  14   0 0.00  0.0    0  3.4  9 250   M    M   0 1      12 250
11  72  37  55  -4  10   0 0.00  0.0    0  3.4 10 220   M    M   1 12     15 210
12  79  42  61   2   4   0 0.00  0.0    0  2.3  7 270   M    M   0 1      10 270
13  78  46  62   4   3   0 0.00  0.0    0  2.3  9 160   M    M   1 12     11 180
14  79  45  62   4   3   0 0.00  0.0    0  3.0  7 200   M    M   0 12      9 210
15  81  48  65   7   0   0 0.00  0.0    0  4.8 13 210   M    M   2 12     18 210
16  82  54  68  11   0   3 0.00  0.0    0  6.1 13 190   M    M   1 1      16 210
17  84  59  72  15   0   7 0.03  0.0    0  5.8 20 300   M    M   3 3      26 310
18  74  51  63   7   2   0 0.00  0.0    0  5.6 14  20   M    M   2        19  30
19  73  45  59   3   6   0 0.00  0.0    0  5.9 13 110   M    M   2 1      16 140
20  78  62  70  14   0   5 0.01  0.0    0  5.1 14 170   M    M   7 12     16 170
21  88  64  76  21   0  11 0.00  0.0    0  4.7 13 170   M    M   1 12     16 170
22  92  61  77  22   0  12 0.00  0.0    0  4.7 24 350   M    M   1 123    32 360
23  91  57  74  20   0   9 0.00  0.0    0  2.7  8 300   M    M   0 1      12 230
24  91  58  75  21   0  10 0.00  0.0    0  4.4 12 180   M    M   0 1      16 190
25  89  56  73  19   0   8 0.00  0.0    0  3.0 10 180   M    M   0        13 170
================================================================================
SM 1908 1203       128  66  0.68     0.0 124.1          M       62
================================================================================
AV 76.3 48.1                               5.0 FASTST   M    M   2    MAX(MPH)
                                 MISC ---->  # 24 350               # 32  360
================================================================================
NOTES:
# LAST OF SEVERAL OCCURRENCES

COLUMN 17 PEAK WIND IN M.P.H.

PRELIMINARY LOCAL CLIMATOLOGICAL DATA (WS FORM: F-6) , PAGE 2

                                          STATION:  HOUGHTON LAKE MI
                                          MONTH:    SEPTEMBER
                                          YEAR:     2017
                                          LATITUDE:   44 22 N
                                          LONGITUDE:  84 41 W

[TEMPERATURE DATA]      [PRECIPITATION DATA]       SYMBOLS USED IN COLUMN 16

AVERAGE MONTHLY: 62.2   TOTAL FOR MONTH:   0.68    1 = FOG OR MIST
DPTR FM NORMAL:   4.1   DPTR FM NORMAL:   -1.91    2 = FOG REDUCING VISIBILITY
HIGHEST:    92 ON 22    GRTST 24HR  0.57 ON  5- 5      TO 1/4 MILE OR LESS
LOWEST:     32 ON  9, 2                            3 = THUNDER
                        SNOW, ICE PELLETS, HAIL    4 = ICE PELLETS
                        TOTAL MONTH:   0.0 INCH    5 = HAIL
                        GRTST 24HR     0.0         6 = FREEZING RAIN OR DRIZZLE
                        GRTST DEPTH:   0           7 = DUSTSTORM OR SANDSTORM:
                                                       VSBY 1/2 MILE OR LESS
                                                   8 = SMOKE OR HAZE
[NO. OF DAYS WITH]      [WEATHER - DAYS WITH]      9 = BLOWING SNOW
                                                   X = TORNADO
MAX 32 OR BELOW:   0    0.01 INCH OR MORE:   5
MAX 90 OR ABOVE:   3    0.10 INCH OR MORE:   1
MIN 32 OR BELOW:   2    0.50 INCH OR MORE:   1
MIN  0 OR BELOW:   0    1.00 INCH OR MORE:   0

[HDD (BASE 65) ]
TOTAL THIS MO.   128    CLEAR  (SCALE 0-3)  16
DPTR FM NORMAL   -62    PTCLDY (SCALE 4-7)   8
TOTAL FM JUL 1   218    CLOUDY (SCALE 8-10)  1
DPTR FM NORMAL   -99

[CDD (BASE 65) ]
TOTAL THIS MO.    66
DPTR FM NORMAL    48    [PRESSURE DATA]
TOTAL FM JAN 1   310    HIGHEST SLP M ON M
DPTR FM NORMAL    27    LOWEST  SLP 29.57 ON  4

[REMARKS]
