000
CXUS53 KIND 170730
CF6HUF
PRELIMINARY LOCAL CLIMATOLOGICAL DATA (WS FORM: F-6)

                                          STATION:   TERRE HAUTE IN
                                          MONTH:     NOVEMBER
                                          YEAR:      2017
                                          LATITUDE:   39 27 N
                                          LONGITUDE:  87 18 W

  TEMPERATURE IN F:       :PCPN:    SNOW:  WIND      :SUNSHINE: SKY     :PK WND
================================================================================
1   2   3   4   5  6A  6B    7    8   9   10  11  12  13   14  15   16   17  18
                                     12Z  AVG MX 2MIN
DY MAX MIN AVG DEP HDD CDD  WTR  SNW DPTH SPD SPD DIR MIN PSBL S-S WX    SPD DR
================================================================================

 1  59  34  47  -2  18   0 0.35    M    M  7.2 16 190   M    M  10 1      22 200
 2  68  59  64  15   1   0 0.26    M    M 10.5 18 190   M    M  10 13     23 190
 3  64  43  54   6  11   0 0.00    M    M  9.6 17  50   M    M   4 1      21 350
 4  64  42  53   5  12   0    T    M    M  6.2 13 160   M    M   9 18     17 140
 5  72  53  63  15   2   0 1.27    M    M 11.0 22 200   M    M  10 13     28 200
 6  53  44  49   2  16   0 0.01    M    M  8.8 15 350   M    M   7        20 330
 7  52  44  48   1  17   0 0.08    M    M 10.1 17  40   M    M   9        23  30
 8  53  32  43  -4  22   0 0.00    M    M  4.9 13  30   M    M   1        16  20
 9  56  27  42  -4  23   0 0.00    M    M  6.3 20 310   M    M   0 18     26 310
10  38  25  32 -14  33   0 0.00    M    M  8.1 17  60   M    M   0 8      23  60
11  45  25  35 -10  30   0 0.00    M    M  5.0 12 140   M    M   2        16 140
12  42  31  37  -8  28   0 0.06    M    M  3.7 12 330   M    M   8 18     15 330
13  49  33  41  -4  24   0 0.00    M    M  3.7 12 330   M    M   6 18     16 340
14  53  27  40  -4  25   0 0.00    M    M  5.8 15 150   M    M   2 1      18 150
15  51  41  46   2  19   0 0.70    M    M 10.4 18 200   M    M   7 1      26 190
16  44  27  36  -7  29   0 0.00    M    M  7.0 17 310   M    M   4        25 300
================================================================================
SM  863  587       310   0  2.73    M    118.3          M       89
================================================================================
AV 53.9 36.7                               7.4 FASTST   M    M   6    MAX(MPH)
                                 MISC ---->  # 22 200               # 28  200
================================================================================
NOTES:
# LAST OF SEVERAL OCCURRENCES

COLUMN 17 PEAK WIND IN M.P.H.

PRELIMINARY LOCAL CLIMATOLOGICAL DATA (WS FORM: F-6) , PAGE 2

                                          STATION:  TERRE HAUTE IN
                                          MONTH:    NOVEMBER
                                          YEAR:     2017
                                          LATITUDE:   39 27 N
                                          LONGITUDE:  87 18 W

[TEMPERATURE DATA]      [PRECIPITATION DATA]       SYMBOLS USED IN COLUMN 16

AVERAGE MONTHLY: 45.3   TOTAL FOR MONTH:   2.73    1 = FOG OR MIST
DPTR FM NORMAL:  -1.0   DPTR FM NORMAL:    0.68    2 = FOG REDUCING VISIBILITY
HIGHEST:    72 ON  5    GRTST 24HR  1.27 ON  5- 5      TO 1/4 MILE OR LESS
LOWEST:     25 ON 11,10                            3 = THUNDER
                        SNOW, ICE PELLETS, HAIL    4 = ICE PELLETS
                        TOTAL MONTH:    M          5 = HAIL
                        GRTST 24HR    M  ON   M    6 = FREEZING RAIN OR DRIZZLE
                        GRTST DEPTH:  M  ON   M    7 = DUSTSTORM OR SANDSTORM:
                                                       VSBY 1/2 MILE OR LESS
                                                   8 = SMOKE OR HAZE
[NO. OF DAYS WITH]      [WEATHER - DAYS WITH]      9 = BLOWING SNOW
                                                   X = TORNADO
MAX 32 OR BELOW:   0    0.01 INCH OR MORE:   7
MAX 90 OR ABOVE:   0    0.10 INCH OR MORE:   4
MIN 32 OR BELOW:   7    0.50 INCH OR MORE:   2
MIN  0 OR BELOW:   0    1.00 INCH OR MORE:   1

[HDD (BASE 65) ]
TOTAL THIS MO.   310    CLEAR  (SCALE 0-3)   5
DPTR FM NORMAL    11    PTCLDY (SCALE 4-7)   5
TOTAL FM JUL 1   621    CLOUDY (SCALE 8-10)  6
DPTR FM NORMAL  -105

[CDD (BASE 65) ]
TOTAL THIS MO.     0
DPTR FM NORMAL     0    [PRESSURE DATA]
TOTAL FM JAN 1  1129    HIGHEST SLP M ON M
DPTR FM NORMAL   136    LOWEST  SLP 29.70 ON  5

[REMARKS]
