189
CXUS53 KIND 250730
CF6HUF
PRELIMINARY LOCAL CLIMATOLOGICAL DATA (WS FORM: F-6)

                                          STATION:   TERRE HAUTE IN
                                          MONTH:     MAY
                                          YEAR:      2016
                                          LATITUDE:   39 27 N
                                          LONGITUDE:  87 18 W

  TEMPERATURE IN F:       :PCPN:    SNOW:  WIND      :SUNSHINE: SKY     :PK WND
================================================================================
1   2   3   4   5  6A  6B    7    8   9   10  11  12  13   14  15   16   17  18
                                     12Z  AVG MX 2MIN
DY MAX MIN AVG DEP HDD CDD  WTR  SNW DPTH SPD SPD DIR MIN PSBL S-S WX    SPD DR
================================================================================

 1  76  57  67   9   0   2    T    M    M  5.1 17 300   M    M   5 13     22 300
 2  58  51  55  -3  10   0 0.00    M    M  5.1 16 300   M    M  10 1      20 310
 3  66  50  58  -1   7   0 0.00    M    M  7.4 16  10   M    M   8 1      20  20
 4  60  49  55  -4  10   0 0.27    M    M 11.0 26 340   M    M   6 1      35 340
 5  65  44  55  -4  10   0    T    M    M 10.4 17 330   M    M   6        23 350
 6  74  42  58  -2   7   0 0.00    M    M  5.4 14 270   M    M   1 1      18 270
 7  78  52  65   5   0   0 0.13    M    M  7.6 21 320   M    M   2 3      31 290
 8  67  48  58  -2   7   0 0.23    M    M  5.0 15 160   M    M   8 13     18 170
 9  69  55  62   1   3   0 0.10    M    M  9.2 15 160   M    M   8 1      21 150
10  73  62  68   7   0   3 0.09    M    M 10.8 20 190   M    M   7 1      26 200
11  81  61  71  10   0   6 0.04    M    M  6.4 29 230   M    M   6 13     45 230
12  70  58  64   2   1   0 0.05    M    M  8.1 15 310   M    M   5 138    20 300
13  70  50  60  -2   5   0 0.31    M    M  8.4 16 330   M    M   1 1      22 310
14  58  43  51 -11  14   0 0.19    M    M 12.7 28 310   M    M   9 1      37 330
15  59  39  49 -14  16   0 0.00    M    M  8.8 21 320   M    M   1        28 290
16  65  39  52 -11  13   0 0.00    M    M  6.4 16 180   M    M   4        21 210
17  56  50  53 -10  12   0 0.20    M    M  5.5 14  80   M    M  10        18 100
18  69  47  58  -6   7   0 0.00    M    M  5.5 13  80   M    M   5 1      15  80
19  72  41  57  -7   8   0 0.00    M    M  4.6 15  50   M    M   0        22  90
20  65  52  59  -5   6   0 0.14    M    M  6.9 14  70   M    M   6 1       M  M
21  76  51  64  -1   1   0 0.03    M    M  7.5 16 340   M    M   6 1      24 320
22  83  46  65   0   0   0 0.00    M    M  5.7 16  10   M    M   0        22 330
23  81  47  64  -1   1   0 0.00    M    M  4.4 13 100   M    M   0        17 130
24  84  51  68   2   0   3 0.00    M    M  6.4 21 180   M    M   1        25 190
================================================================================
SM 1675 1185       138  14  1.78    M    174.3          M      115
================================================================================
AV 69.8 49.4                               7.3 FASTST   M    M   5    MAX(MPH)
                                 MISC ---->  # 29 230               # 45  230
================================================================================
NOTES:
# LAST OF SEVERAL OCCURRENCES

COLUMN 17 PEAK WIND IN M.P.H.

PRELIMINARY LOCAL CLIMATOLOGICAL DATA (WS FORM: F-6) , PAGE 2

                                          STATION:  TERRE HAUTE IN
                                          MONTH:    MAY
                                          YEAR:     2016
                                          LATITUDE:   39 27 N
                                          LONGITUDE:  87 18 W

[TEMPERATURE DATA]      [PRECIPITATION DATA]       SYMBOLS USED IN COLUMN 16

AVERAGE MONTHLY: 59.6   TOTAL FOR MONTH:   1.78    1 = FOG OR MIST
DPTR FM NORMAL:  -2.2   DPTR FM NORMAL:   -3.73    2 = FOG REDUCING VISIBILITY
HIGHEST:    84 ON 24    GRTST 24HR  0.66 ON 30- 1      TO 1/4 MILE OR LESS
LOWEST:     39 ON 16,15                            3 = THUNDER
                        SNOW, ICE PELLETS, HAIL    4 = ICE PELLETS
                        TOTAL MONTH:    M          5 = HAIL
                        GRTST 24HR    M  ON   M    6 = FREEZING RAIN OR DRIZZLE
                        GRTST DEPTH:  M  ON   M    7 = DUSTSTORM OR SANDSTORM:
                                                       VSBY 1/2 MILE OR LESS
                                                   8 = SMOKE OR HAZE
[NO. OF DAYS WITH]      [WEATHER - DAYS WITH]      9 = BLOWING SNOW
                                                   X = TORNADO
MAX 32 OR BELOW:   0    0.01 INCH OR MORE:  12
MAX 90 OR ABOVE:   0    0.10 INCH OR MORE:   8
MIN 32 OR BELOW:   0    0.50 INCH OR MORE:   0
MIN  0 OR BELOW:   0    1.00 INCH OR MORE:   0

[HDD (BASE 65) ]
TOTAL THIS MO.   138    CLEAR  (SCALE 0-3)   8
DPTR FM NORMAL    18    PTCLDY (SCALE 4-7)  12
TOTAL FM JUL 1  4417    CLOUDY (SCALE 8-10)  4
DPTR FM NORMAL  -923

[CDD (BASE 65) ]
TOTAL THIS MO.    14
DPTR FM NORMAL   -31    [PRESSURE DATA]
TOTAL FM JAN 1    23    HIGHEST SLP  0.00 ON M
DPTR FM NORMAL   -37    LOWEST  SLP 29.64 ON  4

[REMARKS]
