481
CXUS56 KMTR 191000
CF6HWD
PRELIMINARY LOCAL CLIMATOLOGICAL DATA (WS FORM: F-6)

                                          STATION:   HAYWARD AIRPORT
                                          MONTH:     FEBRUARY
                                          YEAR:      2018
                                          LATITUDE:   37 39 N
                                          LONGITUDE: 122  7 W

  TEMPERATURE IN F:       :PCPN:    SNOW:  WIND      :SUNSHINE: SKY     :PK WND
================================================================================
1   2   3   4   5  6A  6B    7    8   9   10  11  12  13   14  15   16   17  18
                                     12Z  AVG MX 2MIN
DY MAX MIN AVG DEP HDD CDD  WTR  SNW DPTH SPD SPD DIR MIN PSBL S-S WX    SPD DR
================================================================================

 1  68  49  59   8   6   0 0.00  0.0    0  3.0 10 270   M    M   0        12 260
 2  78  48  63  12   2   0 0.00  0.0    0  3.9 16  30   M    M   0        23  40
 3  81  47  64  13   1   0 0.00  0.0    0  4.5 18  50   M    M   0        26  40
 4  74  51  63  12   2   0 0.00  0.0    0  2.9 12 210   M    M   1        14 210
 5  74  48  61  10   4   0 0.00  0.0    0  2.8 10 300   M    M   0        15 270
 6  77  47  62  10   3   0 0.00  0.0    0  3.1 14  20   M    M   0        18  40
 7  72  48  60   8   5   0 0.00  0.0    0  4.7 10  80   M    M   0 8      13  70
 8  72  49  61   9   4   0 0.00  0.0    0  3.3  8 290   M    M   0 8      11 270
 9  75  49  62  10   3   0 0.00  0.0    0  2.6  9 290   M    M   1        10 280
10  72  46  59   7   6   0 0.00  0.0    0  5.2 17 290   M    M   1        21 300
11  58  41  50  -2  15   0 0.00  0.0    0  8.5 29 300   M    M   2        36 290
12  61  40  51  -1  14   0 0.00  0.0    0  4.8 16 290   M    M   2        20 290
13  63  42  53   1  12   0 0.00  0.0    0  4.9 12 240   M    M   0        14 230
14  61  40  51  -2  14   0 0.00  0.0    0  6.7 20 290   M    M   2        23 290
15  65  41  53   0  12   0 0.00  0.0    0  5.6 16 290   M    M   0        22 360
16  64  39  52  -1  13   0 0.00  0.0    0  5.1 10 310   M    M   0        14 300
17  68  42  55   2  10   0 0.00  0.0    0  5.9 16 290   M    M   1        19 290
18  57  44  51  -2  14   0 0.00  0.0    0 15.1 28 290   M    M   4        35 290
================================================================================
SM 1240  811       140   0  0.00     0.0  92.6          M       14
================================================================================
AV 68.9 45.1                               5.1 FASTST   M    M   1    MAX(MPH)
                                 MISC ---->  # 29 300               # 36  290
================================================================================
NOTES:
# LAST OF SEVERAL OCCURRENCES

COLUMN 17 PEAK WIND IN M.P.H.

PRELIMINARY LOCAL CLIMATOLOGICAL DATA (WS FORM: F-6) , PAGE 2

                                          STATION:  HAYWARD AIRPORT
                                          MONTH:    FEBRUARY
                                          YEAR:     2018
                                          LATITUDE:   37 39 N
                                          LONGITUDE: 122  7 W

[TEMPERATURE DATA]      [PRECIPITATION DATA]       SYMBOLS USED IN COLUMN 16

AVERAGE MONTHLY: 57.0   TOTAL FOR MONTH:   0.00    1 = FOG OR MIST
DPTR FM NORMAL:   5.0   DPTR FM NORMAL:   -2.13    2 = FOG REDUCING VISIBILITY
HIGHEST:    81 ON  3    GRTST 24HR  0.00 ON 18-18      TO 1/4 MILE OR LESS
LOWEST:     39 ON 16                               3 = THUNDER
                        SNOW, ICE PELLETS, HAIL    4 = ICE PELLETS
                        TOTAL MONTH:   0.0 INCH    5 = HAIL
                        GRTST 24HR     0.0         6 = FREEZING RAIN OR DRIZZLE
                        GRTST DEPTH:   0           7 = DUSTSTORM OR SANDSTORM:
                                                       VSBY 1/2 MILE OR LESS
                                                   8 = SMOKE OR HAZE
[NO. OF DAYS WITH]      [WEATHER - DAYS WITH]      9 = BLOWING SNOW
                                                   X = TORNADO
MAX 32 OR BELOW:   0    0.01 INCH OR MORE:   0
MAX 90 OR ABOVE:   0    0.10 INCH OR MORE:   0
MIN 32 OR BELOW:   0    0.50 INCH OR MORE:   0
MIN  0 OR BELOW:   0    1.00 INCH OR MORE:   0

[HDD (BASE 65) ]
TOTAL THIS MO.   140    CLEAR  (SCALE 0-3)  17
DPTR FM NORMAL   -93    PTCLDY (SCALE 4-7)   1
TOTAL FM JUL 1  1230    CLOUDY (SCALE 8-10)  0
DPTR FM NORMAL  -426

[CDD (BASE 65) ]
TOTAL THIS MO.     0
DPTR FM NORMAL     0    [PRESSURE DATA]
TOTAL FM JAN 1     0    HIGHEST SLP M ON M
DPTR FM NORMAL     0    LOWEST  SLP 29.83 ON 11

[REMARKS]
