126
CXUS56 KMTR 211000
CF6HWD
PRELIMINARY LOCAL CLIMATOLOGICAL DATA (WS FORM: F-6)

                                          STATION:   HAYWARD AIRPORT
                                          MONTH:     NOVEMBER
                                          YEAR:      2017
                                          LATITUDE:   37 39 N
                                          LONGITUDE: 122  7 W

  TEMPERATURE IN F:       :PCPN:    SNOW:  WIND      :SUNSHINE: SKY     :PK WND
================================================================================
1   2   3   4   5  6A  6B    7    8   9   10  11  12  13   14  15   16   17  18
                                     12Z  AVG MX 2MIN
DY MAX MIN AVG DEP HDD CDD  WTR  SNW DPTH SPD SPD DIR MIN PSBL S-S WX    SPD DR
================================================================================

 1  70  49  60   0   5   0    M    M    0  4.6 14 310   M    M   0        16 300
 2  67  48  58  -1   7   0 0.00    M    0  3.9  8 290   M    M   5        10 300
 3  66  56  61   2   4   0    M  0.0    0  8.4 16 160   M    M  10        20 150
 4  62  51  57  -2   8   0 0.30  0.0    0  7.4 14 290   M    M   8 1      18 290
 5  59  46  53  -5  12   0 0.00  0.0    0  6.5 12 280   M    M   2        16 290
 6  64  48  56  -2   9   0 0.00  0.0    0  5.5 12 310   M    M   4        15 310
 7  65  45  55  -3  10   0 0.00  0.0    0  4.2 10 240   M    M   0        13 240
 8  65  50  58   0   7   0 0.04  0.0    0  7.5 18 170   M    M   7 1      23 170
 9  68  55  62   5   3   0 0.01  0.0    0  6.2 15 200   M    M   7 1      21 200
10  66  54  60   3   5   0 0.02  0.0    0  5.4 10 290   M    M   6 8      13 290
11  66  52  59   2   6   0 0.00  0.0    0  3.3 14 300   M    M   5        15 310
12  66  48  57   1   8   0 0.00  0.0    0  3.8  8  80   M    M   1        11 290
13  68  51  60   4   5   0    T  0.0    0  4.3 13 290   M    M   8        16 140
14  66  51  59   3   6   0    T  0.0    0  4.1 12 300   M    M   2        14 290
15  66  52  59   3   6   0 0.02  0.0    0  6.3 18 170   M    M   5        23 200
16  61  53  57   2   8   0 1.33  0.0    0  5.8 22 170   M    M  10 18     29 160
17  64  46  55   0  10   0    T    M    0  5.4 17  30   M    M   1 1      21  30
18  63  42  53  -2  12   0 0.00  0.0    0  4.7 10 280   M    M   0        13 290
19  61  42  52  -2  13   0 0.00  0.0    0  2.9  9 280   M    M   1        11 280
20  67  56  62   8   3   0 0.00  0.0    0  1.8  7 290   M    M   7 8       8  80
================================================================================
SM 1300  995       147   0  1.72     0.0 102.0          M       89
================================================================================
AV 65.0 49.8                               5.1 FASTST   M    M   4    MAX(MPH)
                                 MISC ---->  # 22 170               # 29  160
================================================================================
NOTES:
# LAST OF SEVERAL OCCURRENCES

COLUMN 17 PEAK WIND IN M.P.H.

PRELIMINARY LOCAL CLIMATOLOGICAL DATA (WS FORM: F-6) , PAGE 2

                                          STATION:  HAYWARD AIRPORT
                                          MONTH:    NOVEMBER
                                          YEAR:     2017
                                          LATITUDE:   37 39 N
                                          LONGITUDE: 122  7 W

[TEMPERATURE DATA]      [PRECIPITATION DATA]       SYMBOLS USED IN COLUMN 16

AVERAGE MONTHLY: 57.4   TOTAL FOR MONTH:   1.72    1 = FOG OR MIST
DPTR FM NORMAL:   0.5   DPTR FM NORMAL:    0.38    2 = FOG REDUCING VISIBILITY
HIGHEST:    70 ON  1    GRTST 24HR  1.33 ON 16-16      TO 1/4 MILE OR LESS
LOWEST:     42 ON 19,18                            3 = THUNDER
                        SNOW, ICE PELLETS, HAIL    4 = ICE PELLETS
                        TOTAL MONTH:   0.0 INCH    5 = HAIL
                        GRTST 24HR     0.0         6 = FREEZING RAIN OR DRIZZLE
                        GRTST DEPTH:   0           7 = DUSTSTORM OR SANDSTORM:
                                                       VSBY 1/2 MILE OR LESS
                                                   8 = SMOKE OR HAZE
[NO. OF DAYS WITH]      [WEATHER - DAYS WITH]      9 = BLOWING SNOW
                                                   X = TORNADO
MAX 32 OR BELOW:   0    0.01 INCH OR MORE:   6
MAX 90 OR ABOVE:   0    0.10 INCH OR MORE:   2
MIN 32 OR BELOW:   0    0.50 INCH OR MORE:   1
MIN  0 OR BELOW:   0    1.00 INCH OR MORE:   1

[HDD (BASE 65) ]
TOTAL THIS MO.   147    CLEAR  (SCALE 0-3)   8
DPTR FM NORMAL   -17    PTCLDY (SCALE 4-7)   9
TOTAL FM JUL 1   244    CLOUDY (SCALE 8-10)  3
DPTR FM NORMAL  -124

[CDD (BASE 65) ]
TOTAL THIS MO.     0
DPTR FM NORMAL     0    [PRESSURE DATA]
TOTAL FM JAN 1   602    HIGHEST SLP M ON M
DPTR FM NORMAL   310    LOWEST  SLP 29.81 ON 16

[REMARKS]
