000
CXUS53 KUNR 210945
CF6ICR
PRELIMINARY LOCAL CLIMATOLOGICAL DATA (WS FORM: F-6)

                                          STATION:   WINNER REGIONAL AIRPORT SD
                                          MONTH:     OCTOBER
                                          YEAR:      2014
                                          LATITUDE:   43 23 N
                                          LONGITUDE:  99 50 W

  TEMPERATURE IN F:       :PCPN:    SNOW:  WIND      :SUNSHINE: SKY     :PK WND
================================================================================
1   2   3   4   5  6A  6B    7    8   9   10  11  12  13   14  15   16   17  18
                                     12Z  AVG MX 2MIN
DY MAX MIN AVG DEP HDD CDD  WTR  SNW DPTH SPD SPD DIR MIN PSBL S-S WX    SPD DR
================================================================================

 1  73  51  62   5   3   0 0.02    M    M  9.5 20 330   M    M   4        24 330
 2  71  43  57   1   8   0 0.08    M    M 13.6 32 320   M    M   4 18     40 330
 3  53  32  43 -13  22   0 0.00    M    M 23.0 43 310   M    M   5        57 320
 4  56  28  42 -14  23   0 0.00    M    M  6.6 13 280   M    M   6        15 300
 5  67  47  57   2   8   0 0.03    M    M 15.0 39 310   M    M   5 3      49 300
 6  72  46  59   4   6   0 0.01    M    M 13.3 31 300   M    M   5        42 300
 7  70  44  57   3   8   0 0.01    M    M 16.1 32 320   M    M   5        38 310
 8  72  42  57   3   8   0 0.00    M    M 10.2 23  90   M    M   3        28  90
 9  63  47  55   1  10   0 0.00    M    M 10.0 18  80   M    M   7        24  60
10  63  35  49  -4  16   0 0.00    M    M  5.3 16 150   M    M   3        20 140
11  72  45  59   6   6   0 0.00    M    M 19.5 30 190   M    M   0        40 190
12  71  48  60   8   5   0 0.02    M    M 18.4 31 190   M    M   4        38 190
13  67  43  55   3  10   0    T    M    M 15.5 37 340   M    M   2        47 340
14  69  36  53   1  12   0 0.00    M    M  6.7 13 170   M    M   0        14 150
15  85  45  65  14   0   0 0.00    M    M 17.2 29 190   M    M   0        38 190
16  72  51  62  11   3   0 0.00    M    M 22.7 41 290   M    M   0        49 290
17  58  37  48  -2  17   0 0.00    M    M 14.7 28 320   M    M   6        32 330
18  70  27  49  -1  16   0 0.00    M    M 12.9 25 190   M    M   0        38 190
19  80  47  64  15   1   0 0.00    M    M 10.8 25 200   M    M   0        32 200
20  78  41  60  11   5   0 0.00    M    M  8.5 18 160   M    M   0        24 170
================================================================================
SM 1382  835       187   0  0.17    M    269.5          M       59
================================================================================
AV 69.1 41.8                              13.5 FASTST   M    M   3    MAX(MPH)
                                 MISC ---->  # 43 310               # 57  320
================================================================================
NOTES:
# LAST OF SEVERAL OCCURRENCES

COLUMN 17 PEAK WIND IN M.P.H.

PRELIMINARY LOCAL CLIMATOLOGICAL DATA (WS FORM: F-6) , PAGE 2

                                          STATION:  WINNER REGIONAL AIRPORT SD
                                          MONTH:    OCTOBER
                                          YEAR:     2014
                                          LATITUDE:   43 23 N
                                          LONGITUDE:  99 50 W

[TEMPERATURE DATA]      [PRECIPITATION DATA]       SYMBOLS USED IN COLUMN 16

AVERAGE MONTHLY: 55.4   TOTAL FOR MONTH:   0.17    1 = FOG OR MIST
DPTR FM NORMAL:   2.5   DPTR FM NORMAL:   -0.98    2 = FOG REDUCING VISIBILITY
HIGHEST:    85 ON 15    GRTST 24HR  0.10 ON  1- 2      TO 1/4 MILE OR LESS
LOWEST:     27 ON 18                               3 = THUNDER
                        SNOW, ICE PELLETS, HAIL    4 = ICE PELLETS
                        TOTAL MONTH:    M          5 = HAIL
                        GRTST 24HR    M  ON   M    6 = FREEZING RAIN OR DRIZZLE
                        GRTST DEPTH:  M  ON   M    7 = DUSTSTORM OR SANDSTORM:
                                                       VSBY 1/2 MILE OR LESS
                                                   8 = SMOKE OR HAZE
[NO. OF DAYS WITH]      [WEATHER - DAYS WITH]      9 = BLOWING SNOW
                                                   X = TORNADO
MAX 32 OR BELOW:   0    0.01 INCH OR MORE:   6
MAX 90 OR ABOVE:   0    0.10 INCH OR MORE:   0
MIN 32 OR BELOW:   3    0.50 INCH OR MORE:   0
MIN  0 OR BELOW:   0    1.00 INCH OR MORE:   0

[HDD (BASE 65) ]
TOTAL THIS MO.   187    CLEAR  (SCALE 0-3)  10
DPTR FM NORMAL   -64    PTCLDY (SCALE 4-7)  10
TOTAL FM JUL 1   307    CLOUDY (SCALE 8-10)  0
DPTR FM NORMAL   -86

[CDD (BASE 65) ]
TOTAL THIS MO.     0
DPTR FM NORMAL    -9    [PRESSURE DATA]
TOTAL FM JAN 1   854    HIGHEST SLP M ON M
DPTR FM NORMAL   -61    LOWEST  SLP 29.53 ON 11

[REMARKS]
