000
CXUS53 KICT 210800
CF6ICT
PRELIMINARY LOCAL CLIMATOLOGICAL DATA (WS FORM: F-6)

                                          STATION:   WICHITA EISENHOWER NATIONAL
                                          MONTH:     JANUARY
                                          YEAR:      2017
                                          LATITUDE:   37 39 N
                                          LONGITUDE:  97 25 W

  TEMPERATURE IN F:       :PCPN:    SNOW:  WIND      :SUNSHINE: SKY     :PK WND
================================================================================
1   2   3   4   5  6A  6B    7    8   9   10  11  12  13   14  15   16   17  18
                                     12Z  AVG MX 2MIN
DY MAX MIN AVG DEP HDD CDD  WTR  SNW DPTH SPD SPD DIR MIN PSBL S-S WX    SPD DR
================================================================================

 1  55  27  41   9  24   0 0.00  0.0    0 10.1 18 150   M    M   4 1      24 150
 2  58  40  49  17  16   0 0.05  0.0    0 10.0 24 350   M    M   9 12     30 350
 3  40  20  30  -2  35   0 0.00  0.0    0 19.7 32 350   M    M   9        41 360
 4  30  13  22 -10  43   0    T    T    0 11.5 21  20   M    M   5        25  20
 5  20  13  17 -15  48   0    T    T    0 14.2 22  20   M    M   8        28  30
 6  22   8  15 -17  50   0 0.00  0.0    0  4.7 14  20   M    M   6        17  20
 7  35   4  20 -12  45   0 0.00  0.0    0  4.9 14  50   M    M   0        15  50
 8  44  14  29  -3  36   0 0.00  0.0    0 15.3 36 180   M    M   5        45 190
 9  51  21  36   4  29   0 0.00  0.0    0 16.4 31 180   M    M   7        37 190
10  60  37  49  17  16   0 0.00  0.0    0 15.9 32 320   M    M   6        42 330
11  66  23  45  13  20   0 0.00  0.0    0 14.9 28 340   M    M   6        32 340
12  33  16  25  -7  40   0 0.00  0.0    0 13.7 24 350   M    M   6        29 350
13  29  21  25  -7  40   0 0.04  0.0    0  9.5 16  30   M    M  10 16     20  40
14  36  27  32   0  33   0 0.29  0.0    0  6.7 13  20   M    M  10 16     17  20
15  36  32  34   2  31   0 1.31  0.0    0  7.9 15  40   M    M  10 16     19  60
16  43  35  39   7  26   0 0.86  0.0    0 10.4 20  50   M    M  10 1      24  50
17  51  32  42  10  23   0    T  0.0    0  6.9 20 320   M    M   4 1      23 320
18  55  28  42  10  23   0 0.00  0.0    0  7.7 17 180   M    M   6        21 180
19  52  40  46  14  19   0    T  0.0    0 10.6 22 180   M    M   9 12     26 180
20  52  31  42  10  23   0    T    M    0  7.6 21 200   M    M   8 128    24 200
================================================================================
SM  868  482       620   0  2.55    T    218.6          M      138
================================================================================
AV 43.4 24.1                              10.9 FASTST   M    M   7    MAX(MPH)
                                 MISC ---->  # 36 180               # 45  190
================================================================================
NOTES:
# LAST OF SEVERAL OCCURRENCES

COLUMN 17 PEAK WIND IN M.P.H.

PRELIMINARY LOCAL CLIMATOLOGICAL DATA (WS FORM: F-6) , PAGE 2

                                          STATION:  WICHITA EISENHOWER NATIONAL
                                          MONTH:    JANUARY
                                          YEAR:     2017
                                          LATITUDE:   37 39 N
                                          LONGITUDE:  97 25 W

[TEMPERATURE DATA]      [PRECIPITATION DATA]       SYMBOLS USED IN COLUMN 16

AVERAGE MONTHLY: 33.8   TOTAL FOR MONTH:   2.55    1 = FOG OR MIST
DPTR FM NORMAL:   1.8   DPTR FM NORMAL:    2.07    2 = FOG REDUCING VISIBILITY
HIGHEST:    66 ON 11    GRTST 24HR  1.58 ON 15-16      TO 1/4 MILE OR LESS
LOWEST:      4 ON  7                               3 = THUNDER
                        SNOW, ICE PELLETS, HAIL    4 = ICE PELLETS
                        TOTAL MONTH:    T          5 = HAIL
                        GRTST 24HR    T  ON  5- 5  6 = FREEZING RAIN OR DRIZZLE
                        GRTST DEPTH:   0           7 = DUSTSTORM OR SANDSTORM:
                                                       VSBY 1/2 MILE OR LESS
                                                   8 = SMOKE OR HAZE
[NO. OF DAYS WITH]      [WEATHER - DAYS WITH]      9 = BLOWING SNOW
                                                   X = TORNADO
MAX 32 OR BELOW:   4    0.01 INCH OR MORE:   5
MAX 90 OR ABOVE:   0    0.10 INCH OR MORE:   3
MIN 32 OR BELOW:  16    0.50 INCH OR MORE:   2
MIN  0 OR BELOW:   0    1.00 INCH OR MORE:   1

[HDD (BASE 65) ]
TOTAL THIS MO.   620    CLEAR  (SCALE 0-3)   1
DPTR FM NORMAL   -40    PTCLDY (SCALE 4-7)  11
TOTAL FM JUL 1  2060    CLOUDY (SCALE 8-10)  8
DPTR FM NORMAL  -443

[CDD (BASE 65) ]
TOTAL THIS MO.     0
DPTR FM NORMAL     0    [PRESSURE DATA]
TOTAL FM JAN 1     0    HIGHEST SLP M ON M
DPTR FM NORMAL     0    LOWEST  SLP 29.39 ON 20

[REMARKS]
