000
CXUS53 KUNR 290945
CF6IEN
PRELIMINARY LOCAL CLIMATOLOGICAL DATA (WS FORM: F-6)

                                          STATION:   PINE RIDGE SD
                                          MONTH:     MAY
                                          YEAR:      2017
                                          LATITUDE:   43  1 N
                                          LONGITUDE: 102 31 W

  TEMPERATURE IN F:       :PCPN:    SNOW:  WIND      :SUNSHINE: SKY     :PK WND
================================================================================
1   2   3   4   5  6A  6B    7    8   9   10  11  12  13   14  15   16   17  18
                                     12Z  AVG MX 2MIN
DY MAX MIN AVG DEP HDD CDD  WTR  SNW DPTH SPD SPD DIR MIN PSBL S-S WX    SPD DR
================================================================================

 1  62  29  46  -4  19   0 0.08    M    M  9.0 28 310   M    M   5        36 310
 2  57  30  44  -7  21   0    T    M    M  2.8 12  10   M    M   5        16 300
 3  60  32  46  -5  19   0 0.14    M    M  6.9 17 350   M    M   6 1      23 360
 4  71  28  50  -2  15   0 0.00    M    M  3.6 14 310   M    M   0        22 300
 5  80  34  57   5   8   0 0.00    M    M  2.5  9  70   M    M   0        14 250
 6  87  47  67  15   0   2 0.00    M    M 12.0 25 160   M    M   0        35 170
 7  85  62  74  22   0   9 0.00    M    M 10.5 30 180   M    M   0        38 180
 8  70  51  61   8   4   0 0.00    M    M 10.8 24  20   M    M   1 8      31  20
 9  61  50  56   3   9   0 0.05    M    M  8.2 15 140   M    M  10 13     19 140
10  62  41  52  -2  13   0 0.93    M    M  6.7 17  30   M    M   6 13     19  30
11  70  36  53  -1  12   0 0.00    M    M  4.9 21 170   M    M   1 1      28 170
12  79  51  65  11   0   0 0.00    M    M 20.1 33 180   M    M   0        43 180
13  84  54  69  14   0   4    T    M    M 18.5 37 180   M    M   0 3      49 180
14  74  52  63   8   2   0 0.17    M    M 10.2 30 250   M    M   1 3      37  40
15  76  49  63   8   2   0 0.53    M    M 10.8 35  70   M    M   4 13     45  70
16  72  51  62   6   3   0 0.12    M    M  6.3 28 280   M    M   6 13     34 280
17  55  46  51  -5  14   0 0.59    M    M 10.0 21  20   M    M   9 1      28  30
18  47  40  44 -12  21   0 0.52    M    M 14.4 23  30   M    M  10 1      30  30
19  45  40  43 -14  22   0 0.13    M    M 10.9 18  40   M    M  10 1      25  30
20  58  36  47 -10  18   0 0.11    M    M  8.5 22 350   M    M   8 1      29  10
21  66  32  49  -8  16   0 0.04    M    M  6.3 23 350   M    M   1 1      30 350
22  61  39  50  -8  15   0 0.36    M    M  5.9 23 290   M    M   5 13     27 290
23  62  39  51  -7  14   0 0.00    M    M 10.1 23 350   M    M   5        31  20
24  79  33  56  -2   9   0 0.00    M    M 14.7 30 180   M    M   0        42 170
25  72  46  59   0   6   0 0.00    M    M  7.9 24  10   M    M   1 8      31  20
26  68  38  53  -6  12   0 0.18    M    M  3.1 15 130   M    M   4 1      20 130
27  68  48  58  -1   7   0 0.01    M    M  6.6 22 240   M    M   6        26 310
28  72  45  59  -1   6   0 0.05    M    M  8.1 28 350   M    M   5 13     35 350
================================================================================
SM 1903 1179       287  15  4.01    M    250.3          M      109
================================================================================
AV 68.0 42.1                               8.9 FASTST   M    M   4    MAX(MPH)
                                 MISC ---->  # 37 180               # 49  180
================================================================================
NOTES:
# LAST OF SEVERAL OCCURRENCES

COLUMN 17 PEAK WIND IN M.P.H.

PRELIMINARY LOCAL CLIMATOLOGICAL DATA (WS FORM: F-6) , PAGE 2

                                          STATION:  PINE RIDGE SD
                                          MONTH:    MAY
                                          YEAR:     2017
                                          LATITUDE:   43  1 N
                                          LONGITUDE: 102 31 W

[TEMPERATURE DATA]      [PRECIPITATION DATA]       SYMBOLS USED IN COLUMN 16

AVERAGE MONTHLY: 55.0   TOTAL FOR MONTH:   4.01    1 = FOG OR MIST
DPTR FM NORMAL:  -0.1   DPTR FM NORMAL:    1.72    2 = FOG REDUCING VISIBILITY
HIGHEST:    87 ON  6    GRTST 24HR  0.98 ON  9-10      TO 1/4 MILE OR LESS
LOWEST:     28 ON  4                               3 = THUNDER
                        SNOW, ICE PELLETS, HAIL    4 = ICE PELLETS
                        TOTAL MONTH:    M          5 = HAIL
                        GRTST 24HR    M  ON   M    6 = FREEZING RAIN OR DRIZZLE
                        GRTST DEPTH:  M  ON   M    7 = DUSTSTORM OR SANDSTORM:
                                                       VSBY 1/2 MILE OR LESS
                                                   8 = SMOKE OR HAZE
[NO. OF DAYS WITH]      [WEATHER - DAYS WITH]      9 = BLOWING SNOW
                                                   X = TORNADO
MAX 32 OR BELOW:   0    0.01 INCH OR MORE:  16
MAX 90 OR ABOVE:   0    0.10 INCH OR MORE:  11
MIN 32 OR BELOW:   5    0.50 INCH OR MORE:   4
MIN  0 OR BELOW:   0    1.00 INCH OR MORE:   0

[HDD (BASE 65) ]
TOTAL THIS MO.   287    CLEAR  (SCALE 0-3)  12
DPTR FM NORMAL     0    PTCLDY (SCALE 4-7)  12
TOTAL FM JUL 1  6656    CLOUDY (SCALE 8-10)  4
DPTR FM NORMAL  -451

[CDD (BASE 65) ]
TOTAL THIS MO.    15
DPTR FM NORMAL     4    [PRESSURE DATA]
TOTAL FM JAN 1    16    HIGHEST SLP M ON M
DPTR FM NORMAL     5    LOWEST  SLP 28.96 ON 24

[REMARKS]
