000
CXUS53 KUNR 290945
CF6IEN
PRELIMINARY LOCAL CLIMATOLOGICAL DATA (WS FORM: F-6)

                                          STATION:   PINE RIDGE SD
                                          MONTH:     APRIL
                                          YEAR:      2016
                                          LATITUDE:   43  1 N
                                          LONGITUDE: 102 31 W

  TEMPERATURE IN F:       :PCPN:    SNOW:  WIND      :SUNSHINE: SKY     :PK WND
================================================================================
1   2   3   4   5  6A  6B    7    8   9   10  11  12  13   14  15   16   17  18
                                     12Z  AVG MX 2MIN
DY MAX MIN AVG DEP HDD CDD  WTR  SNW DPTH SPD SPD DIR MIN PSBL S-S WX    SPD DR
================================================================================

 1  49  27  38  -4  27   0 0.01    M    M  9.6 23  10   M    M   4 1      30 360
 2  68  32  50   8  15   0 0.00    M    M  9.7 28 250   M    M   1        35 260
 3  71  32  52  10  13   0 0.00    M    M 10.2 25 360   M    M   2        33 360
 4  75  28  52  10  13   0 0.00    M    M  5.7 21 170   M    M   1        30 160
 5  60  45  53  10  12   0    T    M    M 15.6 38 300   M    M   4 8      53 300
 6  64  32  48   5  17   0    T    M    M 12.3 31 330   M    M   5        40 330
 7  58  28  43   0  22   0    T    M    M 13.4 30 340   M    M   5        40 340
 8  60  21  41  -2  24   0 0.00    M    M  6.8 18 170   M    M   0        29 170
 9  81  39  60  16   5   0 0.00    M    M 20.4 39 190   M    M   0        49 180
10  54  34  44   0  21   0    T    M    M  8.6 18  20   M    M   9        24 360
11  61  18  40  -4  25   0 0.00    M    M  6.2 20 180   M    M   3        27 200
12  78  39  59  15   6   0 0.00    M    M  8.9 23 190   M    M   1        30 190
13  82  32  57  12   8   0 0.00    M    M  7.9 21 200   M    M   1        27 210
14  81  45  63  18   2   0 0.02    M    M 16.3 36 170   M    M   0 3      48 170
15  59  41  50   5  15   0 1.06    M    M  9.9 23  30   M    M   7 1      31  20
16  42  33  38  -8  27   0 0.78    M    M 14.2 25  10   M    M  10 1      36 340
17  38  31  35 -11  30   0 0.33    M    M 10.0 22  20   M    M  10 18     29  20
18  44  32  38  -8  27   0 0.06    M    M  6.7 15 310   M    M  10 1      20 320
19  58  31  45  -1  20   0 0.00    M    M  5.8 14 230   M    M   4        17 270
20  62  35  49   2  16   0 0.00    M    M  4.3 16 310   M    M   5        20 320
21  69  35  52   5  13   0 0.00    M    M  6.4 17  10   M    M   1        24 360
22  78  41  60  13   5   0 0.00    M    M 18.9 32 180   M    M   0        40 180
23  79  52  66  18   0   1    T    M    M 14.2 33 270   M    M   0        43 280
24  65  40  53   5  12   0 0.21    M    M 10.6 29 290   M    M   5 13     38 280
25  62  34  48   0  17   0 0.00    M    M  8.6 17  50   M    M   4        23  50
26  41  34  38 -11  27   0 0.36    M    M 10.0 21  50   M    M  10 1      27  50
27  38  31  35 -14  30   0 0.21    M    M 11.9 23 320   M    M  10 1      32 340
28  43  31  37 -12  28   0 0.02    M    M  6.7 15  20   M    M   9 1      18  20
================================================================================
SM 1720  953       477   1  3.06    M    289.8          M      121
================================================================================
AV 61.4 34.0                              10.3 FASTST   M    M   4    MAX(MPH)
                                 MISC ---->  # 39 190               # 53  300
================================================================================
NOTES:
# LAST OF SEVERAL OCCURRENCES

COLUMN 17 PEAK WIND IN M.P.H.

PRELIMINARY LOCAL CLIMATOLOGICAL DATA (WS FORM: F-6) , PAGE 2

                                          STATION:  PINE RIDGE SD
                                          MONTH:    APRIL
                                          YEAR:     2016
                                          LATITUDE:   43  1 N
                                          LONGITUDE: 102 31 W

[TEMPERATURE DATA]      [PRECIPITATION DATA]       SYMBOLS USED IN COLUMN 16

AVERAGE MONTHLY: 47.7   TOTAL FOR MONTH:   3.06    1 = FOG OR MIST
DPTR FM NORMAL:   2.5   DPTR FM NORMAL:    1.30    2 = FOG REDUCING VISIBILITY
HIGHEST:    82 ON 13    GRTST 24HR  1.39 ON 15-16      TO 1/4 MILE OR LESS
LOWEST:     18 ON 11                               3 = THUNDER
                        SNOW, ICE PELLETS, HAIL    4 = ICE PELLETS
                        TOTAL MONTH:    M          5 = HAIL
                        GRTST 24HR    M  ON   M    6 = FREEZING RAIN OR DRIZZLE
                        GRTST DEPTH:  M  ON   M    7 = DUSTSTORM OR SANDSTORM:
                                                       VSBY 1/2 MILE OR LESS
                                                   8 = SMOKE OR HAZE
[NO. OF DAYS WITH]      [WEATHER - DAYS WITH]      9 = BLOWING SNOW
                                                   X = TORNADO
MAX 32 OR BELOW:   0    0.01 INCH OR MORE:  10
MAX 90 OR ABOVE:   0    0.10 INCH OR MORE:   6
MIN 32 OR BELOW:  14    0.50 INCH OR MORE:   2
MIN  0 OR BELOW:   0    1.00 INCH OR MORE:   1

[HDD (BASE 65) ]
TOTAL THIS MO.   477    CLEAR  (SCALE 0-3)  12
DPTR FM NORMAL   -76    PTCLDY (SCALE 4-7)   9
TOTAL FM JUL 1  6083    CLOUDY (SCALE 8-10)  7
DPTR FM NORMAL  -708

[CDD (BASE 65) ]
TOTAL THIS MO.     1
DPTR FM NORMAL     1    [PRESSURE DATA]
TOTAL FM JAN 1     1    HIGHEST SLP M ON M
DPTR FM NORMAL     1    LOWEST  SLP 29.12 ON 24

[REMARKS]
