000
CXUS51 KPHI 280800
CF6ILG
PRELIMINARY LOCAL CLIMATOLOGICAL DATA (WS FORM: F-6)

                                          STATION:   WILMINGTON DE
                                          MONTH:     JUNE
                                          YEAR:      2017
                                          LATITUDE:   39 40 N
                                          LONGITUDE:  75 36 W

  TEMPERATURE IN F:       :PCPN:    SNOW:  WIND      :SUNSHINE: SKY     :PK WND
================================================================================
1   2   3   4   5  6A  6B    7    8   9   10  11  12  13   14  15   16   17  18
                                     12Z  AVG MX 2MIN
DY MAX MIN AVG DEP HDD CDD  WTR  SNW DPTH SPD SPD DIR MIN PSBL S-S WX    SPD DR
================================================================================

 1  82  59  71   3   0   6 0.00  0.0    0  8.1 23 270   M    M   2        30 280
 2  80  53  67  -1   0   2 0.00  0.0    0  8.6 25 300   M    M   1        31 300
 3  78  52  65  -3   0   0    T  0.0    0  6.0 23 330   M    M   2        28 350
 4  81  53  67  -2   0   2 0.00  0.0    0  6.4 17 170   M    M   3        21 170
 5  74  64  69   0   0   4 0.07  0.0    0  3.5 12 160   M    M   5 18     14 150
 6  73  57  65  -5   0   0 0.43  0.0    0  8.7 21  70   M    M   9 1      25  70
 7  66  52  59 -11   6   0 0.00  0.0    0  6.1 13  70   M    M   8        16  40
 8  71  50  61  -9   4   0 0.00  0.0    0  5.2 14 120   M    M   0        18 120
 9  83  50  67  -3   0   2 0.00  0.0    0  7.1 18 290   M    M   1        23 300
10  87  59  73   2   0   8 0.00  0.0    0  6.9 16 210   M    M   1        21 210
11  92  65  79   8   0  14 0.00  0.0    0  6.7 17 290   M    M   0        22 280
12  93  69  81  10   0  16 0.00  0.0    0  6.6 16 230   M    M   1        20 240
13  95  71  83  11   0  18 0.00  0.0    0  6.7 16 240   M    M   2 1      20 230
14  84  68  76   4   0  11 1.28  0.0    0  8.7 32  40   M    M   3 13     35  40
15  80  63  72   0   0   7 0.00  0.0    0  9.0 22 180   M    M   3        26 180
16  82  67  75   2   0  10 0.00  0.0    0  6.3 12 150   M    M   9        15 140
17  84  70  77   4   0  12 0.80  0.0    0  6.3 20 190   M    M   8 138    23 180
18  90  74  82   9   0  17 0.00  0.0    0 11.4 21 190   M    M   6        26 210
19  89  70  80   7   0  15 0.45  0.0    0 12.3 40 290   M    M   5 13     49 280
20  86  70  78   4   0  13    T  0.0    0 10.2 20 280   M    M   3        26 280
21  87  66  77   3   0  12 0.02  0.0    0  7.0 30 350   M    M   2 3      39 350
22  87  67  77   3   0  12 0.00  0.0    0  5.2 15 240   M    M   1 1      19 270
23  88  74  81   7   0  16 0.05  0.0    0 11.5 23 220   M    M   2 1      31 230
24  86  71  79   4   0  14 0.77  0.0    0 10.9 33 300   M    M   4 1      42 300
25  85  65  75   0   0  10 0.00  0.0    0  6.8 16 270   M    M   3        21 280
26  80  62  71  -4   0   6 0.00  0.0    0  5.3 15 290   M    M   2        19 260
27  80  59  70  -5   0   5 0.12  0.0    M  7.5 22 320   M    M   2 1      27 290
================================================================================
SM 2243 1700        10 232  3.99     0.0 205.0          M       88
================================================================================
AV 83.1 63.0                               7.6 FASTST   M    M   3    MAX(MPH)
                                 MISC ---->  # 40 290               # 49  280
================================================================================
NOTES:
# LAST OF SEVERAL OCCURRENCES

COLUMN 17 PEAK WIND IN M.P.H.

PRELIMINARY LOCAL CLIMATOLOGICAL DATA (WS FORM: F-6) , PAGE 2

                                          STATION:  WILMINGTON DE
                                          MONTH:    JUNE
                                          YEAR:     2017
                                          LATITUDE:   39 40 N
                                          LONGITUDE:  75 36 W

[TEMPERATURE DATA]      [PRECIPITATION DATA]       SYMBOLS USED IN COLUMN 16

AVERAGE MONTHLY: 73.0   TOTAL FOR MONTH:   3.99    1 = FOG OR MIST
DPTR FM NORMAL:   1.2   DPTR FM NORMAL:    0.49    2 = FOG REDUCING VISIBILITY
HIGHEST:    95 ON 13    GRTST 24HR  1.28 ON 14-14      TO 1/4 MILE OR LESS
LOWEST:     50 ON  9, 8                            3 = THUNDER
                        SNOW, ICE PELLETS, HAIL    4 = ICE PELLETS
                        TOTAL MONTH:   0.0 INCH    5 = HAIL
                        GRTST 24HR     0.0         6 = FREEZING RAIN OR DRIZZLE
                        GRTST DEPTH:   0           7 = DUSTSTORM OR SANDSTORM:
                                                       VSBY 1/2 MILE OR LESS
                                                   8 = SMOKE OR HAZE
[NO. OF DAYS WITH]      [WEATHER - DAYS WITH]      9 = BLOWING SNOW
                                                   X = TORNADO
MAX 32 OR BELOW:   0    0.01 INCH OR MORE:   9
MAX 90 OR ABOVE:   4    0.10 INCH OR MORE:   6
MIN 32 OR BELOW:   0    0.50 INCH OR MORE:   3
MIN  0 OR BELOW:   0    1.00 INCH OR MORE:   1

[HDD (BASE 65) ]
TOTAL THIS MO.    10    CLEAR  (SCALE 0-3)  19
DPTR FM NORMAL    -3    PTCLDY (SCALE 4-7)   5
TOTAL FM JUL 1  4087    CLOUDY (SCALE 8-10)  3
DPTR FM NORMAL  -730

[CDD (BASE 65) ]
TOTAL THIS MO.   232
DPTR FM NORMAL    33    [PRESSURE DATA]
TOTAL FM JAN 1   323    HIGHEST SLP M ON M
DPTR FM NORMAL    45    LOWEST  SLP 29.57 ON 24

[REMARKS]
