000
CXUS52 KILM 261000
CF6ILM
PRELIMINARY LOCAL CLIMATOLOGICAL DATA (WS FORM: F-6)

                                          STATION:   WILMINGTON NC
                                          MONTH:     FEBRUARY
                                          YEAR:      2015
                                          LATITUDE:   34 16 N
                                          LONGITUDE:  77 55 W

  TEMPERATURE IN F:       :PCPN:    SNOW:  WIND      :SUNSHINE: SKY     :PK WND
================================================================================
1   2   3   4   5  6A  6B    7    8   9   10  11  12  13   14  15   16   17  18
                                     12Z  AVG MX 2MIN
DY MAX MIN AVG DEP HDD CDD  WTR  SNW DPTH SPD SPD DIR MIN PSBL S-S WX    SPD DR
================================================================================

 1  61  30  46  -1  19   0 0.17  0.0    0  5.5 20 190   M    M   2 1      28 210
 2  64  36  50   3  15   0 0.46  0.0    0 19.5 39 280   M    M   7 1      51 270
 3  45  26  36 -11  29   0 0.00  0.0    0  5.4 14 360   M    M   0        18 350
 4  55  27  41  -6  24   0 0.26  0.0    0  2.5 10 110   M    M   3 1      13 110
 5  56  32  44  -4  21   0 0.21  0.0    0 10.6 21  10   M    M   7 1      29  20
 6  44  22  33 -15  32   0 0.00  0.0    0  5.9 14  20   M    M   0        18  20
 7  59  29  44  -4  21   0 0.00  0.0    0  7.3 18 200   M    M   0        24 210
 8  69  48  59  11   6   0 0.00  0.0    0 12.7 24 240   M    M   0        30 240
 9  72  51  62  14   3   0 0.00  0.0    0  7.0 17 210   M    M   0        22 220
10  53  38  46  -2  19   0 0.08  0.0    0 15.0 25 340   M    M   8 1      34 340
11  49  32  41  -7  24   0 0.00  0.0    0  8.7 23 350   M    M   6 1      31 350
12  65  31  48   0  17   0 0.00  0.0    0 10.8 35 340   M    M   2 18     47 330
13  40  24  32 -16  33   0 0.00  0.0    0  7.8 20 340   M    M   0        26 330
14  53  21  37 -12  28   0 0.00  0.0    0 10.3 30 230   M    M   0        37 240
15  53  22  38 -11  27   0 0.00  0.0    0 15.3 35 320   M    M   1        43 330
16  50  22  36 -13  29   0 0.07  0.0    0  6.9 23 310   M    M   7 1      27 310
17  60  29  45  -4  20   0 0.74  0.0    0 10.0 28 210   M    M   9 16     41 230
18  48  26  37 -12  28   0    T    T    0  8.7 26 310   M    M   1 1      35 300
19  32  19  26 -24  39   0 0.00  0.0    0 13.4 24 290   M    M   1        31 310
20  33  13  23 -27  42   0 0.00  0.0    0  8.7 18 330   M    M   0        22  10
21  59  19  39 -11  26   0 0.14  0.0    0  8.0 21 170   M    M   6 1      31 150
22  67  47  57   7   8   0    T  0.0    0  4.3 14 250   M    M   7 12     17 250
23  57  31  44  -6  21   0 0.33  0.0    0 10.5 21  30   M    M   9 1      27  20
24  31  26  29 -21  36   0 0.49  0.3    0 11.7 17  40   M    M   9 16     24  30
25  41  29  35 -16  30   0 0.47  0.0    0  7.4 17  60   M    M   8 1      21  60
================================================================================
SM 1316  730       597   0  3.42     0.3 233.9          M       93
================================================================================
AV 52.6 29.2                               9.4 FASTST   M    M   4    MAX(MPH)
                                 MISC ---->  # 39 280               # 51  270
================================================================================
NOTES:
# LAST OF SEVERAL OCCURRENCES

COLUMN 17 PEAK WIND IN M.P.H.

PRELIMINARY LOCAL CLIMATOLOGICAL DATA (WS FORM: F-6) , PAGE 2

                                          STATION:  WILMINGTON NC
                                          MONTH:    FEBRUARY
                                          YEAR:     2015
                                          LATITUDE:   34 16 N
                                          LONGITUDE:  77 55 W

[TEMPERATURE DATA]      [PRECIPITATION DATA]       SYMBOLS USED IN COLUMN 16

AVERAGE MONTHLY: 40.9   TOTAL FOR MONTH:   3.42    1 = FOG OR MIST
DPTR FM NORMAL:  -7.7   DPTR FM NORMAL:    0.19    2 = FOG REDUCING VISIBILITY
HIGHEST:    72 ON  9    GRTST 24HR  0.81 ON 16-17      TO 1/4 MILE OR LESS
LOWEST:     13 ON 20                               3 = THUNDER
                        SNOW, ICE PELLETS, HAIL    4 = ICE PELLETS
                        TOTAL MONTH:   0.3 INCH    5 = HAIL
                        GRTST 24HR   0.3 ON   M    6 = FREEZING RAIN OR DRIZZLE
                        GRTST DEPTH:   0           7 = DUSTSTORM OR SANDSTORM:
                                                       VSBY 1/2 MILE OR LESS
                                                   8 = SMOKE OR HAZE
[NO. OF DAYS WITH]      [WEATHER - DAYS WITH]      9 = BLOWING SNOW
                                                   X = TORNADO
MAX 32 OR BELOW:   2    0.01 INCH OR MORE:  11
MAX 90 OR ABOVE:   0    0.10 INCH OR MORE:   9
MIN 32 OR BELOW:  20    0.50 INCH OR MORE:   1
MIN  0 OR BELOW:   0    1.00 INCH OR MORE:   0

[HDD (BASE 65) ]
TOTAL THIS MO.   597    CLEAR  (SCALE 0-3)  13
DPTR FM NORMAL   185    PTCLDY (SCALE 4-7)   7
TOTAL FM JUL 1  2108    CLOUDY (SCALE 8-10)  5
DPTR FM NORMAL   221

[CDD (BASE 65) ]
TOTAL THIS MO.     0
DPTR FM NORMAL     0    [PRESSURE DATA]
TOTAL FM JAN 1     6    HIGHEST SLP M ON M
DPTR FM NORMAL     4    LOWEST  SLP 29.55 ON  2

[REMARKS]
