000
CXUS55 KLBF 300945
CF6IML
PRELIMINARY LOCAL CLIMATOLOGICAL DATA (WS FORM: F-6)

                                          STATION:   IMPERIAL NE
                                          MONTH:     AUGUST
                                          YEAR:      2015
                                          LATITUDE:   40 31 N
                                          LONGITUDE: 101 37 W

  TEMPERATURE IN F:       :PCPN:    SNOW:  WIND      :SUNSHINE: SKY     :PK WND
================================================================================
1   2   3   4   5  6A  6B    7    8   9   10  11  12  13   14  15   16   17  18
                                     12Z  AVG MX 2MIN
DY MAX MIN AVG DEP HDD CDD  WTR  SNW DPTH SPD SPD DIR MIN PSBL S-S WX    SPD DR
================================================================================

 1  96  62  79   3   0  14    T    M    M 11.2 24 120   M    M   1        32  10
 2  98  61  80   4   0  15 0.00    M    M  6.0 22  80   M    M   0        28  80
 3  92  60  76   0   0  11 0.00    M    M  7.9 17 150   M    M   0        23 170
 4  79  59  69  -7   0   4 0.95    M    M  5.7 26 330   M    M   5 1238   38 320
 5  89  56  73  -3   0   8 0.00    M    M  7.0 17 140   M    M   1        22 150
 6  86  62  74  -2   0   9 0.00    M    M  6.9 16 130   M    M   2        20 170
 7  94  59  77   1   0  12 1.93    M    M 10.6 29 170   M    M   3 13     45 150
 8  83  63  73  -3   0   8 0.00    M    M  4.5 10 120   M    M   4        13 130
 9  90  65  78   3   0  13 0.00    M    M  5.8 17 290   M    M   1        24 290
10  86  62  74  -1   0   9 0.00    M    M  7.6 14  80   M    M   0        18  90
11  86  63  75   0   0  10 0.00    M    M 12.2 22 160   M    M   5        26 150
12  88  64  76   1   0  11 0.00    M    M 10.4 17 150   M    M   3        24 150
13  95  65  80   5   0  15 0.00    M    M  6.9 17  50   M    M   0        21  50
14  91  62  77   3   0  12 0.00    M    M  6.9 15 120   M    M   0        20 120
15  98  69  84  10   0  19 0.00    M    M 13.1 22 170   M    M   0        28 190
16  88  65  77   3   0  12 0.00    M    M  9.4 20  60   M    M   3        25  70
17  70  62  66  -8   0   1 0.00    M    M  9.7 18 130   M    M  10 1      23 130
18  72  53  63 -11   2   0    T    M    M 14.7 30 330   M    M   6 1      35 330
19  74  50  62 -12   3   0 0.00    M    M  7.8 17 330   M    M   3        21 340
20  88  48  68  -5   0   3 0.00    M    M  5.5 15 220   M    M   0        20 210
21  87  57  72  -1   0   7 0.00    M    M 10.8 28 170   M    M   0 8      36 170
22  82  53  68  -5   0   3 0.00    M    M 12.6 26  10   M    M   0        33 360
23  73  44  59 -13   6   0 0.00    M    M  5.2 10 310   M    M   1        14 310
24  88  45  67  -5   0   2 0.00    M    M  7.4 17 160   M    M   0        21 170
25  91  57  74   2   0   9 0.00    M    M  8.9 17 140   M    M   0        23 140
26 102  62  82  10   0  17 0.00    M    M  9.5 17 150   M    M   0        22 130
27  92  63  78   6   0  13 0.00    M    M  8.5 20 350   M    M   0        25 340
28  90  59  75   4   0  10 0.00    M    M  8.6 18 360   M    M   0        28 330
29  94  57  76   5   0  11 0.00    M    M  7.0 15 160   M    M   0        18 160
================================================================================
SM 2542 1707        11 258  2.88    M    248.3          M       48
================================================================================
AV 87.7 58.9                               8.6 FASTST   M    M   2    MAX(MPH)
                                 MISC ---->  # 30 330               # 45  150
================================================================================
NOTES:
# LAST OF SEVERAL OCCURRENCES

COLUMN 17 PEAK WIND IN M.P.H.

PRELIMINARY LOCAL CLIMATOLOGICAL DATA (WS FORM: F-6) , PAGE 2

                                          STATION:  IMPERIAL NE
                                          MONTH:    AUGUST
                                          YEAR:     2015
                                          LATITUDE:   40 31 N
                                          LONGITUDE: 101 37 W

[TEMPERATURE DATA]      [PRECIPITATION DATA]       SYMBOLS USED IN COLUMN 16

AVERAGE MONTHLY: 73.3   TOTAL FOR MONTH:   2.88    1 = FOG OR MIST
DPTR FM NORMAL:  -0.8   DPTR FM NORMAL:    0.46    2 = FOG REDUCING VISIBILITY
HIGHEST:   102 ON 26    GRTST 24HR  1.93 ON  7- 7      TO 1/4 MILE OR LESS
LOWEST:     44 ON 23                               3 = THUNDER
                        SNOW, ICE PELLETS, HAIL    4 = ICE PELLETS
                        TOTAL MONTH:    M          5 = HAIL
                        GRTST 24HR    M  ON   M    6 = FREEZING RAIN OR DRIZZLE
                        GRTST DEPTH:  M  ON   M    7 = DUSTSTORM OR SANDSTORM:
                                                       VSBY 1/2 MILE OR LESS
                                                   8 = SMOKE OR HAZE
[NO. OF DAYS WITH]      [WEATHER - DAYS WITH]      9 = BLOWING SNOW
                                                   X = TORNADO
MAX 32 OR BELOW:   0    0.01 INCH OR MORE:   2
MAX 90 OR ABOVE:  13    0.10 INCH OR MORE:   2
MIN 32 OR BELOW:   0    0.50 INCH OR MORE:   2
MIN  0 OR BELOW:   0    1.00 INCH OR MORE:   1

[HDD (BASE 65) ]
TOTAL THIS MO.    11    CLEAR  (SCALE 0-3)  23
DPTR FM NORMAL     8    PTCLDY (SCALE 4-7)   5
TOTAL FM JUL 1    13    CLOUDY (SCALE 8-10)  1
DPTR FM NORMAL     8

[CDD (BASE 65) ]
TOTAL THIS MO.   258
DPTR FM NORMAL   -11    [PRESSURE DATA]
TOTAL FM JAN 1   822    HIGHEST SLP M ON M
DPTR FM NORMAL   -31    LOWEST  SLP 29.61 ON 22

[REMARKS]
