000
CXUS53 KIND 230730
CF6IND
PRELIMINARY LOCAL CLIMATOLOGICAL DATA (WS FORM: F-6)

                                          STATION:   INDIANAPOLIS IN
                                          MONTH:     SEPTEMBER
                                          YEAR:      2014
                                          LATITUDE:   39 43 N
                                          LONGITUDE:  86 17 W

  TEMPERATURE IN F:       :PCPN:    SNOW:  WIND      :SUNSHINE: SKY     :PK WND
================================================================================
1   2   3   4   5  6A  6B    7    8   9   10  11  12  13   14  15   16   17  18
                                     12Z  AVG MX 2MIN
DY MAX MIN AVG DEP HDD CDD  WTR  SNW DPTH SPD SPD DIR MIN PSBL S-S WX    SPD DR
================================================================================

 1  82  71  77   5   0  12 0.00  0.0    0 12.8 23 230   M    M   7 1      29 200
 2  79  65  72   0   0   7 1.00  0.0    0  8.5 18 290   M    M   7 13     24 260
 3  83  64  74   2   0   9 0.00  0.0    0  6.0 13 190   M    M   3 1      16 190
 4  87  66  77   6   0  12 0.00  0.0    0  8.3 16 210   M    M   3 18     20 200
 5  90  70  80   9   0  15 0.02  0.0    0 10.4 28 330   M    M   4 13     32 340
 6  73  60  67  -4   0   2    T  0.0    0  8.9 16 350   M    M   7 1      21  10
 7  76  54  65  -5   0   0 0.00  0.0    0  7.4 13  40   M    M   2        18  90
 8  79  56  68  -2   0   3 0.00  0.0    0  5.0 12 100   M    M   1        23 270
 9  81  57  69  -1   0   4 0.00  0.0    0  6.1 15 190   M    M   6        27 160
10  82  67  75   6   0  10 0.90  0.0    0 15.5 31 200   M    M  10 138    41 210
11  71  56  64  -5   1   0    T  0.0    0 12.8 20  10   M    M  10 1      28  10
12  64  53  59 -10   6   0    T  0.0    0  8.5 14 320   M    M  10 1      18  30
13  63  47  55 -13  10   0    T  0.0    0 10.0 21 320   M    M   6 1      26 320
14  68  46  57 -11   8   0 0.00  0.0    0  4.2  8 200   M    M   3        11 180
15  65  49  57 -10   8   0 0.54  0.0    0  4.9 32 150   M    M   7 138    39 150
16  67  50  59  -8   6   0 0.01  0.0    0  5.8 13  20   M    M   7 18     16  20
17  67  45  56 -10   9   0 0.00  0.0    0  3.1  9 120   M    M   4 18     12 130
18  72  49  61  -5   4   0 0.00  0.0    0  5.3 14 100   M    M   1 18     17 120
19  73  53  63  -3   2   0 0.00  0.0    0  7.9 17 120   M    M   2        20  90
20  80  54  67   2   0   2 0.02  0.0    0  9.2 24 210   M    M   7 13     28 210
21  74  56  65   0   0   0 0.04  0.0    0 17.0 29 280   M    M   6 1      35 280
22  66  47  57  -7   8   0 0.00  0.0    0  7.2 16  10   M    M   2        22 360
================================================================================
SM 1642 1235        62  76  2.53     0.0 184.8          M      115
================================================================================
AV 74.6 56.1                               8.4 FASTST   M    M   5    MAX(MPH)
                                 MISC ---->  # 32 150               # 41  210
================================================================================
NOTES:
# LAST OF SEVERAL OCCURRENCES

COLUMN 17 PEAK WIND IN M.P.H.

PRELIMINARY LOCAL CLIMATOLOGICAL DATA (WS FORM: F-6) , PAGE 2

                                          STATION:  INDIANAPOLIS IN
                                          MONTH:    SEPTEMBER
                                          YEAR:     2014
                                          LATITUDE:   39 43 N
                                          LONGITUDE:  86 17 W

[TEMPERATURE DATA]      [PRECIPITATION DATA]       SYMBOLS USED IN COLUMN 16

AVERAGE MONTHLY: 65.4   TOTAL FOR MONTH:   2.53    1 = FOG OR MIST
DPTR FM NORMAL:  -3.2   DPTR FM NORMAL:    0.26    2 = FOG REDUCING VISIBILITY
HIGHEST:    90 ON  5    GRTST 24HR  1.00 ON  2- 2      TO 1/4 MILE OR LESS
LOWEST:     45 ON 17                               3 = THUNDER
                        SNOW, ICE PELLETS, HAIL    4 = ICE PELLETS
                        TOTAL MONTH:   0.0 INCH    5 = HAIL
                        GRTST 24HR     0.0         6 = FREEZING RAIN OR DRIZZLE
                        GRTST DEPTH:   0           7 = DUSTSTORM OR SANDSTORM:
                                                       VSBY 1/2 MILE OR LESS
                                                   8 = SMOKE OR HAZE
[NO. OF DAYS WITH]      [WEATHER - DAYS WITH]      9 = BLOWING SNOW
                                                   X = TORNADO
MAX 32 OR BELOW:   0    0.01 INCH OR MORE:   7
MAX 90 OR ABOVE:   1    0.10 INCH OR MORE:   3
MIN 32 OR BELOW:   0    0.50 INCH OR MORE:   3
MIN  0 OR BELOW:   0    1.00 INCH OR MORE:   1

[HDD (BASE 65) ]
TOTAL THIS MO.    62    CLEAR  (SCALE 0-3)   8
DPTR FM NORMAL    31    PTCLDY (SCALE 4-7)  11
TOTAL FM JUL 1    68    CLOUDY (SCALE 8-10)  3
DPTR FM NORMAL    33

[CDD (BASE 65) ]
TOTAL THIS MO.    76
DPTR FM NORMAL   -36    [PRESSURE DATA]
TOTAL FM JAN 1   873    HIGHEST SLP M ON M
DPTR FM NORMAL  -160    LOWEST  SLP 29.64 ON 10

[REMARKS]
