000
CXUS53 KIND 270730
CF6IND
PRELIMINARY LOCAL CLIMATOLOGICAL DATA (WS FORM: F-6)

                                          STATION:   INDIANAPOLIS IN
                                          MONTH:     FEBRUARY
                                          YEAR:      2017
                                          LATITUDE:   39 43 N
                                          LONGITUDE:  86 17 W

  TEMPERATURE IN F:       :PCPN:    SNOW:  WIND      :SUNSHINE: SKY     :PK WND
================================================================================
1   2   3   4   5  6A  6B    7    8   9   10  11  12  13   14  15   16   17  18
                                     12Z  AVG MX 2MIN
DY MAX MIN AVG DEP HDD CDD  WTR  SNW DPTH SPD SPD DIR MIN PSBL S-S WX    SPD DR
================================================================================

 1  41  31  36   7  29   0    T  0.0    0  9.8 18 300   M    M   9        24 300
 2  33  21  27  -2  38   0 0.00  0.0    0 11.0 21 320   M    M   6        26 310
 3  29  16  23  -6  42   0 0.00  0.0    0 10.5 18 340   M    M   5        23 320
 4  35  13  24  -5  41   0 0.00  0.0    0  8.5 17 160   M    M   5        21 160
 5  49  30  40  10  25   0 0.00  0.0    0 10.8 21 250   M    M   4        26 240
 6  56  29  43  13  22   0 0.01  0.0    0  7.4 20 250   M    M   7 1      23 250
 7  61  46  54  24  11   0 0.20  0.0    0 18.5 33 210   M    M  10 13     41 210
 8  46  26  36   6  29   0 0.12  2.1    0 12.6 22 270   M    M  10 18     28 350
 9  26  14  20 -10  45   0    T    T    2 13.7 26 300   M    M   5 8      30 310
10  51  14  33   2  32   0 0.00  0.0    T 14.1 25 230   M    M   8        33 220
11  66  48  57  26   8   0 0.04  0.0    0 11.8 22 230   M    M   8 1      27 230
12  59  34  47  16  18   0 0.04  0.0    0 16.3 32 300   M    M   7 18     40 290
13  47  23  35   4  30   0 0.00  0.0    0  6.5 20 330   M    M   4        22 320
14  53  35  44  12  21   0 0.00  0.0    0 13.2 23 250   M    M   8        26 260
15  43  28  36   4  29   0 0.00  0.0    0 14.7 26 290   M    M   5        32 280
16  48  29  39   7  26   0 0.00  0.0    0  7.1 14 170   M    M   8        17 170
17  66  41  54  22  11   0 0.00  0.0    0 12.4 20 240   M    M   4        24 230
18  66  43  55  22  10   0 0.00  0.0    0 11.1 18 230   M    M   5        23 230
19  65  46  56  23   9   0 0.00  0.0    0  7.0 16 250   M    M   5 18     20 240
20  66  41  54  20  11   0 0.00  0.0    0  8.4 15 120   M    M   7 128    17 130
21  65  50  58  24   7   0    T  0.0    0  7.3 14 170   M    M  10        20 150
22  69  52  61  27   4   0 0.00  0.0    0  8.1 16 210   M    M   8 1      22 200
23  70  51  61  27   4   0 0.00  0.0    0  9.1 15 150   M    M   7 1      20 160
24  74  43  59  24   6   0 0.10  0.0    0 16.9 31 220   M    M   8 13     40 220
25  43  25  34  -1  31   0    T    T    0 19.0 32 260   M    M   8 1      39 280
26  47  20  34  -2  31   0 0.00  0.0    0 10.6 23 220   M    M   5        28 220
================================================================================
SM 1374  849       570   0  0.51     2.1 296.4          M      176
================================================================================
AV 52.9 32.7                              11.4 FASTST   M    M   7    MAX(MPH)
                                 MISC ---->  # 33 210               # 41  210
================================================================================
NOTES:
# LAST OF SEVERAL OCCURRENCES

COLUMN 17 PEAK WIND IN M.P.H.

PRELIMINARY LOCAL CLIMATOLOGICAL DATA (WS FORM: F-6) , PAGE 2

                                          STATION:  INDIANAPOLIS IN
                                          MONTH:    FEBRUARY
                                          YEAR:     2017
                                          LATITUDE:   39 43 N
                                          LONGITUDE:  86 17 W

[TEMPERATURE DATA]      [PRECIPITATION DATA]       SYMBOLS USED IN COLUMN 16

AVERAGE MONTHLY: 42.8   TOTAL FOR MONTH:   0.51    1 = FOG OR MIST
DPTR FM NORMAL:  11.0   DPTR FM NORMAL:   -1.63    2 = FOG REDUCING VISIBILITY
HIGHEST:    74 ON 24    GRTST 24HR  0.21 ON  6- 7      TO 1/4 MILE OR LESS
LOWEST:     13 ON  4                               3 = THUNDER
                        SNOW, ICE PELLETS, HAIL    4 = ICE PELLETS
                        TOTAL MONTH:   2.1 INCHES  5 = HAIL
                        GRTST 24HR   2.1 ON   M    6 = FREEZING RAIN OR DRIZZLE
                        GRTST DEPTH:   2 ON  9     7 = DUSTSTORM OR SANDSTORM:
                                                       VSBY 1/2 MILE OR LESS
                                                   8 = SMOKE OR HAZE
[NO. OF DAYS WITH]      [WEATHER - DAYS WITH]      9 = BLOWING SNOW
                                                   X = TORNADO
MAX 32 OR BELOW:   2    0.01 INCH OR MORE:   6
MAX 90 OR ABOVE:   0    0.10 INCH OR MORE:   3
MIN 32 OR BELOW:  14    0.50 INCH OR MORE:   0
MIN  0 OR BELOW:   0    1.00 INCH OR MORE:   0

[HDD (BASE 65) ]
TOTAL THIS MO.   570    CLEAR  (SCALE 0-3)   0
DPTR FM NORMAL  -294    PTCLDY (SCALE 4-7)  21
TOTAL FM JUL 1  3255    CLOUDY (SCALE 8-10)  5
DPTR FM NORMAL  -830

[CDD (BASE 65) ]
TOTAL THIS MO.     0
DPTR FM NORMAL     0    [PRESSURE DATA]
TOTAL FM JAN 1     0    HIGHEST SLP M ON M
DPTR FM NORMAL     0    LOWEST  SLP 29.42 ON M

[REMARKS]
