000
CXUS54 KFWD 250730
CF6INJ
PRELIMINARY LOCAL CLIMATOLOGICAL DATA (WS FORM: F-6)

                                          STATION:   HILLSBORO
                                          MONTH:     SEPTEMBER
                                          YEAR:      2017
                                          LATITUDE:   32  0 N
                                          LONGITUDE:  97  6 W

  TEMPERATURE IN F:       :PCPN:    SNOW:  WIND      :SUNSHINE: SKY     :PK WND
================================================================================
1   2   3   4   5  6A  6B    7    8   9   10  11  12  13   14  15   16   17  18
                                     12Z  AVG MX 2MIN
DY MAX MIN AVG DEP HDD CDD  WTR  SNW DPTH SPD SPD DIR MIN PSBL S-S WX    SPD DR
================================================================================

 1  91  64  78  -4   0  13 0.00  0.0    0  2.7  7 100   M    M   2         M  M
 2  95  67  81   0   0  16 0.00  0.0    0  4.4  9 130   M    M   2         M  M
 3  95  73  84   3   0  19 0.00  0.0    0  6.5 10 190   M    M   2         M  M
 4  94  70  82   1   0  17 0.00  0.0    0  6.7 12 150   M    M   1        18 120
 5  97  69  83   3   0  18 0.00  0.0    0  7.4 17 350   M    M   1        24 350
 6  86  58  72  -8   0   7 0.00  0.0    0  9.3 16 350   M    M   1        27 350
 7  86  57  72  -8   0   7 0.00  0.0    0  7.0  9 110   M    M   0         9  20
 8  85  56  71  -9   0   6 0.00  0.0    0  5.8 13  70   M    M   0        21 120
 9  87  62  75  -4   0  10 0.00  0.0    0  7.1 10  80   M    M   0        17  40
10  87  63  75  -4   0  10 0.00  0.0    0  8.8 16  60   M    M   0        21  30
11  86  58  72  -7   0   7 0.00  0.0    0  7.9 16  10   M    M   0        21  10
12  89  55  72  -6   0   7 0.00  0.0    0  6.5 18 350   M    M   0        25 320
13  93  59  76  -2   0  11 0.00  0.0    0  2.9 10 100   M    M   0         M  M
14  97  69  83   5   0  18 0.00  0.0    0 10.6 17 150   M    M   0        23 150
15  94  73  84   7   0  19 0.00  0.0    0 12.4 17 170   M    M   2        22 170
16  95  74  85   8   0  20 0.00  0.0    0 10.7 15 140   M    M   3        22 180
17  94  73  84   7   0  19 0.00  0.0    0  7.7 12 130   M    M   2        16 140
18  95  68  82   6   0  17 0.00  0.0    0  5.6 13 160   M    M   1         M  M
19  96  75  86  10   0  21 0.00  0.0    0 12.4 18 160   M    M   4        23 200
20  97  76  87  11   0  22 0.00  0.0    0 14.2 22 150   M    M   3        28 180
21  96  76  86  11   0  21 0.00  0.0    0 12.6 17 130   M    M   5        22 180
22  94  74  84   9   0  19 0.00  0.0    0 10.6 14 160   M    M   5        20 150
23  94  72  83   8   0  18 0.00  0.0    0  8.8 16 150   M    M   2        21 170
24  93  71  82   8   0  17 0.00  0.0    0  8.8 14 130   M    M   2        20 150
================================================================================
SM 2216 1612         0 359  0.00     0.0 197.4          M       38
================================================================================
AV 92.3 67.2                               8.2 FASTST   M    M   2    MAX(MPH)
                                 MISC ---->    22   M                 28    M
================================================================================
NOTES:
# LAST OF SEVERAL OCCURRENCES

COLUMN 17 PEAK WIND IN M.P.H.

PRELIMINARY LOCAL CLIMATOLOGICAL DATA (WS FORM: F-6) , PAGE 2

                                          STATION:  HILLSBORO
                                          MONTH:    SEPTEMBER
                                          YEAR:     2017
                                          LATITUDE:   32  0 N
                                          LONGITUDE:  97  6 W

[TEMPERATURE DATA]      [PRECIPITATION DATA]       SYMBOLS USED IN COLUMN 16

AVERAGE MONTHLY: 79.8   TOTAL FOR MONTH:   0.00    1 = FOG OR MIST
DPTR FM NORMAL:   1.7   DPTR FM NORMAL:   -2.44    2 = FOG REDUCING VISIBILITY
HIGHEST:    97 ON 20,14 GRTST 24HR  0.00 ON 24-24      TO 1/4 MILE OR LESS
LOWEST:     55 ON 12                               3 = THUNDER
                        SNOW, ICE PELLETS, HAIL    4 = ICE PELLETS
                        TOTAL MONTH:   0.0 INCH    5 = HAIL
                        GRTST 24HR     0.0         6 = FREEZING RAIN OR DRIZZLE
                        GRTST DEPTH:   0           7 = DUSTSTORM OR SANDSTORM:
                                                       VSBY 1/2 MILE OR LESS
                                                   8 = SMOKE OR HAZE
[NO. OF DAYS WITH]      [WEATHER - DAYS WITH]      9 = BLOWING SNOW
                                                   X = TORNADO
MAX 32 OR BELOW:   0    0.01 INCH OR MORE:   0
MAX 90 OR ABOVE:  17    0.10 INCH OR MORE:   0
MIN 32 OR BELOW:   0    0.50 INCH OR MORE:   0
MIN  0 OR BELOW:   0    1.00 INCH OR MORE:   0

[HDD (BASE 65) ]
TOTAL THIS MO.     0    CLEAR  (SCALE 0-3)  21
DPTR FM NORMAL     0    PTCLDY (SCALE 4-7)   3
TOTAL FM JUL 1     0    CLOUDY (SCALE 8-10)  0
DPTR FM NORMAL     0

[CDD (BASE 65) ]
TOTAL THIS MO.   359
DPTR FM NORMAL    42    [PRESSURE DATA]
TOTAL FM JAN 1  2494    HIGHEST SLP M ON M
DPTR FM NORMAL   187    LOWEST  SLP M ON M

[REMARKS]
