000
CXUS53 KDLH 270627
CF6INL
PRELIMINARY LOCAL CLIMATOLOGICAL DATA (WS FORM: F-6)

                                          STATION:   INTERNATIONAL FLS
                                          MONTH:     FEBRUARY
                                          YEAR:      2017
                                          LATITUDE:   48 34 N
                                          LONGITUDE:  93 23 W

  TEMPERATURE IN F:       :PCPN:    SNOW:  WIND      :SUNSHINE: SKY     :PK WND
================================================================================
1   2   3   4   5  6A  6B    7    8   9   10  11  12  13   14  15   16   17  18
                                     12Z  AVG MX 2MIN
DY MAX MIN AVG DEP HDD CDD  WTR  SNW DPTH SPD SPD DIR MIN PSBL S-S WX    SPD DR
================================================================================

 1  10  -9   1  -5  64   0 0.00  0.0   13  9.7 18 280   M    M   4        25 270
 2   4  -9  -2  -8  67   0 0.00  0.0   12 10.2 23 270   M    M   0        31 280
 3  16 -13   2  -4  63   0 0.00  0.0   12  7.3 15 270   M    M   0        20 270
 4  19  -8   6  -1  59   0 0.13  2.5   12  5.4 13 310   M    M   6 18     17 310
 5   9  -6   2  -5  63   0 0.04  0.8   14  6.6 17 320   M    M   5 18     21 320
 6  11   3   7   0  58   0 0.17  2.7   16  6.8 12  60   M    M   9 18     16  50
 7  11   1   6  -2  59   0 0.21  3.9   18 10.0 16 330   M    M  10 18     19 330
 8   4 -20  -8 -16  73   0    T    T   20  9.3 17 240   M    M   1        25 240
 9  14 -20  -3 -11  68   0 0.02    T   19  6.5 12 270   M    M   1        16 270
10  34  11  23  15  42   0 0.20  1.5   21  9.0 15 330   M    M   8 16     19 290
11  29  14  22  13  43   0 0.00  0.0   19  6.4 17 270   M    M   9        25 280
12  35  16  26  17  39   0    T    T   18 12.7 28 290   M    M   4        37 290
13  42  13  28  18  37   0    T    T   18  9.5 18 280   M    M   4        24 280
14  34  11  23  13  42   0 0.00  0.0   17 13.7 33 330   M    M   3        41 320
15  20  -6   7  -3  58   0 0.00  0.0   17  4.3 13 110   M    M   4        16 120
16  41  14  28  17  37   0 0.00  0.0   17  7.7 16 140   M    M   0        22 140
17  58  29  44  33  21   0 0.00  0.0   16  6.3 15 250   M    M   0        21 260
18  51  27  39  28  26   0 0.00  0.0   16  8.6 17 250   M    M   0        23 230
19  45  25  35  23  30   0    T  0.0   14  7.6 16 110   M    M   5        21 130
20  46  35  41  29  24   0 0.62  0.0   13  9.4 18 280   M    M   8 13     26 280
21  45  31  38  25  27   0 0.00  0.0   11  5.2 18 270   M    M   6 1      25 280
22  34  25  30  17  35   0 0.05  0.3   10  6.7 16 350   M    M   7 1      20 340
23  27  12  20   6  45   0    T    T   10 10.3 18 330   M    M   5        22 330
24  20   5  13  -1  52   0 0.00  0.0   10  8.2 17 330   M    M   0        21 340
25  22   1  12  -2  53   0    T  0.3   10  6.1 15 300   M    M   5 18     20 310
26  19   7  13  -2  52   0 0.02  0.2   10  7.7 17 280   M    M   4 18     22 280
================================================================================
SM  700  189      1237   0  1.46    12.2 211.2          M      108
================================================================================
AV 26.9  7.3                               8.1 FASTST   M    M   4    MAX(MPH)
                                 MISC ---->  # 33 330               # 41  320
================================================================================
NOTES:
# LAST OF SEVERAL OCCURRENCES

COLUMN 17 PEAK WIND IN M.P.H.

PRELIMINARY LOCAL CLIMATOLOGICAL DATA (WS FORM: F-6) , PAGE 2

                                          STATION:  INTERNATIONAL FLS
                                          MONTH:    FEBRUARY
                                          YEAR:     2017
                                          LATITUDE:   48 34 N
                                          LONGITUDE:  93 23 W

[TEMPERATURE DATA]      [PRECIPITATION DATA]       SYMBOLS USED IN COLUMN 16

AVERAGE MONTHLY: 17.1   TOTAL FOR MONTH:   1.46    1 = FOG OR MIST
DPTR FM NORMAL:   7.1   DPTR FM NORMAL:    0.94    2 = FOG REDUCING VISIBILITY
HIGHEST:    58 ON 17    GRTST 24HR  0.62 ON 20-20      TO 1/4 MILE OR LESS
LOWEST:    -20 ON  9, 8                            3 = THUNDER
                        SNOW, ICE PELLETS, HAIL    4 = ICE PELLETS
                        TOTAL MONTH:  12.2 INCHES  5 = HAIL
                        GRTST 24HR   3.9 ON   M    6 = FREEZING RAIN OR DRIZZLE
                        GRTST DEPTH:  21 ON 10     7 = DUSTSTORM OR SANDSTORM:
                                                       VSBY 1/2 MILE OR LESS
                                                   8 = SMOKE OR HAZE
[NO. OF DAYS WITH]      [WEATHER - DAYS WITH]      9 = BLOWING SNOW
                                                   X = TORNADO
MAX 32 OR BELOW:  15    0.01 INCH OR MORE:   9
MAX 90 OR ABOVE:   0    0.10 INCH OR MORE:   5
MIN 32 OR BELOW:  25    0.50 INCH OR MORE:   1
MIN  0 OR BELOW:   8    1.00 INCH OR MORE:   0

[HDD (BASE 65) ]
TOTAL THIS MO.  1237    CLEAR  (SCALE 0-3)   9
DPTR FM NORMAL  -194    PTCLDY (SCALE 4-7)  14
TOTAL FM JUL 1  6381    CLOUDY (SCALE 8-10)  3
DPTR FM NORMAL -1103

[CDD (BASE 65) ]
TOTAL THIS MO.     0
DPTR FM NORMAL     0    [PRESSURE DATA]
TOTAL FM JAN 1     0    HIGHEST SLP M ON M
DPTR FM NORMAL     0    LOWEST  SLP 29.39 ON 17

[REMARKS]
