000
CXUS53 KDLH 270624
CF6INL
PRELIMINARY LOCAL CLIMATOLOGICAL DATA (WS FORM: F-6)

                                          STATION:   INTERNATIONAL FALLS MN
                                          MONTH:     FEBRUARY
                                          YEAR:      2015
                                          LATITUDE:   48 34 N
                                          LONGITUDE:  93 23 W

  TEMPERATURE IN F:       :PCPN:    SNOW:  WIND      :SUNSHINE: SKY     :PK WND
================================================================================
1   2   3   4   5  6A  6B    7    8   9   10  11  12  13   14  15   16   17  18
                                     12Z  AVG MX 2MIN
DY MAX MIN AVG DEP HDD CDD  WTR  SNW DPTH SPD SPD DIR MIN PSBL S-S WX    SPD DR
================================================================================

 1   2 -27 -12 -18  77   0    T    T   12  2.7  8 340   M    M   1 18     10 340
 2   9 -28  -9 -15  74   0    T    T   12  5.2 10 290   M    M   6        15 230
 3  10 -22  -6 -12  71   0    T  0.1   12  4.3 13 310   M    M   2 8      16 280
 4   2 -21  -9 -16  74   0    T    T   12  8.6 20 290   M    M   1        25 300
 5  22 -19   2  -5  63   0 0.00  0.0   12  9.3 20 290   M    M   2        29 280
 6  11   4   8   1  57   0 0.07  1.0   11  6.7 13  90   M    M   9        17 100
 7  15   7  11   3  54   0 0.07  0.8   12 11.9 20 110   M    M  10 189    27 110
 8  11   2   7  -1  58   0    T  0.1   12  7.1 14  80   M    M  10 18     18  70
 9  20  11  16   8  49   0    T    T   12  1.9  7 120   M    M  10         9 120
10  24  18  21  13  44   0 0.27  3.7   12  6.8 15 120   M    M  10 18     19 120
11  22  -7   8  -1  57   0    T  0.5   16 15.0 26 300   M    M   9 189    33 300
12   6 -28 -11 -20  76   0    T    T   16  4.2 13 210   M    M   3 18     19 200
13  11  -5   3  -7  62   0 0.01  0.5   16 13.1 24 330   M    M  10 18     33 340
14  -5 -19 -12 -22  77   0    T  0.1   15  9.6 25 360   M    M   1 8      33 360
15   4 -14  -5 -15  70   0 0.02  0.3   14  6.2 12 150   M    M   5 8      17 180
16  12  -4   4  -7  61   0 0.01  0.4   14  8.9 21 330   M    M   9 18     26 340
17   0 -16  -8 -19  73   0    T  0.1   14  8.8 17 300   M    M   7 18     22 290
18  -6 -24 -15 -26  80   0    T    T   14  8.7 18 330   M    M   4 8      25 320
19   5 -36 -15 -27  80   0    T    T   13  2.7  8 180   M    M   0        14 150
20  18  -2   8  -4  57   0 0.12  4.5   14  6.8 15 330   M    M   9 18     20 320
21   8 -15  -3 -16  68   0    T    T   16  8.8 16 300   M    M   5 18     21 280
22  -7 -29 -18 -31  83   0    T  0.1   15  8.3 17 290   M    M   0        21 290
23  22 -24  -1 -15  66   0 0.08  2.1   15 11.5 24 200   M    M   5 1      35 200
24  23  -9   7  -7  58   0 0.03  1.6   18 14.1 30 320   M    M   5 189    37 300
25   4 -27 -11 -25  76   0 0.00  0.0   18  7.1 15 320   M    M   0        19 350
26   3 -32 -14 -29  79   0    T    T   17  6.3 15 320   M    M   0        20 290
================================================================================
SM  246 -366      1744   0  0.68    15.9 204.6          M      133
================================================================================
AV  9.5-14.1                               7.9 FASTST   M    M   5    MAX(MPH)
                                 MISC ---->  # 30 320               # 37  300
================================================================================
NOTES:
# LAST OF SEVERAL OCCURRENCES

COLUMN 17 PEAK WIND IN M.P.H.

PRELIMINARY LOCAL CLIMATOLOGICAL DATA (WS FORM: F-6) , PAGE 2

                                          STATION:  INTERNATIONAL FALLS MN
                                          MONTH:    FEBRUARY
                                          YEAR:     2015
                                          LATITUDE:   48 34 N
                                          LONGITUDE:  93 23 W

[TEMPERATURE DATA]      [PRECIPITATION DATA]       SYMBOLS USED IN COLUMN 16

AVERAGE MONTHLY: -2.3   TOTAL FOR MONTH:   0.68    1 = FOG OR MIST
DPTR FM NORMAL: -12.3   DPTR FM NORMAL:    0.16    2 = FOG REDUCING VISIBILITY
HIGHEST:    24 ON 10    GRTST 24HR  0.27 ON 10-10      TO 1/4 MILE OR LESS
LOWEST:    -36 ON 19                               3 = THUNDER
                        SNOW, ICE PELLETS, HAIL    4 = ICE PELLETS
                        TOTAL MONTH:  15.9 INCHES  5 = HAIL
                        GRTST 24HR   4.5 ON 20-20  6 = FREEZING RAIN OR DRIZZLE
                        GRTST DEPTH:  18 ON 25,24  7 = DUSTSTORM OR SANDSTORM:
                                                       VSBY 1/2 MILE OR LESS
                                                   8 = SMOKE OR HAZE
[NO. OF DAYS WITH]      [WEATHER - DAYS WITH]      9 = BLOWING SNOW
                                                   X = TORNADO
MAX 32 OR BELOW:  26    0.01 INCH OR MORE:   9
MAX 90 OR ABOVE:   0    0.10 INCH OR MORE:   2
MIN 32 OR BELOW:  26    0.50 INCH OR MORE:   0
MIN  0 OR BELOW:  21    1.00 INCH OR MORE:   0

[HDD (BASE 65) ]
TOTAL THIS MO.  1744    CLEAR  (SCALE 0-3)   9
DPTR FM NORMAL   313    PTCLDY (SCALE 4-7)   8
TOTAL FM JUL 1  7629    CLOUDY (SCALE 8-10)  9
DPTR FM NORMAL   145

[CDD (BASE 65) ]
TOTAL THIS MO.     0
DPTR FM NORMAL     0    [PRESSURE DATA]
TOTAL FM JAN 1     0    HIGHEST SLP M ON M
DPTR FM NORMAL     0    LOWEST  SLP 29.54 ON 24

[REMARKS]
