000
CXUS53 KDLH 260637
CF6INL
PRELIMINARY LOCAL CLIMATOLOGICAL DATA (WS FORM: F-6)

                                          STATION:   INTERNATIONAL FLS
                                          MONTH:     JULY
                                          YEAR:      2016
                                          LATITUDE:   48 34 N
                                          LONGITUDE:  93 23 W

  TEMPERATURE IN F:       :PCPN:    SNOW:  WIND      :SUNSHINE: SKY     :PK WND
================================================================================
1   2   3   4   5  6A  6B    7    8   9   10  11  12  13   14  15   16   17  18
                                     12Z  AVG MX 2MIN
DY MAX MIN AVG DEP HDD CDD  WTR  SNW DPTH SPD SPD DIR MIN PSBL S-S WX    SPD DR
================================================================================

 1  73  40  57  -7   8   0 0.00  0.0    0  3.1 12 290   M    M   0        17 340
 2  78  43  61  -3   4   0 0.00  0.0    0  2.0  9 300   M    M   1        12 220
 3  78  44  61  -3   4   0 0.01  0.0    0  2.3  9 150   M    M   4        16 160
 4  81  59  70   5   0   5 0.01  0.0    0  7.7 22  20   M    M   6 3      31  20
 5  81  52  67   2   0   2    T  0.0    0  4.7 20 330   M    M   2        26 330
 6  80  51  66   1   0   1 0.00  0.0    0  4.3 16 310   M    M   1        19 290
 7  70  49  60  -5   5   0 0.30  0.0    0  5.1 15 140   M    M   5 13     21 150
 8  74  53  64  -1   1   0 0.61  0.0    0  6.2 15 360   M    M   8 1      21 350
 9  77  50  64  -1   1   0 0.00  0.0    0  4.1 13 150   M    M   3 12     20 160
10  79  61  70   5   0   5 0.00  0.0    0  8.6 16 140   M    M   3        20 130
11  79  62  71   6   0   6 0.21  0.0    0  7.3 23 140   M    M   5 1      29 140
12  76  61  69   4   0   4 0.30  0.0    0 10.5 24 220   M    M   7 138    38 250
13  70  63  67   2   0   2 0.29  0.0    0 10.7 18 230   M    M   8 18     29 220
14  68  54  61  -4   4   0 0.02  0.0    0  8.4 16 340   M    M   8 1      23 340
15  73  46  60  -5   5   0 0.00  0.0    0  4.1 13 320   M    M   1        15 300
16  76  43  60  -5   5   0    T  0.0    0  2.8 14 230   M    M   4 8      20 220
17  78  58  68   2   0   3 0.57  0.0    0  6.9 31 340   M    M   7 13     41 330
18  74  49  62  -4   3   0 0.00  0.0    0  5.3 15 330   M    M   1        19 280
19  83  46  65  -1   0   0 0.00  0.0    0  4.6 12 150   M    M   0        19 140
20  89  59  74   8   0   9    T  0.0    0  4.2 24 350   M    M   1 13     32 340
21  84  64  74   8   0   9 0.10  0.0    0  8.8 24 150   M    M   2 3      33 310
22  84  57  71   5   0   6 0.00  0.0    0  6.1 16 300   M    M   0        24 290
23  80  56  68   2   0   3 0.00  0.0    0  6.8 20 120   M    M   1        26 140
24  78  60  69   3   0   4    T  0.0    0 10.2 21 290   M    M   6        29 300
25  82  57  70   4   0   5 0.00  0.0    0  5.2 15 290   M    M   1        20 270
================================================================================
SM 1945 1337        40  64  2.42     0.0 150.0          M       85
================================================================================
AV 77.8 53.5                               6.0 FASTST   M    M   3    MAX(MPH)
                                 MISC ---->  # 31 340               # 41  330
================================================================================
NOTES:
# LAST OF SEVERAL OCCURRENCES

COLUMN 17 PEAK WIND IN M.P.H.

PRELIMINARY LOCAL CLIMATOLOGICAL DATA (WS FORM: F-6) , PAGE 2

                                          STATION:  INTERNATIONAL FLS
                                          MONTH:    JULY
                                          YEAR:     2016
                                          LATITUDE:   48 34 N
                                          LONGITUDE:  93 23 W

[TEMPERATURE DATA]      [PRECIPITATION DATA]       SYMBOLS USED IN COLUMN 16

AVERAGE MONTHLY: 65.6   TOTAL FOR MONTH:   2.42    1 = FOG OR MIST
DPTR FM NORMAL:   0.4   DPTR FM NORMAL:   -0.69    2 = FOG REDUCING VISIBILITY
HIGHEST:    89 ON 20    GRTST 24HR  0.91 ON  7- 8      TO 1/4 MILE OR LESS
LOWEST:     40 ON  1                               3 = THUNDER
                        SNOW, ICE PELLETS, HAIL    4 = ICE PELLETS
                        TOTAL MONTH:   0.0 INCH    5 = HAIL
                        GRTST 24HR     0.0         6 = FREEZING RAIN OR DRIZZLE
                        GRTST DEPTH:   0           7 = DUSTSTORM OR SANDSTORM:
                                                       VSBY 1/2 MILE OR LESS
                                                   8 = SMOKE OR HAZE
[NO. OF DAYS WITH]      [WEATHER - DAYS WITH]      9 = BLOWING SNOW
                                                   X = TORNADO
MAX 32 OR BELOW:   0    0.01 INCH OR MORE:  10
MAX 90 OR ABOVE:   0    0.10 INCH OR MORE:   7
MIN 32 OR BELOW:   0    0.50 INCH OR MORE:   2
MIN  0 OR BELOW:   0    1.00 INCH OR MORE:   0

[HDD (BASE 65) ]
TOTAL THIS MO.    40    CLEAR  (SCALE 0-3)  13
DPTR FM NORMAL   -17    PTCLDY (SCALE 4-7)  11
TOTAL FM JUL 1    40    CLOUDY (SCALE 8-10)  1
DPTR FM NORMAL   -17

[CDD (BASE 65) ]
TOTAL THIS MO.    64
DPTR FM NORMAL     3    [PRESSURE DATA]
TOTAL FM JAN 1    85    HIGHEST SLP M ON M
DPTR FM NORMAL   -23    LOWEST  SLP 29.42 ON 11

[REMARKS]
