000
CXUS56 KFGZ 300900
CF6INW
PRELIMINARY LOCAL CLIMATOLOGICAL DATA (WS FORM: F-6)

                                          STATION:   WINSLOW AZ AIRPORT
                                          MONTH:     APRIL
                                          YEAR:      2017
                                          LATITUDE:   35  1 N
                                          LONGITUDE: 110 44 W

  TEMPERATURE IN F:       :PCPN:    SNOW:  WIND      :SUNSHINE: SKY     :PK WND
================================================================================
1   2   3   4   5  6A  6B    7    8   9   10  11  12  13   14  15   16   17  18
                                     12Z  AVG MX 2MIN
DY MAX MIN AVG DEP HDD CDD  WTR  SNW DPTH SPD SPD DIR MIN PSBL S-S WX    SPD DR
================================================================================

 1  57  24  41  -9  24   0    T    M    M  4.1 17 320   M    M   5        24 330
 2  72  25  49  -1  16   0 0.00    M    M  9.0 22 220   M    M   2        27 240
 3  71  34  53   2  12   0 0.11    M    M 19.1 39 230   M    M   2 13     47 210
 4  59  33  46  -5  19   0 0.00    M    M 10.4 24 320   M    M   1        31 300
 5  65  26  46  -5  19   0 0.00    M    M  3.2 12 110   M    M   0        16 100
 6  78  28  53   1  12   0 0.00    M    M  5.1 20 210   M    M   0        23 210
 7  79  41  60   8   5   0 0.00    M    M 11.7 26 220   M    M   0        33 220
 8  76  41  59   7   6   0 0.00    M    M 17.6 33 220   M    M   0        43 220
 9  65  35  50  -2  15   0 0.00    M    M  9.5 21 230   M    M   0        27 230
10  70  26  48  -4  17   0 0.00    M    M  2.7  9 230   M    M   0        12 280
11  79  28  54   1  11   0 0.00    M    M  8.8 23 220   M    M   0        29 220
12  80  34  57   4   8   0 0.00  0.0    0  4.2 13  40   M    M   0        22  50
13  83  38  61   8   4   0 0.00    M    M 11.9 29 210   M    M   0        35 210
14  81  35  58   4   7   0 0.00    M    M 12.0 28 220   M    M   0        35 230
15  78  35  57   3   8   0 0.00    M    M  6.1 15 240   M    M   0        18 240
16  79  36  58   4   7   0 0.00    M    M  6.2 18 240   M    M   0        25 260
17  82  37  60   5   5   0 0.00    M    M 10.3 23 230   M    M   0        31 240
18  83  42  63   8   2   0 0.00    M    M 12.0 29 240   M    M   0        36 210
19  82  48  65  10   0   0 0.00    M    M  8.8 23 250   M    M   0        33 270
20  81  40  61   5   4   0 0.00    M    M  9.0 28 230   M    M   0        37 230
21  76  35  56   0   9   0 0.00  0.0    0  8.0 16 310   M    M   0        20 310
22  76  34  55  -1  10   0 0.00  0.0    0  3.4 12 270   M    M   0        16 350
23  85  39  62   6   3   0 0.00    M    0 13.0 31 210   M    M   0        39 210
24  80  44  62   5   3   0 0.00    M    0 16.9 37 220   M    M   0        45 220
25  75  42  59   2   6   0 0.00    M    M 16.9 38 260   M    M   5        48 260
26  76  29  53  -4  12   0 0.00    M    M  9.8 31 270   M    M   1        39 260
27  78  46  62   4   3   0 0.00    M    M 18.7 38 260   M    M   1        46 250
28  62  40  51  -7  14   0    T    M    M 12.2 30 320   M    M   5        38 310
29  62  28  45 -13  20   0 0.00    M    M 12.0 28 330   M    M   2        43 330
================================================================================
SM 2170 1023       281   0  0.11     0.0 292.6          M       24
================================================================================
AV 74.8 35.3                              10.1 FASTST   M    M   1    MAX(MPH)
                                 MISC ---->  # 39 230               # 48  260
================================================================================
NOTES:
# LAST OF SEVERAL OCCURRENCES

COLUMN 17 PEAK WIND IN M.P.H.

PRELIMINARY LOCAL CLIMATOLOGICAL DATA (WS FORM: F-6) , PAGE 2

                                          STATION:  WINSLOW AZ AIRPORT
                                          MONTH:    APRIL
                                          YEAR:     2017
                                          LATITUDE:   35  1 N
                                          LONGITUDE: 110 44 W

[TEMPERATURE DATA]      [PRECIPITATION DATA]       SYMBOLS USED IN COLUMN 16

AVERAGE MONTHLY: 55.1   TOTAL FOR MONTH:   0.11    1 = FOG OR MIST
DPTR FM NORMAL:   1.0   DPTR FM NORMAL:   -0.14    2 = FOG REDUCING VISIBILITY
HIGHEST:    85 ON 23    GRTST 24HR  0.11 ON  3- 3      TO 1/4 MILE OR LESS
LOWEST:     24 ON  1                               3 = THUNDER
                        SNOW, ICE PELLETS, HAIL    4 = ICE PELLETS
                        TOTAL MONTH:   0.0 INCH    5 = HAIL
                        GRTST 24HR     0.0         6 = FREEZING RAIN OR DRIZZLE
                        GRTST DEPTH:   0           7 = DUSTSTORM OR SANDSTORM:
                                                       VSBY 1/2 MILE OR LESS
                                                   8 = SMOKE OR HAZE
[NO. OF DAYS WITH]      [WEATHER - DAYS WITH]      9 = BLOWING SNOW
                                                   X = TORNADO
MAX 32 OR BELOW:   0    0.01 INCH OR MORE:   1
MAX 90 OR ABOVE:   0    0.10 INCH OR MORE:   1
MIN 32 OR BELOW:   8    0.50 INCH OR MORE:   0
MIN  0 OR BELOW:   0    1.00 INCH OR MORE:   0

[HDD (BASE 65) ]
TOTAL THIS MO.   281    CLEAR  (SCALE 0-3)  26
DPTR FM NORMAL   -39    PTCLDY (SCALE 4-7)   3
TOTAL FM JUL 1  3487    CLOUDY (SCALE 8-10)  0
DPTR FM NORMAL  -886

[CDD (BASE 65) ]
TOTAL THIS MO.     0
DPTR FM NORMAL     0    [PRESSURE DATA]
TOTAL FM JAN 1     0    HIGHEST SLP M ON M
DPTR FM NORMAL     0    LOWEST  SLP 29.48 ON 25

[REMARKS]
