000
CXUS56 KFGZ 290900
CF6INW
PRELIMINARY LOCAL CLIMATOLOGICAL DATA (WS FORM: F-6)

                                          STATION:   WINSLOW AZ AIRPORT
                                          MONTH:     APRIL
                                          YEAR:      2016
                                          LATITUDE:   35  1 N
                                          LONGITUDE: 110 44 W

  TEMPERATURE IN F:       :PCPN:    SNOW:  WIND      :SUNSHINE: SKY     :PK WND
================================================================================
1   2   3   4   5  6A  6B    7    8   9   10  11  12  13   14  15   16   17  18
                                     12Z  AVG MX 2MIN
DY MAX MIN AVG DEP HDD CDD  WTR  SNW DPTH SPD SPD DIR MIN PSBL S-S WX    SPD DR
================================================================================

 1  63  31  47  -3  18   0 0.00    M    M  6.6 16 310   M    M   4        21 350
 2  68  26  47  -3  18   0 0.00    M    M  4.1 12 260   M    M   0        13 340
 3  75  31  53   2  12   0 0.00    M    M  4.7 13 130   M    M   0        18  20
 4  81  35  58   7   7   0 0.00    M    M  9.7 21 230   M    M   0        29 230
 5  78  34  56   5   9   0 0.00    M    M  7.2 21 310   M    M   0        27 310
 6  76  33  55   3  10   0 0.00    M    M  5.2 14 210   M    M   0        15 330
 7  78  35  57   5   8   0 0.00    M    M  4.2 23 210   M    M   0        28 210
 8  65  48  57   5   8   0 0.13    M    M  8.4 25 170   M    M   7 13     31 190
 9  73  41  57   5   8   0 0.00    M    M  8.5 22 230   M    M   3        28 200
10  64  40  52   0  13   0    T    M    M  9.0 37 220   M    M   3 8      46 220
11  67  43  55   2  10   0    T    M    M  5.6 15 210   M    M   6        18 170
12  73  41  57   4   8   0 0.00    M    M  7.5 21  70   M    M   1 3      28  80
13  78  38  58   5   7   0 0.00    M    M  7.5 21 230   M    M   1        27 240
14  78  39  59   5   6   0 0.00    M    M 12.8 28 240   M    M   0        36 240
15  69  35  52  -2  13   0 0.07    M    M 12.7 36 280   M    M   5 1      49 290
16  56  35  46  -8  19   0 0.02    M    M 11.3 29 310   M    M   9 1      38 330
17  60  33  47  -8  18   0 0.00    M    M  7.3 15 360   M    M   7        24  10
18  65  27  46  -9  19   0 0.00    M    M  6.2 18 320   M    M   0        26 280
19  75  27  51  -4  14   0 0.00    M    M  4.4 16 290   M    M   0        22 340
20  81  35  58   2   7   0 0.00  0.0    0  4.9 16 290   M    M   0        25 260
21  85  40  63   7   2   0 0.00    M    M  6.5 21 250   M    M   0        25 240
22  85  43  64   8   1   0 0.00    M    M 12.8 33 220   M    M   0        42 230
23  78  43  61   5   4   0 0.00    M    M 18.0 44 250   M    M   0        56 200
24  79  33  56  -1   9   0 0.00    M    M  9.3 25 230   M    M   0        32 240
25  69  36  53  -4  12   0 0.00  0.0    0 22.5 47 210   M    M   2        61 190
26  66  28  47 -10  18   0    T    M    M 11.2 25 240   M    M   4        34 250
27  74  42  58   0   7   0 0.00    M    M  9.8 23 210   M    M   2        32 190
28  63  39  51  -7  14   0    T    M    M 13.8 38 180   M    M   3        47 180
================================================================================
SM 2022 1011       299   0  0.22     0.0 251.7          M       57
================================================================================
AV 72.2 36.1                               9.0 FASTST   M    M   2    MAX(MPH)
                                 MISC ---->  # 47 210               # 61  190
================================================================================
NOTES:
# LAST OF SEVERAL OCCURRENCES

COLUMN 17 PEAK WIND IN M.P.H.

PRELIMINARY LOCAL CLIMATOLOGICAL DATA (WS FORM: F-6) , PAGE 2

                                          STATION:  WINSLOW AZ AIRPORT
                                          MONTH:    APRIL
                                          YEAR:     2016
                                          LATITUDE:   35  1 N
                                          LONGITUDE: 110 44 W

[TEMPERATURE DATA]      [PRECIPITATION DATA]       SYMBOLS USED IN COLUMN 16

AVERAGE MONTHLY: 54.2   TOTAL FOR MONTH:   0.22    1 = FOG OR MIST
DPTR FM NORMAL:   0.2   DPTR FM NORMAL:   -0.03    2 = FOG REDUCING VISIBILITY
HIGHEST:    85 ON 22,21 GRTST 24HR  0.13 ON  8- 8      TO 1/4 MILE OR LESS
LOWEST:     26 ON  2                               3 = THUNDER
                        SNOW, ICE PELLETS, HAIL    4 = ICE PELLETS
                        TOTAL MONTH:   0.0 INCH    5 = HAIL
                        GRTST 24HR     0.0         6 = FREEZING RAIN OR DRIZZLE
                        GRTST DEPTH:   0           7 = DUSTSTORM OR SANDSTORM:
                                                       VSBY 1/2 MILE OR LESS
                                                   8 = SMOKE OR HAZE
[NO. OF DAYS WITH]      [WEATHER - DAYS WITH]      9 = BLOWING SNOW
                                                   X = TORNADO
MAX 32 OR BELOW:   0    0.01 INCH OR MORE:   3
MAX 90 OR ABOVE:   0    0.10 INCH OR MORE:   1
MIN 32 OR BELOW:   6    0.50 INCH OR MORE:   0
MIN  0 OR BELOW:   0    1.00 INCH OR MORE:   0

[HDD (BASE 65) ]
TOTAL THIS MO.   299    CLEAR  (SCALE 0-3)  20
DPTR FM NORMAL   -14    PTCLDY (SCALE 4-7)   7
TOTAL FM JUL 1  4095    CLOUDY (SCALE 8-10)  1
DPTR FM NORMAL  -271

[CDD (BASE 65) ]
TOTAL THIS MO.     0
DPTR FM NORMAL     0    [PRESSURE DATA]
TOTAL FM JAN 1     0    HIGHEST SLP M ON M
DPTR FM NORMAL     0    LOWEST  SLP 29.50 ON M

[REMARKS]
