000
CXUS55 KCTP 220700
CF6IPT
PRELIMINARY LOCAL CLIMATOLOGICAL DATA (WS FORM: F-6)

                                          STATION:   WILLIAMSPORT PA
                                          MONTH:     JULY
                                          YEAR:      2017
                                          LATITUDE:   41 15 N
                                          LONGITUDE:  76 55 W

  TEMPERATURE IN F:       :PCPN:    SNOW:  WIND      :SUNSHINE: SKY     :PK WND
================================================================================
1   2   3   4   5  6A  6B    7    8   9   10  11  12  13   14  15   16   17  18
                                     12Z  AVG MX 2MIN
DY MAX MIN AVG DEP HDD CDD  WTR  SNW DPTH SPD SPD DIR MIN PSBL S-S WX    SPD DR
================================================================================

 1  86  71  79   7   0  14 0.36  0.0    0  6.6 18 280   M    M   6 13     26 280
 2  88  65  77   5   0  12 0.00  0.0    0  6.9 21 240   M    M   1        26 270
 3  89  62  76   4   0  11 0.00  0.0    0  4.5 15 260   M    M   1        19 260
 4  86  65  76   4   0  11 0.00  0.0    0  1.9  9  50   M    M   3        13 300
 5  85  62  74   2   0   9 0.00  0.0    0  5.2 15 160   M    M   6        21 130
 6  77  68  73   1   0   8 0.02  0.0    0  4.6 12 110   M    M   8        14  60
 7  88  68  78   5   0  13 0.10  0.0    0  4.6 18 250   M    M   6 1      23 270
 8  84  62  73   0   0   8 0.01  0.0    0  5.8 20 330   M    M   6 1      27 260
 9  84  56  70  -3   0   5 0.00  0.0    0  5.1 14 230   M    M   1        21 240
10  85  57  71  -2   0   6 0.01  0.0    0  3.1 13 270   M    M   3        16 280
11  81  66  74   1   0   9 0.02  0.0    0  2.3  7 260   M    M   7 1      10 260
12  91  72  82   9   0  17    T  0.0    0  5.8 20 250   M    M   5 1      24 250
13  82  69  76   3   0  11 0.42  0.0    0  2.2 13 280   M    M   5 13     17 280
14  84  71  78   5   0  13 0.53  0.0    0  2.8 10 170   M    M   7 18     14 160
15  84  65  75   2   0  10 0.00  0.0    0  6.4 15 280   M    M   4 1      19 270
16  85  61  73   0   0   8 0.00  0.0    0  3.6  9 190   M    M   3 1      13 210
17  90  65  78   5   0  13 2.26  0.0    0  4.6 23 170   M    M   5 138    32 180
18  89  65  77   4   0  12 0.00  0.0    0  3.5 13 190   M    M   5 128    16 180
19  93  66  80   7   0  15    T  0.0    0  3.4 24 260   M    M   2 123    31 250
20  93  71  82   9   0  17 0.00  0.0    0  4.3 18 360   M    M   4 138    24 360
21   M   M   M   M   M   M    M    M    M   M   M   M   M    M   M 138     M  M
================================================================================
SM 1724 1307         0 222  3.73     0.0  87.2          M       88
================================================================================
AV 86.2 65.4                               4.4 FASTST   M    M   4    MAX(MPH)
                                 MISC ---->  # 24 260               # 32  180
================================================================================
NOTES:
# LAST OF SEVERAL OCCURRENCES

COLUMN 17 PEAK WIND IN M.P.H.

PRELIMINARY LOCAL CLIMATOLOGICAL DATA (WS FORM: F-6) , PAGE 2

                                          STATION:  WILLIAMSPORT PA
                                          MONTH:    JULY
                                          YEAR:     2017
                                          LATITUDE:   41 15 N
                                          LONGITUDE:  76 55 W

[TEMPERATURE DATA]      [PRECIPITATION DATA]       SYMBOLS USED IN COLUMN 16

AVERAGE MONTHLY: 75.8   TOTAL FOR MONTH:   3.73    1 = FOG OR MIST
DPTR FM NORMAL:   3.1   DPTR FM NORMAL:    0.86    2 = FOG REDUCING VISIBILITY
HIGHEST:    93 ON 20,19 GRTST 24HR  2.26 ON 17-17      TO 1/4 MILE OR LESS
LOWEST:     56 ON  9                               3 = THUNDER
                        SNOW, ICE PELLETS, HAIL    4 = ICE PELLETS
                        TOTAL MONTH:   0.0 INCH    5 = HAIL
                        GRTST 24HR     0.0         6 = FREEZING RAIN OR DRIZZLE
                        GRTST DEPTH:   0           7 = DUSTSTORM OR SANDSTORM:
                                                       VSBY 1/2 MILE OR LESS
                                                   8 = SMOKE OR HAZE
[NO. OF DAYS WITH]      [WEATHER - DAYS WITH]      9 = BLOWING SNOW
                                                   X = TORNADO
MAX 32 OR BELOW:   0    0.01 INCH OR MORE:   9
MAX 90 OR ABOVE:   4    0.10 INCH OR MORE:   5
MIN 32 OR BELOW:   0    0.50 INCH OR MORE:   2
MIN  0 OR BELOW:   0    1.00 INCH OR MORE:   1

[HDD (BASE 65) ]
TOTAL THIS MO.     0    CLEAR  (SCALE 0-3)   6
DPTR FM NORMAL     0    PTCLDY (SCALE 4-7)  13
TOTAL FM JUL 1     0    CLOUDY (SCALE 8-10)  1
DPTR FM NORMAL     0

[CDD (BASE 65) ]
TOTAL THIS MO.   222
DPTR FM NORMAL    57    [PRESSURE DATA]
TOTAL FM JAN 1   451    HIGHEST SLP M ON M
DPTR FM NORMAL    97    LOWEST  SLP 29.72 ON  7

[REMARKS]
