000
CXUS53 KGRB 240726
CF6ISW
PRELIMINARY LOCAL CLIMATOLOGICAL DATA (WS FORM: F-6)

                                          STATION:   WISCONSIN RAPIDS ASOS
                                          MONTH:     MAY
                                          YEAR:      2017
                                          LATITUDE:   44 22 N
                                          LONGITUDE:  89 50 W

  TEMPERATURE IN F:       :PCPN:    SNOW:  WIND      :SUNSHINE: SKY     :PK WND
================================================================================
1   2   3   4   5  6A  6B    7    8   9   10  11  12  13   14  15   16   17  18
                                     12Z  AVG MX 2MIN
DY MAX MIN AVG DEP HDD CDD  WTR  SNW DPTH SPD SPD DIR MIN PSBL S-S WX    SPD DR
================================================================================

 1  50  37  44  -8  21   0 0.61  0.0    0  8.1 18  50   M    M  10 1      25  80
 2  54  32  43  -9  22   0    T  0.0    0 12.2 24  10   M    M   6 1      35 340
 3  66  26  46  -6  19   0 0.00  0.0    0  5.4 15 220   M    M   1 18     19 210
 4  69  33  51  -2  14   0 0.00  0.0    0  6.3 20 360   M    M   2        28  10
 5  68  38  53   0  12   0 0.18    M    0  7.9 17 350   M    M   3 1      23  20
 6  64  40  52  -1  13   0 0.00  0.0    0 10.7 23 350   M    M   2        30 350
 7  61  30  46  -8  19   0    T    M    0  7.4 17 330   M    M   0        23 340
 8  65  30  48  -6  17   0 0.00  0.0    0  5.8 13 120   M    M   2        15 130
 9  57  45  51  -3  14   0 0.07  0.0    0  5.3 12 100   M    M   8 1      14 190
10  70  47  59   4   6   0 0.09  0.0    0  2.3 10 210   M    M   7 12     14 210
11  71  50  61   6   4   0    T  0.0    0  3.4 15  10   M    M   7 12     19  10
12  71  46  59   4   6   0    T  0.0    0  6.4 16 350   M    M   1        24 350
13  77  47  62   6   3   0    T  0.0    0  6.8 17  10   M    M   4        24 350
14  74  45  60   4   5   0 0.00  0.0    0 10.2 17 130   M    M   1        23 120
15  79  50  65   9   0   0 0.07  0.0    0  8.4 18 130   M    M   4 3      24 110
16  83  56  70  14   0   5 0.65  0.0    0  9.6 21 210   M    M   4 13     30 210
17  75  57  66   9   0   1    M  0.0    0  5.9 31 320   M    M   4 13     43 250
18  61  41  51  -6  14   0 0.04  0.0    0 12.9 23 330   M    M   7 1      30 330
19  54  39  47 -10  18   0 0.00  0.0    0 10.0 18  70   M    M   2        25  80
20  52  42  47 -11  18   0 0.31  0.0    0 12.8 21 100   M    M   7 1      30 100
21  58  46  52  -6  13   0 0.04  0.0    0 10.5 21 250   M    M  10 1      26 250
22  70  44  57  -1   8   0 0.01  0.0    0  9.9 22 240   M    M   4 1      31 220
23  61  50  56  -3   9   0 0.38  0.0    0  9.0 17  80   M    M  10 1      24  80
================================================================================
SM 1510  971       255   6  2.45     0.0 187.2          M      106
================================================================================
AV 65.7 42.2                               8.1 FASTST   M    M   5    MAX(MPH)
                                 MISC ---->  # 31 320               # 43  250
================================================================================
NOTES:
# LAST OF SEVERAL OCCURRENCES

COLUMN 17 PEAK WIND IN M.P.H.

PRELIMINARY LOCAL CLIMATOLOGICAL DATA (WS FORM: F-6) , PAGE 2

                                          STATION:  WISCONSIN RAPIDS ASOS
                                          MONTH:    MAY
                                          YEAR:     2017
                                          LATITUDE:   44 22 N
                                          LONGITUDE:  89 50 W

[TEMPERATURE DATA]      [PRECIPITATION DATA]       SYMBOLS USED IN COLUMN 16

AVERAGE MONTHLY: 53.9   TOTAL FOR MONTH:   2.45    1 = FOG OR MIST
DPTR FM NORMAL:  -1.3   DPTR FM NORMAL:   -0.07    2 = FOG REDUCING VISIBILITY
HIGHEST:    83 ON 16    GRTST 24HR  0.65 ON 16-16      TO 1/4 MILE OR LESS
LOWEST:     26 ON  3                               3 = THUNDER
                        SNOW, ICE PELLETS, HAIL    4 = ICE PELLETS
                        TOTAL MONTH:   0.0 INCH    5 = HAIL
                        GRTST 24HR     0.0         6 = FREEZING RAIN OR DRIZZLE
                        GRTST DEPTH:   0           7 = DUSTSTORM OR SANDSTORM:
                                                       VSBY 1/2 MILE OR LESS
                                                   8 = SMOKE OR HAZE
[NO. OF DAYS WITH]      [WEATHER - DAYS WITH]      9 = BLOWING SNOW
                                                   X = TORNADO
MAX 32 OR BELOW:   0    0.01 INCH OR MORE:  11
MAX 90 OR ABOVE:   0    0.10 INCH OR MORE:   5
MIN 32 OR BELOW:   4    0.50 INCH OR MORE:   2
MIN  0 OR BELOW:   0    1.00 INCH OR MORE:   0

[HDD (BASE 65) ]
TOTAL THIS MO.   255    CLEAR  (SCALE 0-3)   8
DPTR FM NORMAL    17    PTCLDY (SCALE 4-7)  12
TOTAL FM JUL 1  6741    CLOUDY (SCALE 8-10)  3
DPTR FM NORMAL -1118

[CDD (BASE 65) ]
TOTAL THIS MO.     6
DPTR FM NORMAL    -5    [PRESSURE DATA]
TOTAL FM JAN 1     7    HIGHEST SLP M ON M
DPTR FM NORMAL    -5    LOWEST  SLP 29.30 ON  1

[REMARKS]
