000
CXUS52 TJSJ 250430
CF6ISX
PRELIMINARY LOCAL CLIMATOLOGICAL DATA (WS FORM: F-6)

                                          STATION:   HENRY E. ROHLSEN AP/ST CROIX
                                          MONTH:     JUNE
                                          YEAR:      2017
                                          LATITUDE:   17 42 N
                                          LONGITUDE:  64 48 W

  TEMPERATURE IN F:       :PCPN:    SNOW:  WIND      :SUNSHINE: SKY     :PK WND
================================================================================
1   2   3   4   5  6A  6B    7    8   9   10  11  12  13   14  15   16   17  18
                                     12Z  AVG MX 2MIN
DY MAX MIN AVG DEP HDD CDD  WTR  SNW DPTH SPD SPD DIR MIN PSBL S-S WX    SPD DR
================================================================================

 1  88  76  82   0   0  17 0.02  0.0    0 11.5 18 110   M    M   3 1      23 120
 2  89  74  82   0   0  17    T  0.0    0 12.2 20  90   M    M   4        25  90
 3  89  76  83   1   0  18    T  0.0    0 11.1 17  90   M    M   4        23 100
 4  89  79  84   2   0  19 0.03  0.0    0 12.2 18 100   M    M   6 1      23  90
 5  89  80  85   3   0  20 0.00  0.0    0 13.0 20  90   M    M   6        25 110
 6  89  78  84   1   0  19 0.00  0.0    0 13.1 18 100   M    M   5        25  90
 7   M   M   M   M   M   M 0.01  0.0    0 11.7 21  90   M    M   3 1      27  80
 8   M   M   M   M   M   M 0.20  0.0    0  8.8 18 100   M    M   4 1      22 100
 9   M   M   M   M   M   M    T  0.0    0  8.9 17 110   M    M   3 1      25  90
10   M   M   M   M   M   M    T  0.0    0  9.4 21  90   M    M   4        29  90
11   M   M   M   M   M   M 0.06  0.0    0 13.8 25 100   M    M   4 1      29 100
12  87  71  79  -4   0  14 0.07  0.0    0 11.5 22  90   M    M   3 18     28 110
13   M   M   M   M   M   M    T  0.0    0 11.7 21  80   M    M   3        26 100
14   M   M   M   M   M   M    T  0.0    0 13.7 21 110   M    M   4        26  90
15  90  81  86   3   0  21    T  0.0    0 13.0 21 100   M    M   6        26 100
16  89  79  84   1   0  19 0.00  0.0    0 10.8 21 100   M    M   4        27  90
17  90  78  84   1   0  19    T  0.0    0 13.5 24  90   M    M   3        30 110
18  91  76  84   1   0  19 0.01  0.0    0 12.9 23 100   M    M   4        30  90
19  91  79  85   2   0  20    T  0.0    0 15.6 28  90   M    M   6        33 100
20  90  80  85   2   0  20 0.00  0.0    0 15.1 23  90   M    M   6 8      29  80
21  89  77  83   0   0  18 0.18  0.0    0 14.2 25  90   M    M   3 1      29 120
22  90  76  83   0   0  18 0.07  0.0    0 11.5 22  40   M    M   6 1      26 100
23  89  75  82  -1   0  17    T  0.0    0  9.8 20 110   M    M   4        25 110
24  90  76  83   0   0  18 0.01  0.0    0 11.0 23  90   M    M   4        29 100
================================================================================
SM 1519 1311         0 313  0.66     0.0 290.0          M      102
================================================================================
AV 89.4 77.1                              12.1 FASTST   M    M   4    MAX(MPH)
                                 MISC ---->  # 28  90               # 33  100
================================================================================
NOTES:
# LAST OF SEVERAL OCCURRENCES

COLUMN 17 PEAK WIND IN M.P.H.

PRELIMINARY LOCAL CLIMATOLOGICAL DATA (WS FORM: F-6) , PAGE 2

                                          STATION:  HENRY E. ROHLSEN AP/ST CROIX
                                          MONTH:    JUNE
                                          YEAR:     2017
                                          LATITUDE:   17 42 N
                                          LONGITUDE:  64 48 W

[TEMPERATURE DATA]      [PRECIPITATION DATA]       SYMBOLS USED IN COLUMN 16

AVERAGE MONTHLY: 83.2   TOTAL FOR MONTH:   0.66    1 = FOG OR MIST
DPTR FM NORMAL:   0.4   DPTR FM NORMAL:   -1.23    2 = FOG REDUCING VISIBILITY
HIGHEST:    91 ON 19,18 GRTST 24HR  0.20 ON  8- 8      TO 1/4 MILE OR LESS
LOWEST:     71 ON 12                               3 = THUNDER
                        SNOW, ICE PELLETS, HAIL    4 = ICE PELLETS
                        TOTAL MONTH:   0.0 INCH    5 = HAIL
                        GRTST 24HR     0.0         6 = FREEZING RAIN OR DRIZZLE
                        GRTST DEPTH:   0           7 = DUSTSTORM OR SANDSTORM:
                                                       VSBY 1/2 MILE OR LESS
                                                   8 = SMOKE OR HAZE
[NO. OF DAYS WITH]      [WEATHER - DAYS WITH]      9 = BLOWING SNOW
                                                   X = TORNADO
MAX 32 OR BELOW:   0    0.01 INCH OR MORE:  10
MAX 90 OR ABOVE:   7    0.10 INCH OR MORE:   2
MIN 32 OR BELOW:   0    0.50 INCH OR MORE:   0
MIN  0 OR BELOW:   0    1.00 INCH OR MORE:   0

[HDD (BASE 65) ]
TOTAL THIS MO.     0    CLEAR  (SCALE 0-3)   4
DPTR FM NORMAL     0    PTCLDY (SCALE 4-7)  20
TOTAL FM JUL 1     0    CLOUDY (SCALE 8-10)  0
DPTR FM NORMAL     0

[CDD (BASE 65) ]
TOTAL THIS MO.   313
DPTR FM NORMAL  -114    [PRESSURE DATA]
TOTAL FM JAN 1  2455    HIGHEST SLP M ON M
DPTR FM NORMAL  -125    LOWEST  SLP 29.94 ON M

[REMARKS]
