000
CXHW53 PHFO 291250
CF6ITO
PRELIMINARY LOCAL CLIMATOLOGICAL DATA (WS FORM: F-6)

                                          STATION:   HILO HI
                                          MONTH:     MARCH
                                          YEAR:      2017
                                          LATITUDE:   19 43 N
                                          LONGITUDE: 155  4 W

  TEMPERATURE IN F:       :PCPN:    SNOW:  WIND      :SUNSHINE: SKY     :PK WND
================================================================================
1   2   3   4   5  6A  6B    7    8   9   10  11  12  13   14  15   16   17  18
                                     12Z  AVG MX 2MIN
DY MAX MIN AVG DEP HDD CDD  WTR  SNW DPTH SPD SPD DIR MIN PSBL S-S WX    SPD DR
================================================================================

 1  76  67  72   1   0   7 0.02  0.0    0  9.8 22 150   M    M   7        30 160
 2  86  67  77   5   0  12 0.08  0.0    0  7.1 23 130   M    M   4 1      30 140
 3  84  66  75   3   0  10    T  0.0    0  8.6 21 120   M    M   4        26 110
 4  86  63  75   3   0  10 0.07  0.0    0  6.6 20 100   M    M   3 1      24 100
 5  82  66  74   2   0   9 0.00  0.0    0  7.1 15 110   M    M   4 1      18 110
 6  83  68  76   4   0  11    T  0.0    0  5.6 16 120   M    M   6        22 100
 7  83  65  74   2   0   9    T  0.0    0  6.2 18 100   M    M   3        23 100
 8  80  67  74   2   0   9    T  0.0    0  3.8 12  10   M    M   5 3      15  10
 9  81  66  74   2   0   9 0.18  0.0    0  5.3 15  80   M    M   7 13     18  70
10  83  65  74   2   0   9    T  0.0    0  6.0 16 110   M    M   5 3      22 110
11  84  66  75   3   0  10 0.00  0.0    0  7.0 20 100   M    M   4        24 120
12  85  68  77   5   0  12    T  0.0    0  7.7 20 120   M    M   4        24 100
13  83  65  74   2   0   9 0.00  0.0    0  6.3 13 100   M    M   2 8      21 100
14  84  65  75   3   0  10 0.00  0.0    0  7.0 16 110   M    M   3        24 120
15  83  66  75   3   0  10 0.00  0.0    0  7.3 15  90   M    M   2        20  80
16  84  64  74   2   0   9    T  0.0    0  6.8 16  30   M    M   4 1      20  30
17  83  68  76   4   0  11 0.33  0.0    0  5.6 16 350   M    M   7 1      19 360
18  80  70  75   3   0  10 0.14  0.0    0  9.9 16 350   M    M   9 1      20 350
19  81  66  74   2   0   9 0.00  0.0    0  6.6 13  40   M    M   3        17  70
20  83  67  75   3   0  10    T  0.0    0  5.8 15  30   M    M   7        21  20
21  84  66  75   3   0  10 0.00  0.0    0  6.6 15  70   M    M   5        19  80
22  84  67  76   4   0  11    T  0.0    0  8.4 18 110   M    M   3        23  80
23  83  70  77   5   0  12 0.51  0.0    0  6.6 16 100   M    M   7 18     24 110
24  80  68  74   2   0   9 0.62  0.0    0  6.9 17  90   M    M   8 1      22  90
25  83  64  74   2   0   9 0.00  0.0    0  8.0 17  70   M    M   3        21  90
26  84  67  76   4   0  11 0.04  0.0    0  6.8 17 110   M    M   6 1      21 120
27  82  65  74   2   0   9 0.16  0.0    0  7.5 17 110   M    M   4 18     21  90
28  81  65  73   1   0   8 0.54  0.0    0  6.1 15 100   M    M   7 1      24 100
================================================================================
SM 2315 1857         0 274  2.69     0.0 193.0          M      136
================================================================================
AV 82.7 66.3                               6.9 FASTST   M    M   5    MAX(MPH)
                                 MISC ---->  # 23 130               # 30  160
================================================================================
NOTES:
# LAST OF SEVERAL OCCURRENCES

COLUMN 17 PEAK WIND IN M.P.H.

PRELIMINARY LOCAL CLIMATOLOGICAL DATA (WS FORM: F-6) , PAGE 2

                                          STATION:  HILO HI
                                          MONTH:    MARCH
                                          YEAR:     2017
                                          LATITUDE:   19 43 N
                                          LONGITUDE: 155  4 W

[TEMPERATURE DATA]      [PRECIPITATION DATA]       SYMBOLS USED IN COLUMN 16

AVERAGE MONTHLY: 74.5   TOTAL FOR MONTH:   2.69    1 = FOG OR MIST
DPTR FM NORMAL:   2.5   DPTR FM NORMAL:   -9.38    2 = FOG REDUCING VISIBILITY
HIGHEST:    86 ON  4, 2 GRTST 24HR  0.62 ON 24-24      TO 1/4 MILE OR LESS
LOWEST:     63 ON  4                               3 = THUNDER
                        SNOW, ICE PELLETS, HAIL    4 = ICE PELLETS
                        TOTAL MONTH:   0.0 INCH    5 = HAIL
                        GRTST 24HR     0.0         6 = FREEZING RAIN OR DRIZZLE
                        GRTST DEPTH:   0           7 = DUSTSTORM OR SANDSTORM:
                                                       VSBY 1/2 MILE OR LESS
                                                   8 = SMOKE OR HAZE
[NO. OF DAYS WITH]      [WEATHER - DAYS WITH]      9 = BLOWING SNOW
                                                   X = TORNADO
MAX 32 OR BELOW:   0    0.01 INCH OR MORE:  11
MAX 90 OR ABOVE:   0    0.10 INCH OR MORE:   7
MIN 32 OR BELOW:   0    0.50 INCH OR MORE:   3
MIN  0 OR BELOW:   0    1.00 INCH OR MORE:   0

[HDD (BASE 65) ]
TOTAL THIS MO.     0    CLEAR  (SCALE 0-3)   5
DPTR FM NORMAL     0    PTCLDY (SCALE 4-7)  22
TOTAL FM JUL 1     0    CLOUDY (SCALE 8-10)  1
DPTR FM NORMAL     0

[CDD (BASE 65) ]
TOTAL THIS MO.   274
DPTR FM NORMAL    81    [PRESSURE DATA]
TOTAL FM JAN 1   683    HIGHEST SLP M ON M
DPTR FM NORMAL   120    LOWEST  SLP 29.82 ON  1

[REMARKS]
