000
CXHW53 PHFO 251250
CF6ITO
PRELIMINARY LOCAL CLIMATOLOGICAL DATA (WS FORM: F-6)

                                          STATION:   HILO HI
                                          MONTH:     SEPTEMBER
                                          YEAR:      2017
                                          LATITUDE:   19 43 N
                                          LONGITUDE: 155  4 W

  TEMPERATURE IN F:       :PCPN:    SNOW:  WIND      :SUNSHINE: SKY     :PK WND
================================================================================
1   2   3   4   5  6A  6B    7    8   9   10  11  12  13   14  15   16   17  18
                                     12Z  AVG MX 2MIN
DY MAX MIN AVG DEP HDD CDD  WTR  SNW DPTH SPD SPD DIR MIN PSBL S-S WX    SPD DR
================================================================================

 1  85  68  77   1   0  12 0.00  0.0    M  5.9 15  90   M    M   M        20  90
 2  85  69  77   1   0  12 0.00  0.0    M  6.2 14  70   M    M   M        17  50
 3  85  67  76   0   0  11 0.00  0.0    M  8.1 18 100   M    M   M 8      25 120
 4  86  68  77   1   0  12 0.00  0.0    M  6.2 14  80   M    M   M        20  90
 5  86  70  78   2   0  13 0.00  0.0    M  5.5 14  40   M    M   M        17  40
 6  86  72  79   3   0  14 0.32  0.0    M  5.3 14 100   M    M   M 1      20  60
 7  81  70  76   0   0  11 0.04  0.0    M  6.4 12 110   M    M   M 18     17 130
 8  85  69  77   1   0  12 0.45  0.0    M  6.6 16 120   M    M   M 18     20 110
 9  85  71  78   2   0  13 0.98  0.0    M  6.4 14 260   M    M   M 1      16  90
10  83  70  77   1   0  12 0.04  0.0    M  6.2 12 100   M    M   M 1      16 150
11  86  72  79   3   0  14 0.02  0.0    M  5.5 14 100   M    M   M 1      21 110
12  86  72  79   3   0  14 0.00  0.0    M  6.2 16 100   M    M   M 8      21 110
13  81  70  76   0   0  11 0.00  0.0    M  4.4 14 150   M    M   M        17 130
14  87  71  79   3   0  14 0.00  0.0    M  6.9 14  90   M    M   M        22  90
15  86  69  78   2   0  13 0.15  0.0    M  6.8 18  90   M    M   M 1      23  90
16  83  71  77   1   0  12 0.21  0.0    M  4.7 14  30   M    M   M 1      16  80
17  85  70  78   2   0  13 0.06  0.0    M  6.6 21  80   M    M   M 1      27  80
18  82  69  76   0   0  11 0.29  0.0    M  6.9 21 110   M    M   M 18     27 100
19  85  70  78   2   0  13 0.11  0.0    M  6.9 16 130   M    M   M 1      18 150
20  81  70  76   0   0  11 0.21  0.0    M  5.6 13 320   M    M   M 1      15 310
21  84  68  76   0   0  11 0.14  0.0    M  6.0 15  70   M    M   M 18     18  40
22  83  68  76   0   0  11 0.01  0.0    M  5.2 10  30   M    M   M        14  30
23  84  67  76   0   0  11 0.20  0.0    M  6.4 13  40   M    M   M 1      16  10
24  84  66  75  -1   0  10 0.12  0.0    M  6.6 13  60   M    M   M 1      18  60
================================================================================
SM 2024 1667         0 291  3.35     0.0 147.5          M        M
================================================================================
AV 84.3 69.5                               6.1 FASTST   M    M -nan   MAX(MPH)
                                 MISC ---->  # 21  80               # 27   80
================================================================================
NOTES:
# LAST OF SEVERAL OCCURRENCES

COLUMN 17 PEAK WIND IN M.P.H.

PRELIMINARY LOCAL CLIMATOLOGICAL DATA (WS FORM: F-6) , PAGE 2

                                          STATION:  HILO HI
                                          MONTH:    SEPTEMBER
                                          YEAR:     2017
                                          LATITUDE:   19 43 N
                                          LONGITUDE: 155  4 W

[TEMPERATURE DATA]      [PRECIPITATION DATA]       SYMBOLS USED IN COLUMN 16

AVERAGE MONTHLY: 76.9   TOTAL FOR MONTH:   3.35    1 = FOG OR MIST
DPTR FM NORMAL:   0.9   DPTR FM NORMAL:   -4.53    2 = FOG REDUCING VISIBILITY
HIGHEST:    87 ON 14    GRTST 24HR  0.98 ON  9- 9      TO 1/4 MILE OR LESS
LOWEST:     66 ON 24                               3 = THUNDER
                        SNOW, ICE PELLETS, HAIL    4 = ICE PELLETS
                        TOTAL MONTH:   0.0 INCH    5 = HAIL
                        GRTST 24HR     0.0         6 = FREEZING RAIN OR DRIZZLE
                        GRTST DEPTH:  M  ON   M    7 = DUSTSTORM OR SANDSTORM:
                                                       VSBY 1/2 MILE OR LESS
                                                   8 = SMOKE OR HAZE
[NO. OF DAYS WITH]      [WEATHER - DAYS WITH]      9 = BLOWING SNOW
                                                   X = TORNADO
MAX 32 OR BELOW:   0    0.01 INCH OR MORE:  16
MAX 90 OR ABOVE:   0    0.10 INCH OR MORE:  11
MIN 32 OR BELOW:   0    0.50 INCH OR MORE:   1
MIN  0 OR BELOW:   0    1.00 INCH OR MORE:   0

[HDD (BASE 65) ]
TOTAL THIS MO.     0    CLEAR  (SCALE 0-3)   0
DPTR FM NORMAL     0    PTCLDY (SCALE 4-7)   0
TOTAL FM JUL 1     0    CLOUDY (SCALE 8-10)  0
DPTR FM NORMAL     0

[CDD (BASE 65) ]
TOTAL THIS MO.   291
DPTR FM NORMAL    27    [PRESSURE DATA]
TOTAL FM JAN 1  2707    HIGHEST SLP M ON M
DPTR FM NORMAL   371    LOWEST  SLP 29.89 ON M

[REMARKS]
