000
CXUS53 KIWX 010800
CF6IWX
PRELIMINARY LOCAL CLIMATOLOGICAL DATA (WS FORM: F-6)

                                          STATION:   NORTH WEBSTER WFO
                                          MONTH:     JUNE
                                          YEAR:      2015
                                          LATITUDE:   41 21 N
                                          LONGITUDE:  85 42 W

  TEMPERATURE IN F:       :PCPN:    SNOW:  WIND      :SUNSHINE: SKY     :PK WND
================================================================================
1   2   3   4   5  6A  6B    7    8   9   10  11  12  13   14  15   16   17  18
                                     12Z  AVG MX 2MIN
DY MAX MIN AVG DEP HDD CDD  WTR  SNW DPTH SPD SPD DIR MIN PSBL S-S WX    SPD DR
================================================================================

 1  62  48  55 -10  10   0 0.00  0.0    0   M   M   M   M    M   M         M  M
 2  69  43  56  -9   9   0 0.00  0.0    0   M   M   M   M    M   M 1       M  M
 3  70  47  59  -7   6   0 0.00  0.0    0   M   M   M   M    M   M         M  M
 4  79  56  68   2   0   3 0.00  0.0    0   M   M   M   M    M   M         M  M
 5  79  61  70   4   0   5 0.00  0.0    0   M   M   M   M    M   M         M  M
 6  75  57  66  -1   0   1 0.00  0.0    0   M   M   M   M    M   M         M  M
 7  75  57  66  -1   0   1 0.66  0.0    0   M   M   M   M    M   M 13      M  M
 8  79  59  69   2   0   4 0.75  0.0    0   M   M   M   M    M   M 13      M  M
 9  77  56  67  -1   0   2 0.00  0.0    0   M   M   M   M    M   M         M  M
10  87  66  77   9   0  12 0.22  0.0    0   M   M   M   M    M   M         M  M
11  87  66  77   9   0  12 0.00  0.0    0   M   M   M   M    M   M         M  M
12  79  65  72   3   0   7 0.08  0.0    0   M   M   M   M    M   M         M  M
13  87  68  78   9   0  13 0.01  0.0    0   M   M   M   M    M   M 1       M  M
14  81  70  76   7   0  11 0.45  0.0    0   M   M   M   M    M   M 13      M  M
15  81  68  75   5   0  10 1.20  0.0    0   M   M   M   M    M   M 13      M  M
16  79  61  70   0   0   5 0.05    M    M   M   M   M   M    M   M         M  M
17  73  61  67  -3   0   2 0.05  0.0    0   M   M   M   M    M   M         M  M
18  84  64  74   4   0   9 0.47  0.0    0   M   M   M   M    M   M         M  M
19  70  63  67  -4   0   2    T  0.0    0   M   M   M   M    M   M         M  M
20  77  62  70  -1   0   5 0.06  0.0    0   M   M   M   M    M   M         M  M
21  83  64  74   3   0   9 0.24  0.0    0   M   M   M   M    M   M         M  M
22  83  67  75   4   0  10 0.04  0.0    0   M   M   M   M    M   M         M  M
23  81  59  70  -2   0   5 0.00  0.0    0   M   M   M   M    M   M         M  M
24  78  56  67  -5   0   2    T  0.0    0   M   M   M   M    M   M         M  M
25  78  63  71  -1   0   6 0.39  0.0    0   M   M   M   M    M   M         M  M
26  71  60  66  -6   0   1 0.23  0.0    0   M   M   M   M    M   M         M  M
27  65  55  60 -12   5   0 1.21  0.0    0   M   M   M   M    M   M         M  M
28  77  51  64  -8   1   0 0.00  0.0    0   M   M   M   M    M   M         M  M
29  66  58  62 -11   3   0 0.06  0.0    0   M   M   M   M    M   M         M  M
30  77  58  68  -5   0   3 0.37  0.0    0   M   M   M   M    M   M         M  M
================================================================================
SM 2309 1789        34 140  6.54     0.0     M          M        M
================================================================================
AV 77.0 59.6                                 M FASTST   M    M   5    MAX(MPH)
                                 MISC ---->     M   M                  M    M
================================================================================
NOTES:
# LAST OF SEVERAL OCCURRENCES

COLUMN 17 PEAK WIND IN M.P.H.

PRELIMINARY LOCAL CLIMATOLOGICAL DATA (WS FORM: F-6) , PAGE 2

                                          STATION:  NORTH WEBSTER WFO
                                          MONTH:    JUNE
                                          YEAR:     2015
                                          LATITUDE:   41 21 N
                                          LONGITUDE:  85 42 W

[TEMPERATURE DATA]      [PRECIPITATION DATA]       SYMBOLS USED IN COLUMN 16

AVERAGE MONTHLY: 68.3   TOTAL FOR MONTH:   6.54    1 = FOG OR MIST
DPTR FM NORMAL:  -1.1   DPTR FM NORMAL:    1.74    2 = FOG REDUCING VISIBILITY
HIGHEST:    87 ON 13,11 GRTST 24HR  1.21 ON 27-27      TO 1/4 MILE OR LESS
LOWEST:     43 ON  2                               3 = THUNDER
                        SNOW, ICE PELLETS, HAIL    4 = ICE PELLETS
                        TOTAL MONTH:   0.0 INCH    5 = HAIL
                        GRTST 24HR     0.0         6 = FREEZING RAIN OR DRIZZLE
                        GRTST DEPTH:   0           7 = DUSTSTORM OR SANDSTORM:
                                                       VSBY 1/2 MILE OR LESS
                                                   8 = SMOKE OR HAZE
[NO. OF DAYS WITH]      [WEATHER - DAYS WITH]      9 = BLOWING SNOW
                                                   X = TORNADO
MAX 32 OR BELOW:   0    0.01 INCH OR MORE:  18
MAX 90 OR ABOVE:   0    0.10 INCH OR MORE:  11
MIN 32 OR BELOW:   0    0.50 INCH OR MORE:   4
MIN  0 OR BELOW:   0    1.00 INCH OR MORE:   2

[HDD (BASE 65) ]
TOTAL THIS MO.    34    CLEAR  (SCALE 0-3)   0
DPTR FM NORMAL     7    PTCLDY (SCALE 4-7)   0
TOTAL FM JUL 1  6827    CLOUDY (SCALE 8-10)  0
DPTR FM NORMAL   686

[CDD (BASE 65) ]
TOTAL THIS MO.   140
DPTR FM NORMAL   -18    [PRESSURE DATA]
TOTAL FM JAN 1   222    HIGHEST SLP M ON M
DPTR FM NORMAL    36    LOWEST  SLP M ON M

[REMARKS]
#FINAL-06-15#
