000
CXUS53 KIWX 230800
CF6IWX
PRELIMINARY LOCAL CLIMATOLOGICAL DATA (WS FORM: F-6)

                                          STATION:   NORTH WEBSTER WFO
                                          MONTH:     FEBRUARY
                                          YEAR:      2017
                                          LATITUDE:   41 21 N
                                          LONGITUDE:  85 42 W

  TEMPERATURE IN F:       :PCPN:    SNOW:  WIND      :SUNSHINE: SKY     :PK WND
================================================================================
1   2   3   4   5  6A  6B    7    8   9   10  11  12  13   14  15   16   17  18
                                     12Z  AVG MX 2MIN
DY MAX MIN AVG DEP HDD CDD  WTR  SNW DPTH SPD SPD DIR MIN PSBL S-S WX    SPD DR
================================================================================

 1  38  28  33   9  32   0    T    T    0   M   M   M   M    M   M         M  M
 2  28  16  22  -3  43   0    T    T    0   M   M   M   M    M   M         M  M
 3  29  17  23  -2  42   0    T    T    0   M   M   M   M    M   M         M  M
 4  31  13  22  -3  43   0 0.00  0.0    0   M   M   M   M    M   M         M  M
 5  43  24  34   9  31   0 0.00  0.0    0   M   M   M   M    M   M         M  M
 6  55  24  40  14  25   0    T  0.0    0   M   M   M   M    M   M         M  M
 7  57  36  47  21  18   0 1.39  0.0    0   M   M   M   M    M   M 1       M  M
 8  36  24  30   4  35   0 0.05  0.9    0   M   M   M   M    M   M 1       M  M
 9  24  14  19  -7  46   0    T  0.1    1   M   M   M   M    M   M         M  M
10  41  13  27   1  38   0    T    T    1   M   M   M   M    M   M         M  M
11  52  37  45  18  20   0 0.01  0.0    0   M   M   M   M    M   M         M  M
12  49  31  40  13  25   0 0.12  0.0    0   M   M   M   M    M   M         M  M
13  45  27  36   9  29   0 0.00  0.0    0   M   M   M   M    M   M         M  M
14  50  32  41  13  24   0 0.00  0.0    0   M   M   M   M    M   M         M  M
15  37  25  31   3  34   0    T    T    T   M   M   M   M    M   M         M  M
16  35  20  28   0  37   0    T    T    0   M   M   M   M    M   M         M  M
17  63  29  46  18  19   0 0.00  0.0    M   M   M   M   M    M   0         M  M
18  67  47  57  28   8   0 0.00  0.0    0   M   M   M   M    M   M         M  M
19  65  36  51  22  14   0 0.00  0.0    0   M   M   M   M    M   M         M  M
20  64  40  52  23  13   0 0.00  0.0    0   M   M   M   M    M   M         M  M
21  61  48  55  25  10   0 0.02  0.0    0   M   M   M   M    M   M         M  M
22  62  51  57  27   8   0 0.00  0.0    0   M   M   M   M    M   M         M  M
================================================================================
SM 1032  632       594   0  1.59     1.0     M          M        0
================================================================================
AV 46.9 28.7                                 M FASTST   M    M   0    MAX(MPH)
                                 MISC ---->     M   M                  M    M
================================================================================
NOTES:
# LAST OF SEVERAL OCCURRENCES

COLUMN 17 PEAK WIND IN M.P.H.

PRELIMINARY LOCAL CLIMATOLOGICAL DATA (WS FORM: F-6) , PAGE 2

                                          STATION:  NORTH WEBSTER WFO
                                          MONTH:    FEBRUARY
                                          YEAR:     2017
                                          LATITUDE:   41 21 N
                                          LONGITUDE:  85 42 W

[TEMPERATURE DATA]      [PRECIPITATION DATA]       SYMBOLS USED IN COLUMN 16

AVERAGE MONTHLY: 37.8   TOTAL FOR MONTH:   1.59    1 = FOG OR MIST
DPTR FM NORMAL:  10.8   DPTR FM NORMAL:   -0.54    2 = FOG REDUCING VISIBILITY
HIGHEST:    67 ON 18    GRTST 24HR  1.39 ON  7- 7      TO 1/4 MILE OR LESS
LOWEST:     13 ON 10, 4                            3 = THUNDER
                        SNOW, ICE PELLETS, HAIL    4 = ICE PELLETS
                        TOTAL MONTH:   1.0 INCH    5 = HAIL
                        GRTST 24HR   0.9 ON   M    6 = FREEZING RAIN OR DRIZZLE
                        GRTST DEPTH:   1 ON 10, 9  7 = DUSTSTORM OR SANDSTORM:
                                                       VSBY 1/2 MILE OR LESS
                                                   8 = SMOKE OR HAZE
[NO. OF DAYS WITH]      [WEATHER - DAYS WITH]      9 = BLOWING SNOW
                                                   X = TORNADO
MAX 32 OR BELOW:   4    0.01 INCH OR MORE:   5
MAX 90 OR ABOVE:   0    0.10 INCH OR MORE:   2
MIN 32 OR BELOW:  15    0.50 INCH OR MORE:   1
MIN  0 OR BELOW:   0    1.00 INCH OR MORE:   1

[HDD (BASE 65) ]
TOTAL THIS MO.   594    CLEAR  (SCALE 0-3)   1
DPTR FM NORMAL  -241    PTCLDY (SCALE 4-7)   0
TOTAL FM JUL 1  3719    CLOUDY (SCALE 8-10)  0
DPTR FM NORMAL  -716

[CDD (BASE 65) ]
TOTAL THIS MO.     0
DPTR FM NORMAL     0    [PRESSURE DATA]
TOTAL FM JAN 1     0    HIGHEST SLP M ON M
DPTR FM NORMAL     0    LOWEST  SLP M ON M

[REMARKS]
