000
CXUS55 KEAX 230736
CF6IXD
PRELIMINARY LOCAL CLIMATOLOGICAL DATA (WS FORM: F-6)

                                          STATION:   New Century Air Center KS
                                          MONTH:     AUGUST
                                          YEAR:      2017
                                          LATITUDE:   38 49 N
                                          LONGITUDE:  94 54 W

  TEMPERATURE IN F:       :PCPN:    SNOW:  WIND      :SUNSHINE: SKY     :PK WND
================================================================================
1   2   3   4   5  6A  6B    7    8   9   10  11  12  13   14  15   16   17  18
                                     12Z  AVG MX 2MIN
DY MAX MIN AVG DEP HDD CDD  WTR  SNW DPTH SPD SPD DIR MIN PSBL S-S WX    SPD DR
================================================================================

 1  84  62  73  -6   0   8 0.00    M    M  3.0  9 290   M    M   3 1      11 330
 2  88  63  76  -3   0  11 0.00    M    M  3.1  8 310   M    M   0        12 330
 3  83  65  74  -5   0   9 0.00    M    M  9.2 20 330   M    M   2        27  80
 4  78  52  65 -14   0   0 0.00    M    M  5.6 17  10   M    M   2        20  10
 5  67  57  62 -17   3   0 2.62    M    M  9.6 22  50   M    M   8 13     31  50
 6  75  64  70  -9   0   5 0.01    M    M  6.5 15 150   M    M   8        18 150
 7  79  63  71  -8   0   6 0.00    M    M  6.7 14  10   M    M   4 12     17  30
 8  81  61  71  -8   0   6 0.00    M    M  5.4 12 130   M    M   1        16 130
 9  83  63  73  -6   0   8 0.13    M    M  5.7 15 160   M    M   1 13     18 160
10  85  67  76  -3   0  11 0.00    M    M  4.3 15 210   M    M   5 1      19 220
11  81  65  73  -6   0   8 0.00    M    M  8.4 16 350   M    M   2        20 330
12  80  61  71  -8   0   6 0.00    M    M  5.7 10 160   M    M   1        14 140
13  81  62  72  -6   0   7 0.00    M    M  7.3 15 150   M    M   3        18 160
14  85  66  76  -2   0  11 0.00    M    M  6.4 13 160   M    M   4        16 190
15  87  67  77  -1   0  12 0.00    M    M  6.7 14 120   M    M   2 1      17 140
16  87  68  78   0   0  13 1.14    M    M  9.0 18 210   M    M   5 138    23 210
17  82  65  74  -4   0   9 0.00    M    M  8.7 17 280   M    M   0        21 280
18  88  62  75  -3   0  10 0.00    M    M  6.0 13 220   M    M   1        16 220
19  91  66  79   1   0  14 0.00    M    M  4.3 12 150   M    M   0 1      14 140
20  89  70  80   3   0  15 0.00    M    M 11.2 30 360   M    M   1        40  10
21  89  69  79   2   0  14 3.16    M    M  9.9 28 180   M    M   2 13     47 190
22  79  58  69  -8   0   4 2.49    M    M  9.7 23  80   M    M   4 13     32  80
================================================================================
SM 1822 1396         3 187  9.55    M    152.4          M       59
================================================================================
AV 82.8 63.5                               6.9 FASTST   M    M   3    MAX(MPH)
                                 MISC ---->  # 30 360               # 47  190
================================================================================
NOTES:
# LAST OF SEVERAL OCCURRENCES

COLUMN 17 PEAK WIND IN M.P.H.

PRELIMINARY LOCAL CLIMATOLOGICAL DATA (WS FORM: F-6) , PAGE 2

                                          STATION:  New Century Air Center KS
                                          MONTH:    AUGUST
                                          YEAR:     2017
                                          LATITUDE:   38 49 N
                                          LONGITUDE:  94 54 W

[TEMPERATURE DATA]      [PRECIPITATION DATA]       SYMBOLS USED IN COLUMN 16

AVERAGE MONTHLY: 73.1   TOTAL FOR MONTH:   9.55    1 = FOG OR MIST
DPTR FM NORMAL:  -5.3   DPTR FM NORMAL:    7.22    2 = FOG REDUCING VISIBILITY
HIGHEST:    91 ON 19    GRTST 24HR  3.16 ON 21-21      TO 1/4 MILE OR LESS
LOWEST:     52 ON  4                               3 = THUNDER
                        SNOW, ICE PELLETS, HAIL    4 = ICE PELLETS
                        TOTAL MONTH:    M          5 = HAIL
                        GRTST 24HR    M  ON   M    6 = FREEZING RAIN OR DRIZZLE
                        GRTST DEPTH:  M  ON   M    7 = DUSTSTORM OR SANDSTORM:
                                                       VSBY 1/2 MILE OR LESS
                                                   8 = SMOKE OR HAZE
[NO. OF DAYS WITH]      [WEATHER - DAYS WITH]      9 = BLOWING SNOW
                                                   X = TORNADO
MAX 32 OR BELOW:   0    0.01 INCH OR MORE:   6
MAX 90 OR ABOVE:   1    0.10 INCH OR MORE:   5
MIN 32 OR BELOW:   0    0.50 INCH OR MORE:   4
MIN  0 OR BELOW:   0    1.00 INCH OR MORE:   4

[HDD (BASE 65) ]
TOTAL THIS MO.     3    CLEAR  (SCALE 0-3)  14
DPTR FM NORMAL     3    PTCLDY (SCALE 4-7)   6
TOTAL FM JUL 1     3    CLOUDY (SCALE 8-10)  2
DPTR FM NORMAL     3

[CDD (BASE 65) ]
TOTAL THIS MO.   187
DPTR FM NORMAL  -109    [PRESSURE DATA]
TOTAL FM JAN 1  1024    HIGHEST SLP  0.00 ON M
DPTR FM NORMAL   -62    LOWEST  SLP  0.00 ON M

[REMARKS]
