000
CXUS55 KEAX 280736
CF6IXD
PRELIMINARY LOCAL CLIMATOLOGICAL DATA (WS FORM: F-6)

                                          STATION:   New Century Air Center KS
                                          MONTH:     FEBRUARY
                                          YEAR:      2015
                                          LATITUDE:   38 49 N
                                          LONGITUDE:  94 54 W

  TEMPERATURE IN F:       :PCPN:    SNOW:  WIND      :SUNSHINE: SKY     :PK WND
================================================================================
1   2   3   4   5  6A  6B    7    8   9   10  11  12  13   14  15   16   17  18
                                     12Z  AVG MX 2MIN
DY MAX MIN AVG DEP HDD CDD  WTR  SNW DPTH SPD SPD DIR MIN PSBL S-S WX    SPD DR
================================================================================

 1  38  11  25  -6  40   0 0.31    M    M 16.9 33 310   M    M  10 1      43 310
 2  26   4  15 -16  50   0    T    M    M  9.8 22 330   M    M   1        27 320
 3  50  21  36   5  29   0 0.00    M    M 10.2 28 210   M    M   0        36 200
 4  34   7  21 -10  44   0    T    M    M 12.7 24  10   M    M   4 18     29 360
 5  29   4  17 -15  48   0 0.00    M    M  7.6 16 170   M    M   2 1      21 170
 6  54  25  40   8  25   0 0.00    M    M 13.8 26 220   M    M   0        34 220
 7  62  35  49  17  16   0 0.00    M    M 14.2 23 190   M    M   0 1      32 180
 8  66  41  54  22  11   0 0.00    M    M 11.8 23 320   M    M   0        29 320
 9  44  32  38   6  27   0 0.00    M    M  8.9 20 360   M    M   8 18     24 360
10  52  28  40   7  25   0 0.00    M    M  8.0 17 140   M    M   2        22 140
11  39  25  32  -1  33   0 0.00    M    M 13.2 28 350   M    M   5        34 350
12  30  11  21 -12  44   0 0.00    M    M 10.3 29 340   M    M   5        37 340
13  44  21  33  -1  32   0 0.00    M    M  6.9 14 290   M    M   2        23 290
14  42  17  30  -4  35   0 0.00    M    M 13.1 28 360   M    M   2        33  10
15  21  12  17 -17  48   0 0.12    M    M 12.1 20  70   M    M   6 1      24  70
16  23  11  17 -17  48   0 0.04    M    M  6.3 12 340   M    M   8 18     13 330
17  31  14  23 -12  42   0 0.04    M    M  8.9 22 310   M    M   7 128    27 300
18  20   7  14 -21  51   0 0.00    M    M 10.8 25 330   M    M   1        32 330
19  19   4  12 -23  53   0    T    M    M  6.1 15 130   M    M   5        17 120
20  37  13  25 -11  40   0 0.09    M    M  8.6 15 160   M    M   6 168    20 170
21  49  26  38   2  27   0 0.15    M    M  9.4 24 350   M    M   5 126    29 350
22  26  15  21 -15  44   0 0.00    M    M 16.2 25 360   M    M   5        33 360
23  23   8  16 -21  49   0 0.00    M    M  7.6 16  10   M    M   2        20  10
24  44  16  30  -7  35   0 0.00    M    M  9.8 21 220   M    M   0        26 220
25  52  19  36  -1  29   0    T    M    M 13.2 32 340   M    M   3 1      40 340
26  21   6  14 -24  51   0    T    M    M 18.8 31 350   M    M   3        37 360
27  20   1  11 -27  54   0 0.00    M    M  4.8 14 360   M    M   5        17  10
================================================================================
SM  996  434      1030   0  0.75    M    290.0          M       97
================================================================================
AV 36.9 16.1                              10.7 FASTST   M    M   4    MAX(MPH)
                                 MISC ---->  # 33 310               # 43  310
================================================================================
NOTES:
# LAST OF SEVERAL OCCURRENCES

COLUMN 17 PEAK WIND IN M.P.H.

PRELIMINARY LOCAL CLIMATOLOGICAL DATA (WS FORM: F-6) , PAGE 2

                                          STATION:  New Century Air Center KS
                                          MONTH:    FEBRUARY
                                          YEAR:     2015
                                          LATITUDE:   38 49 N
                                          LONGITUDE:  94 54 W

[TEMPERATURE DATA]      [PRECIPITATION DATA]       SYMBOLS USED IN COLUMN 16

AVERAGE MONTHLY: 26.5   TOTAL FOR MONTH:   0.75    1 = FOG OR MIST
DPTR FM NORMAL:  -7.6   DPTR FM NORMAL:   -0.75    2 = FOG REDUCING VISIBILITY
HIGHEST:    66 ON  8    GRTST 24HR  0.94 ON 31- 1      TO 1/4 MILE OR LESS
LOWEST:      1 ON 27                               3 = THUNDER
                        SNOW, ICE PELLETS, HAIL    4 = ICE PELLETS
                        TOTAL MONTH:    M          5 = HAIL
                        GRTST 24HR    M  ON   M    6 = FREEZING RAIN OR DRIZZLE
                        GRTST DEPTH:  M  ON   M    7 = DUSTSTORM OR SANDSTORM:
                                                       VSBY 1/2 MILE OR LESS
                                                   8 = SMOKE OR HAZE
[NO. OF DAYS WITH]      [WEATHER - DAYS WITH]      9 = BLOWING SNOW
                                                   X = TORNADO
MAX 32 OR BELOW:  12    0.01 INCH OR MORE:   6
MAX 90 OR ABOVE:   0    0.10 INCH OR MORE:   3
MIN 32 OR BELOW:  25    0.50 INCH OR MORE:   0
MIN  0 OR BELOW:   0    1.00 INCH OR MORE:   0

[HDD (BASE 65) ]
TOTAL THIS MO.  1030    CLEAR  (SCALE 0-3)  14
DPTR FM NORMAL   194    PTCLDY (SCALE 4-7)  11
TOTAL FM JUL 1  4101    CLOUDY (SCALE 8-10)  2
DPTR FM NORMAL   137

[CDD (BASE 65) ]
TOTAL THIS MO.     0
DPTR FM NORMAL     0    [PRESSURE DATA]
TOTAL FM JAN 1     0    HIGHEST SLP  0.00 ON M
DPTR FM NORMAL     0    LOWEST  SLP  0.00 ON M

[REMARKS]
