000
CXUS55 KEAX 310736
CF6IXD
PRELIMINARY LOCAL CLIMATOLOGICAL DATA (WS FORM: F-6)

                                          STATION:   New Century Air Center KS
                                          MONTH:     OCTOBER
                                          YEAR:      2014
                                          LATITUDE:   38 49 N
                                          LONGITUDE:  94 54 W

  TEMPERATURE IN F:       :PCPN:    SNOW:  WIND      :SUNSHINE: SKY     :PK WND
================================================================================
1   2   3   4   5  6A  6B    7    8   9   10  11  12  13   14  15   16   17  18
                                     12Z  AVG MX 2MIN
DY MAX MIN AVG DEP HDD CDD  WTR  SNW DPTH SPD SPD DIR MIN PSBL S-S WX    SPD DR
================================================================================

 1  80  66  73  11   0   8 1.20    M    M  8.5 21 160   M    M   7 138    27 160
 2  71  55  63   2   2   0 1.39    M    M 10.6 23 320   M    M   8 13     29 310
 3  55  41  48 -13  17   0 0.06    M    M 12.9 26 330   M    M   2 1      35 350
 4  59  37  48 -12  17   0 0.00    M    M  8.5 23 310   M    M   0        29 290
 5  74  43  59  -1   6   0 0.02    M    M  9.2 23 320   M    M   2        32 320
 6  74  50  62   2   3   0 0.10    M    M  8.4 23 270   M    M   2 1      32 270
 7  77  54  66   6   0   1 0.00    M    M  7.2 16 300   M    M   0        20 300
 8  76  48  62   3   3   0 0.00    M    M  6.6 13 110   M    M   2        16 110
 9  71  54  63   4   2   0 1.80    M    M 12.5 23  40   M    M   9 13     31  40
10  54  48  51  -7  14   0 0.20    M    M 11.5 20  40   M    M  10 1      27  40
11  63  41  52  -6  13   0 0.00    M    M  6.2 12  90   M    M   5        15  70
12  59  50  55  -3  10   0 0.00    M    M  7.8 15 170   M    M  10 1      20 150
13  58  51  55  -2  10   0 1.52    M    M 15.7 32 340   M    M  10 1      40 330
14  66  50  58   1   7   0    T    M    M 19.1 32 330   M    M   3        44 330
15  67  41  54  -3  11   0 0.00    M    M  7.8 17 300   M    M   0        20 310
16  79  43  61   5   4   0 0.00    M    M  8.4 20 170   M    M   0        27 170
17  66  46  56   0   9   0 0.00    M    M  9.1 20 330   M    M   0        25 310
18  62  40  51  -5  14   0 0.00    M    M  5.1 14 360   M    M   0        17 340
19  69  41  55   0  10   0 0.00    M    M  7.8 16 200   M    M   0 1      19 210
20  74  47  61   6   4   0 0.00    M    M  5.2 13  10   M    M   0 1      16  10
21  74  43  59   4   6   0 0.00    M    M  3.2  9 110   M    M   0        14 110
22  73  52  63   9   2   0 0.00    M    M 10.8 18 140   M    M   3        24 150
23  66  54  60   6   5   0 0.18    M    M  7.7 18 200   M    M   7 1      21 210
24  76  53  65  11   0   0 0.00    M    M  9.7 17 210   M    M   3 12     21 210
25  81  51  66  13   0   1 0.00    M    M  3.8  8 100   M    M   2 12     13 160
26  85  58  72  19   0   7 0.00    M    M 14.3 26 200   M    M   0 1      37 190
27  75  54  65  13   0   0 0.00    M    M 13.8 25 320   M    M   0 3      35 210
28  64  43  54   2  11   0    T    M    M  6.2 17 340   M    M   3        22 330
29  61  34  48  -4  17   0 0.00    M    M  4.6 10 360   M    M   0        15  10
30  68  45  57   6   8   0    T    M    M 12.5 25 330   M    M   1 3      31 330
================================================================================
SM 2077 1433       205  17  6.47    M    274.7          M       89
================================================================================
AV 69.2 47.8                               9.2 FASTST   M    M   3    MAX(MPH)
                                 MISC ---->  # 32 340               # 44  330
================================================================================
NOTES:
# LAST OF SEVERAL OCCURRENCES

COLUMN 17 PEAK WIND IN M.P.H.

PRELIMINARY LOCAL CLIMATOLOGICAL DATA (WS FORM: F-6) , PAGE 2

                                          STATION:  New Century Air Center KS
                                          MONTH:    OCTOBER
                                          YEAR:     2014
                                          LATITUDE:   38 49 N
                                          LONGITUDE:  94 54 W

[TEMPERATURE DATA]      [PRECIPITATION DATA]       SYMBOLS USED IN COLUMN 16

AVERAGE MONTHLY: 58.5   TOTAL FOR MONTH:   6.47    1 = FOG OR MIST
DPTR FM NORMAL:   2.0   DPTR FM NORMAL:    3.00    2 = FOG REDUCING VISIBILITY
HIGHEST:    85 ON 26    GRTST 24HR  2.45 ON  1- 2      TO 1/4 MILE OR LESS
LOWEST:     34 ON 29                               3 = THUNDER
                        SNOW, ICE PELLETS, HAIL    4 = ICE PELLETS
                        TOTAL MONTH:    M          5 = HAIL
                        GRTST 24HR    M  ON   M    6 = FREEZING RAIN OR DRIZZLE
                        GRTST DEPTH:  M  ON   M    7 = DUSTSTORM OR SANDSTORM:
                                                       VSBY 1/2 MILE OR LESS
                                                   8 = SMOKE OR HAZE
[NO. OF DAYS WITH]      [WEATHER - DAYS WITH]      9 = BLOWING SNOW
                                                   X = TORNADO
MAX 32 OR BELOW:   0    0.01 INCH OR MORE:   9
MAX 90 OR ABOVE:   0    0.10 INCH OR MORE:   7
MIN 32 OR BELOW:   0    0.50 INCH OR MORE:   4
MIN  0 OR BELOW:   0    1.00 INCH OR MORE:   4

[HDD (BASE 65) ]
TOTAL THIS MO.   205    CLEAR  (SCALE 0-3)  22
DPTR FM NORMAL   -74    PTCLDY (SCALE 4-7)   4
TOTAL FM JUL 1   265    CLOUDY (SCALE 8-10)  4
DPTR FM NORMAL   -74

[CDD (BASE 65) ]
TOTAL THIS MO.    17
DPTR FM NORMAL    -6    [PRESSURE DATA]
TOTAL FM JAN 1  1313    HIGHEST SLP  0.00 ON M
DPTR FM NORMAL   -38    LOWEST  SLP  0.00 ON M

[REMARKS]
