000
CXUS54 KJAN 241414
CF6JAN
PRELIMINARY LOCAL CLIMATOLOGICAL DATA (WS FORM: F-6)

                                          STATION:   JACKSON
                                          MONTH:     AUGUST
                                          YEAR:      2016
                                          LATITUDE:   32 19 N
                                          LONGITUDE:  90  5 W

  TEMPERATURE IN F:       :PCPN:    SNOW:  WIND      :SUNSHINE: SKY     :PK WND
================================================================================
1   2   3   4   5  6A  6B    7    8   9   10  11  12  13   14  15   16   17  18
                                     12Z  AVG MX 2MIN
DY MAX MIN AVG DEP HDD CDD  WTR  SNW DPTH SPD SPD DIR MIN PSBL S-S WX    SPD DR
================================================================================

 1  95  72  84   2   0  19 0.00  0.0    0  1.6  8 240   M    M   2 1      12 240
 2  97  77  87   5   0  22 0.00  0.0    0  4.5 12 330   M    M   2        16 310
 3  98  75  87   5   0  22 0.00  0.0    0  2.4 10 360   M    M   2        14 330
 4  99  75  87   5   0  22 0.56  0.0    0  4.6 23 130   M    M   3 13     28 130
 5  95  74  85   3   0  20 0.00  0.0    0  4.1 24  10   M    M   2 3      31 360
 6  96  74  85   3   0  20 2.43  0.0    0  4.2 31  20   M    M   3 13     37  20
 7  93  75  84   2   0  19 0.00  0.0    0  5.0 14  10   M    M   6 3      20 350
 8  92  75  84   2   0  19    T  0.0    0  4.9 15 340   M    M   5        23 360
 9  92  75  84   2   0  19 1.76  0.0    0  2.8 26  60   M    M   6 13     35  40
10  91  77  84   2   0  19    T  0.0    0  4.7 21  80   M    M   6 13     29  80
11  88  77  83   1   0  18 0.51  0.0    0  3.6 14 350   M    M   7 13     16 360
12  85  73  79  -3   0  14 0.43  0.0    0  9.1 20 140   M    M  10 1      26 140
13  85  74  80  -2   0  15 0.01  0.0    0 15.2 25 170   M    M   7 1      34 170
14  89  72  81  -1   0  16 0.02  0.0    0  9.6 20 230   M    M   5 13     29 190
15  91  76  84   2   0  19 0.04  0.0    0  9.1 18 170   M    M   6 13     24 180
16  90  74  82   0   0  17 0.01  0.0    0  5.7 22 190   M    M   5 3      28 200
17  92  72  82   1   0  17 0.00  0.0    0  4.4 15 340   M    M   3 3      19 330
18  93  73  83   2   0  18 0.37  0.0    0  3.1 23 180   M    M   3 13     29 180
19  89  75  82   1   0  17 0.87  0.0    0  4.6 18  90   M    M   4 13     20  90
20  90  74  82   1   0  17 0.11  0.0    0  6.9 18 260   M    M   3 13     26 260
21  91  75  83   2   0  18 0.00  0.0    0  4.6 12 340   M    M   4 3      16 330
22  93  74  84   3   0  19 1.36  0.0    0  1.5 14 310   M    M   3 13     16 310
23  93  74  84   3   0  19 0.00  0.0    0  2.8 13 190   M    M   3 38     18 190
================================================================================
SM 2117 1712         0 425  8.48     0.0 119.0          M      100
================================================================================
AV 92.0 74.4                               5.2 FASTST   M    M   4    MAX(MPH)
                                 MISC ---->  # 31  20               # 37   20
================================================================================
NOTES:
# LAST OF SEVERAL OCCURRENCES

COLUMN 17 PEAK WIND IN M.P.H.

PRELIMINARY LOCAL CLIMATOLOGICAL DATA (WS FORM: F-6) , PAGE 2

                                          STATION:  JACKSON
                                          MONTH:    AUGUST
                                          YEAR:     2016
                                          LATITUDE:   32 19 N
                                          LONGITUDE:  90  5 W

[TEMPERATURE DATA]      [PRECIPITATION DATA]       SYMBOLS USED IN COLUMN 16

AVERAGE MONTHLY: 83.2   TOTAL FOR MONTH:   8.48    1 = FOG OR MIST
DPTR FM NORMAL:   1.5   DPTR FM NORMAL:    5.14    2 = FOG REDUCING VISIBILITY
HIGHEST:    99 ON  4    GRTST 24HR  2.43 ON  6- 6      TO 1/4 MILE OR LESS
LOWEST:     72 ON 17,14                            3 = THUNDER
                        SNOW, ICE PELLETS, HAIL    4 = ICE PELLETS
                        TOTAL MONTH:   0.0 INCH    5 = HAIL
                        GRTST 24HR     0.0         6 = FREEZING RAIN OR DRIZZLE
                        GRTST DEPTH:   0           7 = DUSTSTORM OR SANDSTORM:
                                                       VSBY 1/2 MILE OR LESS
                                                   8 = SMOKE OR HAZE
[NO. OF DAYS WITH]      [WEATHER - DAYS WITH]      9 = BLOWING SNOW
                                                   X = TORNADO
MAX 32 OR BELOW:   0    0.01 INCH OR MORE:  13
MAX 90 OR ABOVE:  18    0.10 INCH OR MORE:   9
MIN 32 OR BELOW:   0    0.50 INCH OR MORE:   6
MIN  0 OR BELOW:   0    1.00 INCH OR MORE:   3

[HDD (BASE 65) ]
TOTAL THIS MO.     0    CLEAR  (SCALE 0-3)   8
DPTR FM NORMAL     0    PTCLDY (SCALE 4-7)  14
TOTAL FM JUL 1     0    CLOUDY (SCALE 8-10)  1
DPTR FM NORMAL     0

[CDD (BASE 65) ]
TOTAL THIS MO.   425
DPTR FM NORMAL    42    [PRESSURE DATA]
TOTAL FM JAN 1  1922    HIGHEST SLP M ON M
DPTR FM NORMAL   244    LOWEST  SLP 29.75 ON 12

[REMARKS]
