000
CXUS52 KJAX 170800
CF6JAX
PRELIMINARY LOCAL CLIMATOLOGICAL DATA (WS FORM: F-6)

                                          STATION:   JACKSONVILLE FL
                                          MONTH:     OCTOBER
                                          YEAR:      2017
                                          LATITUDE:   30 30 N
                                          LONGITUDE:  81 42 W

  TEMPERATURE IN F:       :PCPN:    SNOW:  WIND      :SUNSHINE: SKY     :PK WND
================================================================================
1   2   3   4   5  6A  6B    7    8   9   10  11  12  13   14  15   16   17  18
                                     12Z  AVG MX 2MIN
DY MAX MIN AVG DEP HDD CDD  WTR  SNW DPTH SPD SPD DIR MIN PSBL S-S WX    SPD DR
================================================================================

 1  77  70  74  -1   0   9 0.89  0.0    0 17.0 29  60   M    M  10 1      37  40
 2  83  71  77   3   0  12    T  0.0    0 12.0 23  70   M    M   7        33  90
 3  83  73  78   4   0  13    T  0.0    0 17.7 29  60   M    M   6        37  60
 4  85  71  78   4   0  13 0.48  0.0    0 15.2 30  60   M    M   6 18     36  60
 5  83  72  78   4   0  13 0.14  0.0    0 12.3 28  70   M    M   7 1      37  70
 6  87  74  81   8   0  16    T  0.0    0  8.2 17  70   M    M   7 1      21  60
 7  90  73  82   9   0  17 0.00  0.0    0  7.9 20 120   M    M   6 1      24 120
 8  90  76  83  10   0  18 0.52  0.0    0  9.6 21 250   M    M   8 13     27 250
 9  91  75  83  11   0  18 0.00  0.0    0  5.1 17 300   M    M   7 3      21 290
10  90  75  83  11   0  18 0.00  0.0    0  4.7 14  90   M    M   5        18 100
11  88  71  80   8   0  15 0.00  0.0    0  3.3 13 100   M    M   4 1      17 100
12  88  68  78   6   0  13 0.00  0.0    0  4.5 15  90   M    M   3 8      20 120
13  89  70  80   9   0  15 0.00  0.0    0  9.2 20  60   M    M   3        26  70
14  85  76  81  10   0  16 0.04  0.0    0  9.0 22  50   M    M   6 1      26  50
15  88  74  81  10   0  16 0.22  0.0    0  6.3 17  70   M    M   5 1      25  90
16  92  71  82  12   0  17 1.38  0.0    0  5.1 25  20   M    M   6 123    30  20
================================================================================
SM 1389 1160         0 239  3.67     0.0 147.1          M       96
================================================================================
AV 86.8 72.5                               9.2 FASTST   M    M   6    MAX(MPH)
                                 MISC ---->  # 30  60               # 37   40
================================================================================
NOTES:
# LAST OF SEVERAL OCCURRENCES

COLUMN 17 PEAK WIND IN M.P.H.

PRELIMINARY LOCAL CLIMATOLOGICAL DATA (WS FORM: F-6) , PAGE 2

                                          STATION:  JACKSONVILLE FL
                                          MONTH:    OCTOBER
                                          YEAR:     2017
                                          LATITUDE:   30 30 N
                                          LONGITUDE:  81 42 W

[TEMPERATURE DATA]      [PRECIPITATION DATA]       SYMBOLS USED IN COLUMN 16

AVERAGE MONTHLY: 79.7   TOTAL FOR MONTH:   3.67    1 = FOG OR MIST
DPTR FM NORMAL:   7.1   DPTR FM NORMAL:    1.02    2 = FOG REDUCING VISIBILITY
HIGHEST:    92 ON 16    GRTST 24HR  1.38 ON 16-16      TO 1/4 MILE OR LESS
LOWEST:     68 ON 12                               3 = THUNDER
                        SNOW, ICE PELLETS, HAIL    4 = ICE PELLETS
                        TOTAL MONTH:   0.0 INCH    5 = HAIL
                        GRTST 24HR     0.0         6 = FREEZING RAIN OR DRIZZLE
                        GRTST DEPTH:   0           7 = DUSTSTORM OR SANDSTORM:
                                                       VSBY 1/2 MILE OR LESS
                                                   8 = SMOKE OR HAZE
[NO. OF DAYS WITH]      [WEATHER - DAYS WITH]      9 = BLOWING SNOW
                                                   X = TORNADO
MAX 32 OR BELOW:   0    0.01 INCH OR MORE:   7
MAX 90 OR ABOVE:   5    0.10 INCH OR MORE:   6
MIN 32 OR BELOW:   0    0.50 INCH OR MORE:   3
MIN  0 OR BELOW:   0    1.00 INCH OR MORE:   1

[HDD (BASE 65) ]
TOTAL THIS MO.     0    CLEAR  (SCALE 0-3)   2
DPTR FM NORMAL    -4    PTCLDY (SCALE 4-7)  13
TOTAL FM JUL 1     0    CLOUDY (SCALE 8-10)  1
DPTR FM NORMAL    -4

[CDD (BASE 65) ]
TOTAL THIS MO.   239
DPTR FM NORMAL   111    [PRESSURE DATA]
TOTAL FM JAN 1  2865    HIGHEST SLP M ON M
DPTR FM NORMAL   351    LOWEST  SLP 29.86 ON  8

[REMARKS]
