000
CXUS52 KJAX 280800
CF6JAX
PRELIMINARY LOCAL CLIMATOLOGICAL DATA (WS FORM: F-6)

                                          STATION:   JACKSONVILLE FL
                                          MONTH:     JUNE
                                          YEAR:      2017
                                          LATITUDE:   30 30 N
                                          LONGITUDE:  81 42 W

  TEMPERATURE IN F:       :PCPN:    SNOW:  WIND      :SUNSHINE: SKY     :PK WND
================================================================================
1   2   3   4   5  6A  6B    7    8   9   10  11  12  13   14  15   16   17  18
                                     12Z  AVG MX 2MIN
DY MAX MIN AVG DEP HDD CDD  WTR  SNW DPTH SPD SPD DIR MIN PSBL S-S WX    SPD DR
================================================================================

 1  90  68  79   1   0  14 0.09  0.0    0  3.5 22 130   M    M   8 3      29 140
 2  88  70  79   1   0  14 1.32  0.0    0  3.2 18  30   M    M   8 13     21  30
 3  87  68  78   0   0  13 0.00  0.0    0  5.1 16 100   M    M   7 1      20 100
 4  87  70  79   1   0  14 0.00  0.0    0  6.7 17 120   M    M   8        22 120
 5  89  72  81   2   0  16 0.07  0.0    0  5.2 21 190   M    M   8 13     25 220
 6  78  72  75  -4   0  10 0.96  0.0    0  4.6 16 240   M    M   9 13     22 240
 7  80  71  76  -3   0  11 0.87  0.0    0  5.8 15 190   M    M   9 13     20 180
 8  76  63  70  -9   0   5 0.03  0.0    0  8.0 17  20   M    M   7 18     22  10
 9  83  60  72  -7   0   7 0.00  0.0    0  5.6 16 100   M    M   2        20 100
10  87  65  76  -3   0  11 0.00  0.0    0  8.0 18 110   M    M   6        23 100
11  88  74  81   1   0  16    T  0.0    0  6.5 15  80   M    M   8 3      20  70
12  85  72  79  -1   0  14 1.22  0.0    0  3.6 17  60   M    M   9 13     20  60
13  88  72  80   0   0  15 0.08  0.0    0  2.6 18  50   M    M   9 13     24  40
14  88  70  79  -1   0  14 0.29  0.0    0  3.1 15  40   M    M   7 13     20 300
15  89  71  80   0   0  15 0.33  0.0    0  6.6 30 160   M    M   8 13     42 150
16  83  71  77  -3   0  12 0.04  0.0    0  6.3 14 190   M    M   8 13     17 200
17  91  73  82   2   0  17 1.20  0.0    0  6.4 24 180   M    M   7 13     33 170
18  90  72  81   1   0  16 0.00  0.0    0  7.0 20 110   M    M   4        25 150
19  87  74  81   1   0  16 0.05  0.0    0  6.0 22 150   M    M   8 13     26 150
20  86  74  80  -1   0  15 0.22  0.0    0  7.3 23 140   M    M   9 1      30 130
21  92  74  83   2   0  18 1.78  0.0    0  7.5 28 260   M    M   9 13     35 260
22  92  73  83   2   0  18 0.01  0.0    0  6.2 16 230   M    M   7 13     21 220
23  93  75  84   3   0  19 0.00  0.0    0  7.2 14 140   M    M   5        18 180
24  94  74  84   3   0  19 0.00  0.0    0  5.7 16 250   M    M   3        21 250
25  95  74  85   4   0  20 0.00  0.0    0  7.0 20 310   M    M   6 3      24 300
26  91  74  83   2   0  18 1.76  0.0    0  5.2 25  40   M    M   8 1238   29  40
27  85  73  79  -2   0  14 0.63  0.0    0  3.9 16  80   M    M   9 123    19  80
================================================================================
SM 2362 1919         0 391 10.95     0.0 153.8          M      196
================================================================================
AV 87.5 71.1                               5.7 FASTST   M    M   7    MAX(MPH)
                                 MISC ---->  # 30 160               # 42  150
================================================================================
NOTES:
# LAST OF SEVERAL OCCURRENCES

COLUMN 17 PEAK WIND IN M.P.H.

PRELIMINARY LOCAL CLIMATOLOGICAL DATA (WS FORM: F-6) , PAGE 2

                                          STATION:  JACKSONVILLE FL
                                          MONTH:    JUNE
                                          YEAR:     2017
                                          LATITUDE:   30 30 N
                                          LONGITUDE:  81 42 W

[TEMPERATURE DATA]      [PRECIPITATION DATA]       SYMBOLS USED IN COLUMN 16

AVERAGE MONTHLY: 79.3   TOTAL FOR MONTH:  10.95    1 = FOG OR MIST
DPTR FM NORMAL:  -0.5   DPTR FM NORMAL:    5.21    2 = FOG REDUCING VISIBILITY
HIGHEST:    95 ON 25    GRTST 24HR  1.78 ON 21-21      TO 1/4 MILE OR LESS
LOWEST:     60 ON  9                               3 = THUNDER
                        SNOW, ICE PELLETS, HAIL    4 = ICE PELLETS
                        TOTAL MONTH:   0.0 INCH    5 = HAIL
                        GRTST 24HR     0.0         6 = FREEZING RAIN OR DRIZZLE
                        GRTST DEPTH:   0           7 = DUSTSTORM OR SANDSTORM:
                                                       VSBY 1/2 MILE OR LESS
                                                   8 = SMOKE OR HAZE
[NO. OF DAYS WITH]      [WEATHER - DAYS WITH]      9 = BLOWING SNOW
                                                   X = TORNADO
MAX 32 OR BELOW:   0    0.01 INCH OR MORE:  18
MAX 90 OR ABOVE:   9    0.10 INCH OR MORE:  11
MIN 32 OR BELOW:   0    0.50 INCH OR MORE:   8
MIN  0 OR BELOW:   0    1.00 INCH OR MORE:   5

[HDD (BASE 65) ]
TOTAL THIS MO.     0    CLEAR  (SCALE 0-3)   2
DPTR FM NORMAL     0    PTCLDY (SCALE 4-7)  17
TOTAL FM JUL 1   782    CLOUDY (SCALE 8-10)  8
DPTR FM NORMAL  -567

[CDD (BASE 65) ]
TOTAL THIS MO.   391
DPTR FM NORMAL    -8    [PRESSURE DATA]
TOTAL FM JAN 1  1047    HIGHEST SLP M ON M
DPTR FM NORMAL   164    LOWEST  SLP 29.64 ON  6

[REMARKS]
