000
CXUS54 KMEG 300637
CF6JBR
PRELIMINARY LOCAL CLIMATOLOGICAL DATA (WS FORM: F-6)

                                          STATION:   JONESBORO
                                          MONTH:     APRIL
                                          YEAR:      2017
                                          LATITUDE:   35 49 N
                                          LONGITUDE:  90 39 W

  TEMPERATURE IN F:       :PCPN:    SNOW:  WIND      :SUNSHINE: SKY     :PK WND
================================================================================
1   2   3   4   5  6A  6B    7    8   9   10  11  12  13   14  15   16   17  18
                                     12Z  AVG MX 2MIN
DY MAX MIN AVG DEP HDD CDD  WTR  SNW DPTH SPD SPD DIR MIN PSBL S-S WX    SPD DR
================================================================================

 1  59  47  53  -2  12   0 0.00  0.0    0 10.6 18  60   M    M   3        23  50
 2  73  50  62   6   3   0 0.43  0.0    0  9.4 35  80   M    M   2 13     43  80
 3  72  57  65   9   0   0 0.07  0.0    0 13.0 30 270   M    M   6 1      44 250
 4  80  49  65   9   0   0 0.00  0.0    0  5.4 16 150   M    M   0        20 160
 5  68  49  59   2   6   0 0.17  0.0    0 15.5 31 250   M    M   7 1      41 280
 6  66  45  56  -1   9   0 0.00  0.0    0 12.4 26 290   M    M   2        34 290
 7  66  42  54  -3  11   0 0.00  0.0    0  5.1 14 350   M    M   0        18 320
 8  76  40  58   0   7   0 0.00  0.0    0  9.4 21 210   M    M   0        26 200
 9  80  56  68  10   0   3 0.00  0.0    0 16.1 29 210   M    M   0        39 220
10  76  63  70  12   0   5 0.01  0.0    0 14.6 26 220   M    M   6        32 220
11  67  49  58   0   7   0 0.01  0.0    0  3.2 10 160   M    M   5        21 170
12  76  48  62   3   3   0 0.00  0.0    0  6.8 14 100   M    M   0 1      19 100
13  85  52  69  10   0   4 0.00  0.0    0  2.9 13 210   M    M   0        15 170
14  84  59  72  13   0   7 0.00  0.0    0  3.6 13 190   M    M   5        17 190
15  83  57  70  10   0   5 0.00  0.0    0 10.2 28 180   M    M   3        32 180
16  80  65  73  13   0   8 0.00  0.0    0 12.1 24 210   M    M   2        31 220
17  70  61  66   6   0   1 0.41  0.0    0  7.2 15  50   M    M   8 13     20  40
18  77  60  69   8   0   4 0.00  0.0    0  4.2 12 230   M    M   7 1      14 200
19  84  57  71  10   0   6    T  0.0    0  8.0 20 190   M    M   2 12     25 200
20  83  59  71  10   0   6 0.00  0.0    0  9.8 23 220   M    M   3        29 220
21  67  51  59  -3   6   0 0.24  0.0    0 13.2 25  60   M    M   9 13     35 310
22  54  48  51 -11  14   0 0.36  0.0    0 10.1 33 280   M    M  10 13     49 280
23  69  49  59  -3   6   0 0.02  0.0    0  9.1 21  30   M    M   3 1      30  40
24  75  49  62   0   3   0 0.00  0.0    0  4.6 10  10   M    M   0        15 340
25  81  51  66   3   0   1 0.00  0.0    0 11.3 25 200   M    M   0        32 170
26  77  52  65   2   0   0 2.09  0.0    0 12.9 26 170   M    M   9 13     33 180
27  65  50  58  -5   7   0 0.00  0.0    0  7.0 16 300   M    M   4        23 300
28  82  52  67   3   0   2    T  0.0    0  9.2 22 200   M    M   5        29 190
29  86  67  77  13   0  12    M  0.0    0 16.1 40 210   M    M   6 13     55 210
================================================================================
SM 2161 1534        94  64  3.81     0.0 273.0          M      107
================================================================================
AV 74.5 52.9                               9.4 FASTST   M    M   4    MAX(MPH)
                                 MISC ---->  # 40 210               # 55  210
================================================================================
NOTES:
# LAST OF SEVERAL OCCURRENCES

COLUMN 17 PEAK WIND IN M.P.H.

PRELIMINARY LOCAL CLIMATOLOGICAL DATA (WS FORM: F-6) , PAGE 2

                                          STATION:  JONESBORO
                                          MONTH:    APRIL
                                          YEAR:     2017
                                          LATITUDE:   35 49 N
                                          LONGITUDE:  90 39 W

[TEMPERATURE DATA]      [PRECIPITATION DATA]       SYMBOLS USED IN COLUMN 16

AVERAGE MONTHLY: 63.7   TOTAL FOR MONTH:   3.81    1 = FOG OR MIST
DPTR FM NORMAL:   4.0   DPTR FM NORMAL:   -1.00    2 = FOG REDUCING VISIBILITY
HIGHEST:    86 ON 29    GRTST 24HR  2.09 ON 26-26      TO 1/4 MILE OR LESS
LOWEST:     40 ON  8                               3 = THUNDER
                        SNOW, ICE PELLETS, HAIL    4 = ICE PELLETS
                        TOTAL MONTH:   0.0 INCH    5 = HAIL
                        GRTST 24HR     0.0         6 = FREEZING RAIN OR DRIZZLE
                        GRTST DEPTH:   0           7 = DUSTSTORM OR SANDSTORM:
                                                       VSBY 1/2 MILE OR LESS
                                                   8 = SMOKE OR HAZE
[NO. OF DAYS WITH]      [WEATHER - DAYS WITH]      9 = BLOWING SNOW
                                                   X = TORNADO
MAX 32 OR BELOW:   0    0.01 INCH OR MORE:  10
MAX 90 OR ABOVE:   0    0.10 INCH OR MORE:   6
MIN 32 OR BELOW:   0    0.50 INCH OR MORE:   1
MIN  0 OR BELOW:   0    1.00 INCH OR MORE:   1

[HDD (BASE 65) ]
TOTAL THIS MO.    94    CLEAR  (SCALE 0-3)  16
DPTR FM NORMAL   -99    PTCLDY (SCALE 4-7)  10
TOTAL FM JUL 1  2591    CLOUDY (SCALE 8-10)  3
DPTR FM NORMAL -1022

[CDD (BASE 65) ]
TOTAL THIS MO.    64
DPTR FM NORMAL    25    [PRESSURE DATA]
TOTAL FM JAN 1    74    HIGHEST SLP M ON M
DPTR FM NORMAL    29    LOWEST  SLP 29.45 ON 26

[REMARKS]
