000
CXUS54 KSJT 250900
CF6JCT
PRELIMINARY LOCAL CLIMATOLOGICAL DATA (WS FORM: F-6)

                                          STATION:   JUNCTION
                                          MONTH:     DECEMBER
                                          YEAR:      2014
                                          LATITUDE:   30 18 N
                                          LONGITUDE:  99 28 W

  TEMPERATURE IN F:       :PCPN:    SNOW:  WIND      :SUNSHINE: SKY     :PK WND
================================================================================
1   2   3   4   5  6A  6B    7    8   9   10  11  12  13   14  15   16   17  18
                                     12Z  AVG MX 2MIN
DY MAX MIN AVG DEP HDD CDD  WTR  SNW DPTH SPD SPD DIR MIN PSBL S-S WX    SPD DR
================================================================================

 1  62  36  49  -1  16   0    T  0.0    0  9.4 23  10   M    M  10        28  10
 2  57  37  47  -3  18   0 0.00  0.0    0  4.4 12 190   M    M  10        15 190
 3  66  51  59   9   6   0 0.00  0.0    0  7.4 23 210   M    M  10 1      28 210
 4  71  59  65  16   0   0 0.00  0.0    0  6.1 20 170   M    M   9        24 160
 5  78  50  64  15   1   0 0.00  0.0    0  3.9 16 250   M    M   5        22 240
 6  68  43  56   7   9   0 0.00  0.0    0  5.6 15  70   M    M   3 1      19  60
 7  58  38  48   0  17   0    T  0.0    0  4.4 13  70   M    M   7        15  60
 8  70  39  55   7  10   0 0.00  0.0    0  2.9 12 330   M    M   3 12     14 320
 9  71  37  54   6  11   0 0.00  0.0    0  2.5  9 160   M    M   2 1      13 220
10  63  51  57   9   8   0    T  0.0    0  2.6 18 180   M    M   9        22 180
11  61  57  59  11   6   0 0.10  0.0    0  3.3  9 160   M    M  10 1      11 240
12  67  56  62  15   3   0    T  0.0    0  4.1 15 200   M    M   8 1      20 200
13  70  57  64  17   1   0 0.00  0.0    0  6.7 20 170   M    M   7        25 170
14  71  54  63  16   2   0    T  0.0    0  9.2 20 200   M    M   5 1      26 210
15  69  39  54   7  11   0 0.00  0.0    0  5.2 15 330   M    M   1 12     20 340
16  61  30  46  -1  19   0 0.00  0.0    0  5.7 16  70   M    M   4        22  90
17  55  48  52   6  13   0 0.02  0.0    0  5.0 14 120   M    M  10 1      17 120
18  69  52  61  15   4   0 0.00  0.0    0  3.7 17  60   M    M   7 1      21  60
19  56  43  50   4  15   0 0.13  0.0    0  6.6 16  60   M    M   7 13     20  70
20  56  42  49   3  16   0 0.00  0.0    0  5.1 14  80   M    M   8 1      17  70
21  56  47  52   6  13   0 0.00  0.0    0  7.9 17 210   M    M   9 1      22 220
22  75  51  63  17   2   0 0.00  0.0    0  6.4 14 270   M    M   4        19 260
23  55  38  47   1  18   0 0.21  0.0    0  9.0 20 340   M    M   7 1      26 360
24  54  28  41  -5  24   0 0.00  0.0    0  8.6 25 330   M    M   3        33 330
================================================================================
SM 1539 1083       243   0  0.46     0.0 135.7          M      158
================================================================================
AV 64.1 45.1                               5.7 FASTST   M    M   7    MAX(MPH)
                                 MISC ---->  # 25 330               # 33  330
================================================================================
NOTES:
# LAST OF SEVERAL OCCURRENCES

COLUMN 17 PEAK WIND IN M.P.H.

PRELIMINARY LOCAL CLIMATOLOGICAL DATA (WS FORM: F-6) , PAGE 2

                                          STATION:  JUNCTION
                                          MONTH:    DECEMBER
                                          YEAR:     2014
                                          LATITUDE:   30 18 N
                                          LONGITUDE:  99 28 W

[TEMPERATURE DATA]      [PRECIPITATION DATA]       SYMBOLS USED IN COLUMN 16

AVERAGE MONTHLY: 54.6   TOTAL FOR MONTH:   0.46    1 = FOG OR MIST
DPTR FM NORMAL:   7.1   DPTR FM NORMAL:   -0.56    2 = FOG REDUCING VISIBILITY
HIGHEST:    78 ON  5    GRTST 24HR  0.21 ON 22-23      TO 1/4 MILE OR LESS
LOWEST:     28 ON 24                               3 = THUNDER
                        SNOW, ICE PELLETS, HAIL    4 = ICE PELLETS
                        TOTAL MONTH:   0.0 INCH    5 = HAIL
                        GRTST 24HR     0.0         6 = FREEZING RAIN OR DRIZZLE
                        GRTST DEPTH:   0           7 = DUSTSTORM OR SANDSTORM:
                                                       VSBY 1/2 MILE OR LESS
                                                   8 = SMOKE OR HAZE
[NO. OF DAYS WITH]      [WEATHER - DAYS WITH]      9 = BLOWING SNOW
                                                   X = TORNADO
MAX 32 OR BELOW:   0    0.01 INCH OR MORE:   4
MAX 90 OR ABOVE:   0    0.10 INCH OR MORE:   3
MIN 32 OR BELOW:   2    0.50 INCH OR MORE:   0
MIN  0 OR BELOW:   0    1.00 INCH OR MORE:   0

[HDD (BASE 65) ]
TOTAL THIS MO.   243    CLEAR  (SCALE 0-3)   4
DPTR FM NORMAL  -179    PTCLDY (SCALE 4-7)  11
TOTAL FM JUL 1   629    CLOUDY (SCALE 8-10)  9
DPTR FM NORMAL  -174

[CDD (BASE 65) ]
TOTAL THIS MO.     0
DPTR FM NORMAL     0    [PRESSURE DATA]
TOTAL FM JAN 1  2720    HIGHEST SLP M ON M
DPTR FM NORMAL   318    LOWEST  SLP 29.57 ON 22

[REMARKS]
